{"id":110,"date":"2022-02-11T18:41:05","date_gmt":"2022-02-11T17:41:05","guid":{"rendered":"https:\/\/gambinieditore.studiozerocinque.it\/prodotto\/sotto-la-ruggine\/"},"modified":"2022-02-11T18:41:05","modified_gmt":"2022-02-11T17:41:05","slug":"sotto-la-ruggine","status":"publish","type":"product","link":"https:\/\/gambinieditore.studiozerocinque.it\/?product=sotto-la-ruggine","title":{"rendered":"Sotto la ruggine"},"content":{"rendered":"<p>Che cosa si sar\u00e0 messa in testa quella vecchia e sporca citt\u00e0?.Non ci vorr\u00e0 mica venire a raccontare delle storie? Proprio lei, poi, che \u00e8 sempre vissuta all&#8217;ombra delle ciminiere&#8230;Ma siccome tutti dicono che era una citt\u00e0 d&#8217;acciaio, mentre oggi \u00e8 un po&#8217; arrugginita, improvvisamente le \u00e8 venuta voglia di parlare.<\/p>\n<p> \u00c8, come dice il sottotitolo, una piccola guida di una citt\u00e0 industriale in tre storie, che cercano di restituire unanima alle radici dacciaio di una citt\u00e0 speciale. Una citt\u00e0 che, nel Novecento, ha vissuto storie uniche e straordinarie. Come quelle della primissima industrializzazione a cavallo tra XIX e XX secolo, con protagonisti giovani immigrati, donne operaie, agitatori politici, avventurieri. Oppure di poeti indigeni che non sopportavano i cambiamenti e linquinamento e cercavano di allontanarsi dalla citt\u00e0, o di farla tornare come era prima. Infine, facendo sempre ricorso ad una narrazione collettiva, Sotto la ruggine racconta le storie della seconda guerra mondiale e dellimmediato dopoguerra fino ai licenziamenti del 53, cercando di entrare nellanimo dei personaggi e  solo attraverso di loro &#8211; in quello dei fatti e dei luoghi.<\/p>\n<p>Un libro, dunque, che mescola cronaca e fantasia, cercando di ricomporre cos\u00ec una mappa narrante della citt\u00e0. I tre racconti di Sotto la Ruggine sintitolano: Con lanima di fuori, ovvero la storia di Emma e Gildo, Le strade che portano via, ovvero la storia di Fulvio e Anastasio, La bicicletta del celerino, ovvero la storia di Spartaco.<\/p>\n","protected":false},"excerpt":{"rendered":"<p>Che cosa si sar\u00e0\u00a0 messa in testa quella vecchia e sporca citt\u00e0? Non ci vorr\u00e0\u00a0 mica venire a raccontare delle storie? Proprio lei, poi, che \u00e9 sempre vissuta all&#8217;ombra delle ciminiere&#8230;Ma siccome tutti dicono che era una citt\u00e0\u00a0 d&#8217;acciaio, mentre oggi \u00e9 un po&#8217; arrugginita, improvvisamente le \u00e9 venuta voglia di parlare.<\/p>\n","protected":false},"featured_media":109,"comment_status":"open","ping_status":"closed","template":"","meta":[],"product_brand":[],"product_cat":[18],"product_tag":[],"class_list":{"0":"post-110","1":"product","2":"type-product","3":"status-publish","4":"has-post-thumbnail","6":"product_cat-libri","8":"first","9":"instock","10":"shipping-taxable","11":"purchasable","12":"product-type-simple"},"yoast_head":"<!-- This site is optimized with the Yoast SEO plugin v25.9 - https:\/\/yoast.com\/wordpress\/plugins\/seo\/ -->\n<title>Sotto la ruggine - Gambini Editore<\/title>\n<meta name=\"robots\" content=\"noindex, follow, max-snippet:-1, max-image-preview:large, max-video-preview:-1\" \/>\n<meta property=\"og:locale\" content=\"it_IT\" \/>\n<meta property=\"og:type\" content=\"article\" \/>\n<meta property=\"og:title\" content=\"Sotto la ruggine - Gambini Editore\" \/>\n<meta property=\"og:description\" content=\"Che cosa si sar\u00e0\u00a0 messa in testa quella vecchia e sporca citt\u00e0? Non ci vorr\u00e0\u00a0 mica venire a raccontare delle storie? Proprio lei, poi, che \u00e9 sempre vissuta all&#039;ombra delle ciminiere...Ma siccome tutti dicono che era una citt\u00e0\u00a0 d&#039;acciaio, mentre oggi \u00e9 un po&#039; arrugginita, improvvisamente le \u00e9 venuta voglia di parlare.\" \/>\n<meta property=\"og:url\" content=\"https:\/\/gambinieditore.studiozerocinque.it\/?product=sotto-la-ruggine\" \/>\n<meta property=\"og:site_name\" content=\"Gambini Editore\" \/>\n<meta property=\"og:image\" content=\"https:\/\/gambinieditore.studiozerocinque.it\/wp-content\/uploads\/2022\/02\/64-Sotto-la-ruggine.jpg\" \/>\n\t<meta property=\"og:image:width\" content=\"517\" \/>\n\t<meta property=\"og:image:height\" content=\"720\" \/>\n\t<meta property=\"og:image:type\" content=\"image\/jpeg\" \/>\n<meta name=\"twitter:card\" content=\"summary_large_image\" \/>\n<meta name=\"twitter:label1\" content=\"Tempo di lettura stimato\" \/>\n\t<meta name=\"twitter:data1\" content=\"1 minuto\" \/>\n<script type=\"application\/ld+json\" class=\"yoast-schema-graph\">{\"@context\":\"https:\/\/schema.org\",\"@graph\":[{\"@type\":\"WebPage\",\"@id\":\"https:\/\/gambinieditore.studiozerocinque.it\/?product=sotto-la-ruggine\",\"url\":\"https:\/\/gambinieditore.studiozerocinque.it\/?product=sotto-la-ruggine\",\"name\":\"Sotto la ruggine - Gambini Editore\",\"isPartOf\":{\"@id\":\"https:\/\/gambinieditore.studiozerocinque.it\/#website\"},\"primaryImageOfPage\":{\"@id\":\"https:\/\/gambinieditore.studiozerocinque.it\/?product=sotto-la-ruggine#primaryimage\"},\"image\":{\"@id\":\"https:\/\/gambinieditore.studiozerocinque.it\/?product=sotto-la-ruggine#primaryimage\"},\"thumbnailUrl\":\"https:\/\/gambinieditore.studiozerocinque.it\/wp-content\/uploads\/2022\/02\/64-Sotto-la-ruggine.jpg\",\"datePublished\":\"2022-02-11T17:41:05+00:00\",\"breadcrumb\":{\"@id\":\"https:\/\/gambinieditore.studiozerocinque.it\/?product=sotto-la-ruggine#breadcrumb\"},\"inLanguage\":\"it-IT\",\"potentialAction\":[{\"@type\":\"ReadAction\",\"target\":[\"https:\/\/gambinieditore.studiozerocinque.it\/?product=sotto-la-ruggine\"]}]},{\"@type\":\"ImageObject\",\"inLanguage\":\"it-IT\",\"@id\":\"https:\/\/gambinieditore.studiozerocinque.it\/?product=sotto-la-ruggine#primaryimage\",\"url\":\"https:\/\/gambinieditore.studiozerocinque.it\/wp-content\/uploads\/2022\/02\/64-Sotto-la-ruggine.jpg\",\"contentUrl\":\"https:\/\/gambinieditore.studiozerocinque.it\/wp-content\/uploads\/2022\/02\/64-Sotto-la-ruggine.jpg\",\"width\":517,\"height\":720,\"caption\":\"Sotto la ruggine\"},{\"@type\":\"BreadcrumbList\",\"@id\":\"https:\/\/gambinieditore.studiozerocinque.it\/?product=sotto-la-ruggine#breadcrumb\",\"itemListElement\":[{\"@type\":\"ListItem\",\"position\":1,\"name\":\"Home\",\"item\":\"https:\/\/gambinieditore.studiozerocinque.it\/\"},{\"@type\":\"ListItem\",\"position\":2,\"name\":\"Catalogo\",\"item\":\"https:\/\/gambinieditore.studiozerocinque.it\/?page_id=7\"},{\"@type\":\"ListItem\",\"position\":3,\"name\":\"Sotto la ruggine\"}]},{\"@type\":\"WebSite\",\"@id\":\"https:\/\/gambinieditore.studiozerocinque.it\/#website\",\"url\":\"https:\/\/gambinieditore.studiozerocinque.it\/\",\"name\":\"Gambini Editore\",\"description\":\"\",\"potentialAction\":[{\"@type\":\"SearchAction\",\"target\":{\"@type\":\"EntryPoint\",\"urlTemplate\":\"https:\/\/gambinieditore.studiozerocinque.it\/?s={search_term_string}\"},\"query-input\":{\"@type\":\"PropertyValueSpecification\",\"valueRequired\":true,\"valueName\":\"search_term_string\"}}],\"inLanguage\":\"it-IT\"}]}<\/script>\n<!-- \/ Yoast SEO plugin. -->","yoast_head_json":{"title":"Sotto la ruggine - Gambini Editore","robots":{"index":"noindex","follow":"follow","max-snippet":"max-snippet:-1","max-image-preview":"max-image-preview:large","max-video-preview":"max-video-preview:-1"},"og_locale":"it_IT","og_type":"article","og_title":"Sotto la ruggine - Gambini Editore","og_description":"Che cosa si sar\u00e0\u00a0 messa in testa quella vecchia e sporca citt\u00e0? Non ci vorr\u00e0\u00a0 mica venire a raccontare delle storie? Proprio lei, poi, che \u00e9 sempre vissuta all'ombra delle ciminiere...Ma siccome tutti dicono che era una citt\u00e0\u00a0 d'acciaio, mentre oggi \u00e9 un po' arrugginita, improvvisamente le \u00e9 venuta voglia di parlare.","og_url":"https:\/\/gambinieditore.studiozerocinque.it\/?product=sotto-la-ruggine","og_site_name":"Gambini Editore","og_image":[{"width":517,"height":720,"url":"https:\/\/gambinieditore.studiozerocinque.it\/wp-content\/uploads\/2022\/02\/64-Sotto-la-ruggine.jpg","type":"image\/jpeg"}],"twitter_card":"summary_large_image","twitter_misc":{"Tempo di lettura stimato":"1 minuto"},"schema":{"@context":"https:\/\/schema.org","@graph":[{"@type":"WebPage","@id":"https:\/\/gambinieditore.studiozerocinque.it\/?product=sotto-la-ruggine","url":"https:\/\/gambinieditore.studiozerocinque.it\/?product=sotto-la-ruggine","name":"Sotto la ruggine - Gambini Editore","isPartOf":{"@id":"https:\/\/gambinieditore.studiozerocinque.it\/#website"},"primaryImageOfPage":{"@id":"https:\/\/gambinieditore.studiozerocinque.it\/?product=sotto-la-ruggine#primaryimage"},"image":{"@id":"https:\/\/gambinieditore.studiozerocinque.it\/?product=sotto-la-ruggine#primaryimage"},"thumbnailUrl":"https:\/\/gambinieditore.studiozerocinque.it\/wp-content\/uploads\/2022\/02\/64-Sotto-la-ruggine.jpg","datePublished":"2022-02-11T17:41:05+00:00","breadcrumb":{"@id":"https:\/\/gambinieditore.studiozerocinque.it\/?product=sotto-la-ruggine#breadcrumb"},"inLanguage":"it-IT","potentialAction":[{"@type":"ReadAction","target":["https:\/\/gambinieditore.studiozerocinque.it\/?product=sotto-la-ruggine"]}]},{"@type":"ImageObject","inLanguage":"it-IT","@id":"https:\/\/gambinieditore.studiozerocinque.it\/?product=sotto-la-ruggine#primaryimage","url":"https:\/\/gambinieditore.studiozerocinque.it\/wp-content\/uploads\/2022\/02\/64-Sotto-la-ruggine.jpg","contentUrl":"https:\/\/gambinieditore.studiozerocinque.it\/wp-content\/uploads\/2022\/02\/64-Sotto-la-ruggine.jpg","width":517,"height":720,"caption":"Sotto la ruggine"},{"@type":"BreadcrumbList","@id":"https:\/\/gambinieditore.studiozerocinque.it\/?product=sotto-la-ruggine#breadcrumb","itemListElement":[{"@type":"ListItem","position":1,"name":"Home","item":"https:\/\/gambinieditore.studiozerocinque.it\/"},{"@type":"ListItem","position":2,"name":"Catalogo","item":"https:\/\/gambinieditore.studiozerocinque.it\/?page_id=7"},{"@type":"ListItem","position":3,"name":"Sotto la ruggine"}]},{"@type":"WebSite","@id":"https:\/\/gambinieditore.studiozerocinque.it\/#website","url":"https:\/\/gambinieditore.studiozerocinque.it\/","name":"Gambini Editore","description":"","potentialAction":[{"@type":"SearchAction","target":{"@type":"EntryPoint","urlTemplate":"https:\/\/gambinieditore.studiozerocinque.it\/?s={search_term_string}"},"query-input":{"@type":"PropertyValueSpecification","valueRequired":true,"valueName":"search_term_string"}}],"inLanguage":"it-IT"}]}},"_links":{"self":[{"href":"https:\/\/gambinieditore.studiozerocinque.it\/index.php?rest_route=\/wp\/v2\/product\/110","targetHints":{"allow":["GET"]}}],"collection":[{"href":"https:\/\/gambinieditore.studiozerocinque.it\/index.php?rest_route=\/wp\/v2\/product"}],"about":[{"href":"https:\/\/gambinieditore.studiozerocinque.it\/index.php?rest_route=\/wp\/v2\/types\/product"}],"replies":[{"embeddable":true,"href":"https:\/\/gambinieditore.studiozerocinque.it\/index.php?rest_route=%2Fwp%2Fv2%2Fcomments&post=110"}],"wp:featuredmedia":[{"embeddable":true,"href":"https:\/\/gambinieditore.studiozerocinque.it\/index.php?rest_route=\/wp\/v2\/media\/109"}],"wp:attachment":[{"href":"https:\/\/gambinieditore.studiozerocinque.it\/index.php?rest_route=%2Fwp%2Fv2%2Fmedia&parent=110"}],"wp:term":[{"taxonomy":"product_brand","embeddable":true,"href":"https:\/\/gambinieditore.studiozerocinque.it\/index.php?rest_route=%2Fwp%2Fv2%2Fproduct_brand&post=110"},{"taxonomy":"product_cat","embeddable":true,"href":"https:\/\/gambinieditore.studiozerocinque.it\/index.php?rest_route=%2Fwp%2Fv2%2Fproduct_cat&post=110"},{"taxonomy":"product_tag","embeddable":true,"href":"https:\/\/gambinieditore.studiozerocinque.it\/index.php?rest_route=%2Fwp%2Fv2%2Fproduct_tag&post=110"}],"curies":[{"name":"wp","href":"https:\/\/api.w.org\/{rel}","templated":true}]}}