{"id":1380,"date":"2024-11-13T09:26:27","date_gmt":"2024-11-13T08:26:27","guid":{"rendered":"https:\/\/gambinieditore.studiozerocinque.it\/saggistica\/transilvania-di-radu-matei-todoran"},"modified":"2024-11-13T09:26:27","modified_gmt":"2024-11-13T08:26:27","slug":"transilvania-di-radu-matei-todoran","status":"publish","type":"product","link":"https:\/\/gambinieditore.studiozerocinque.it\/?product=transilvania-di-radu-matei-todoran","title":{"rendered":"Transilvania di Radu Matei Todoran"},"content":{"rendered":"<p style=\"margin:0px;font-style:normal;font-size:13px;line-height:normal;font-family:'Helvetica Neue';\">Se le croci della Transilvania potessero parlare, racconterebbero una lunga e sentita storia di dolore, sofferenze e lacrime, di potere e ricerca della libert\u00e0. Paesaggi, luoghi e sentieri divenuti leggendari pur essendo rimasti parte della terra benedetta sulla quale il piede dell\u2019uomo pu\u00f2 ancora poggiare, saranno l\u2019immagine fondamentale che si former\u00e0 limpida come acqua di ruscello nelle menti di chi percorrer\u00e0 queste pagine. In questo volume di prosa corta, l\u2019autore far\u00e0 trasmutare il dolore in speranza affinch\u00e9 il lettore possa immergersi nelle torbide acque della storia transilvana. Radu Matei Todoran esporr\u00e0 appassionatamente i racconti dei personaggi che troveranno risposte anche nel mondo del soprannaturale. Le fate, i solomonari-maghi, i santi del luogo, gente coraggiosa in lotta contro la peste e briganti spietati e cruenti, intrecceranno le loro storie con quelle degli avventurieri seguaci delle teorie alchimiste, in viaggio sulla goletta che attraversa l\u2019oceano per raggiungere il Mondo Nuovo. Una lettura che vi terr\u00e0 incollati alle pagine, un\u2019esperienza indimenticabile che lascer\u00e0 un segno indelebile nei cuori degli impavidi lettori che si cimenteranno in questa avventurosa impresa.<\/p>\n<p style=\"margin:0px;font-style:normal;font-size:13px;line-height:normal;font-family:'Helvetica Neue';\">Roxana Lazar<\/p>\n","protected":false},"excerpt":{"rendered":"<p>Lacrime e croci<\/p>\n","protected":false},"featured_media":1379,"comment_status":"open","ping_status":"closed","template":"","meta":[],"product_brand":[],"product_cat":[17,18,24,59],"product_tag":[],"class_list":{"0":"post-1380","1":"product","2":"type-product","3":"status-publish","4":"has-post-thumbnail","6":"product_cat-catalogo","7":"product_cat-libri","8":"product_cat-novita","9":"product_cat-saggistica","11":"first","12":"instock","13":"shipping-taxable","14":"purchasable","15":"product-type-simple"},"yoast_head":"<!-- This site is optimized with the Yoast SEO plugin v25.9 - https:\/\/yoast.com\/wordpress\/plugins\/seo\/ -->\n<title>Transilvania di Radu Matei Todoran - Gambini Editore<\/title>\n<meta name=\"robots\" content=\"noindex, follow, max-snippet:-1, max-image-preview:large, max-video-preview:-1\" \/>\n<meta property=\"og:locale\" content=\"it_IT\" \/>\n<meta property=\"og:type\" content=\"article\" \/>\n<meta property=\"og:title\" content=\"Transilvania di Radu Matei Todoran - Gambini Editore\" \/>\n<meta property=\"og:description\" content=\"Lacrime e croci\" \/>\n<meta property=\"og:url\" content=\"https:\/\/gambinieditore.studiozerocinque.it\/?product=transilvania-di-radu-matei-todoran\" \/>\n<meta property=\"og:site_name\" content=\"Gambini Editore\" \/>\n<meta property=\"og:image\" content=\"https:\/\/gambinieditore.studiozerocinque.it\/wp-content\/uploads\/2024\/11\/451-Transilvania-di-Radu-Matei-Todoran.jpg\" \/>\n\t<meta property=\"og:image:width\" content=\"1708\" \/>\n\t<meta property=\"og:image:height\" content=\"2420\" \/>\n\t<meta property=\"og:image:type\" content=\"image\/jpeg\" \/>\n<meta name=\"twitter:card\" content=\"summary_large_image\" \/>\n<meta name=\"twitter:label1\" content=\"Tempo di lettura stimato\" \/>\n\t<meta name=\"twitter:data1\" content=\"1 minuto\" \/>\n<script type=\"application\/ld+json\" class=\"yoast-schema-graph\">{\"@context\":\"https:\/\/schema.org\",\"@graph\":[{\"@type\":\"WebPage\",\"@id\":\"https:\/\/gambinieditore.studiozerocinque.it\/?product=transilvania-di-radu-matei-todoran\",\"url\":\"https:\/\/gambinieditore.studiozerocinque.it\/?product=transilvania-di-radu-matei-todoran\",\"name\":\"Transilvania di Radu Matei Todoran - Gambini Editore\",\"isPartOf\":{\"@id\":\"https:\/\/gambinieditore.studiozerocinque.it\/#website\"},\"primaryImageOfPage\":{\"@id\":\"https:\/\/gambinieditore.studiozerocinque.it\/?product=transilvania-di-radu-matei-todoran#primaryimage\"},\"image\":{\"@id\":\"https:\/\/gambinieditore.studiozerocinque.it\/?product=transilvania-di-radu-matei-todoran#primaryimage\"},\"thumbnailUrl\":\"https:\/\/gambinieditore.studiozerocinque.it\/wp-content\/uploads\/2024\/11\/451-Transilvania-di-Radu-Matei-Todoran.jpg\",\"datePublished\":\"2024-11-13T08:26:27+00:00\",\"breadcrumb\":{\"@id\":\"https:\/\/gambinieditore.studiozerocinque.it\/?product=transilvania-di-radu-matei-todoran#breadcrumb\"},\"inLanguage\":\"it-IT\",\"potentialAction\":[{\"@type\":\"ReadAction\",\"target\":[\"https:\/\/gambinieditore.studiozerocinque.it\/?product=transilvania-di-radu-matei-todoran\"]}]},{\"@type\":\"ImageObject\",\"inLanguage\":\"it-IT\",\"@id\":\"https:\/\/gambinieditore.studiozerocinque.it\/?product=transilvania-di-radu-matei-todoran#primaryimage\",\"url\":\"https:\/\/gambinieditore.studiozerocinque.it\/wp-content\/uploads\/2024\/11\/451-Transilvania-di-Radu-Matei-Todoran.jpg\",\"contentUrl\":\"https:\/\/gambinieditore.studiozerocinque.it\/wp-content\/uploads\/2024\/11\/451-Transilvania-di-Radu-Matei-Todoran.jpg\",\"width\":1708,\"height\":2420,\"caption\":\"Transilvania di Radu Matei Todoran\"},{\"@type\":\"BreadcrumbList\",\"@id\":\"https:\/\/gambinieditore.studiozerocinque.it\/?product=transilvania-di-radu-matei-todoran#breadcrumb\",\"itemListElement\":[{\"@type\":\"ListItem\",\"position\":1,\"name\":\"Home\",\"item\":\"https:\/\/gambinieditore.studiozerocinque.it\/\"},{\"@type\":\"ListItem\",\"position\":2,\"name\":\"Catalogo\",\"item\":\"https:\/\/gambinieditore.studiozerocinque.it\/?page_id=7\"},{\"@type\":\"ListItem\",\"position\":3,\"name\":\"Transilvania di Radu Matei Todoran\"}]},{\"@type\":\"WebSite\",\"@id\":\"https:\/\/gambinieditore.studiozerocinque.it\/#website\",\"url\":\"https:\/\/gambinieditore.studiozerocinque.it\/\",\"name\":\"Gambini Editore\",\"description\":\"\",\"potentialAction\":[{\"@type\":\"SearchAction\",\"target\":{\"@type\":\"EntryPoint\",\"urlTemplate\":\"https:\/\/gambinieditore.studiozerocinque.it\/?s={search_term_string}\"},\"query-input\":{\"@type\":\"PropertyValueSpecification\",\"valueRequired\":true,\"valueName\":\"search_term_string\"}}],\"inLanguage\":\"it-IT\"}]}<\/script>\n<!-- \/ Yoast SEO plugin. -->","yoast_head_json":{"title":"Transilvania di Radu Matei Todoran - Gambini Editore","robots":{"index":"noindex","follow":"follow","max-snippet":"max-snippet:-1","max-image-preview":"max-image-preview:large","max-video-preview":"max-video-preview:-1"},"og_locale":"it_IT","og_type":"article","og_title":"Transilvania di Radu Matei Todoran - Gambini Editore","og_description":"Lacrime e croci","og_url":"https:\/\/gambinieditore.studiozerocinque.it\/?product=transilvania-di-radu-matei-todoran","og_site_name":"Gambini Editore","og_image":[{"width":1708,"height":2420,"url":"https:\/\/gambinieditore.studiozerocinque.it\/wp-content\/uploads\/2024\/11\/451-Transilvania-di-Radu-Matei-Todoran.jpg","type":"image\/jpeg"}],"twitter_card":"summary_large_image","twitter_misc":{"Tempo di lettura stimato":"1 minuto"},"schema":{"@context":"https:\/\/schema.org","@graph":[{"@type":"WebPage","@id":"https:\/\/gambinieditore.studiozerocinque.it\/?product=transilvania-di-radu-matei-todoran","url":"https:\/\/gambinieditore.studiozerocinque.it\/?product=transilvania-di-radu-matei-todoran","name":"Transilvania di Radu Matei Todoran - Gambini Editore","isPartOf":{"@id":"https:\/\/gambinieditore.studiozerocinque.it\/#website"},"primaryImageOfPage":{"@id":"https:\/\/gambinieditore.studiozerocinque.it\/?product=transilvania-di-radu-matei-todoran#primaryimage"},"image":{"@id":"https:\/\/gambinieditore.studiozerocinque.it\/?product=transilvania-di-radu-matei-todoran#primaryimage"},"thumbnailUrl":"https:\/\/gambinieditore.studiozerocinque.it\/wp-content\/uploads\/2024\/11\/451-Transilvania-di-Radu-Matei-Todoran.jpg","datePublished":"2024-11-13T08:26:27+00:00","breadcrumb":{"@id":"https:\/\/gambinieditore.studiozerocinque.it\/?product=transilvania-di-radu-matei-todoran#breadcrumb"},"inLanguage":"it-IT","potentialAction":[{"@type":"ReadAction","target":["https:\/\/gambinieditore.studiozerocinque.it\/?product=transilvania-di-radu-matei-todoran"]}]},{"@type":"ImageObject","inLanguage":"it-IT","@id":"https:\/\/gambinieditore.studiozerocinque.it\/?product=transilvania-di-radu-matei-todoran#primaryimage","url":"https:\/\/gambinieditore.studiozerocinque.it\/wp-content\/uploads\/2024\/11\/451-Transilvania-di-Radu-Matei-Todoran.jpg","contentUrl":"https:\/\/gambinieditore.studiozerocinque.it\/wp-content\/uploads\/2024\/11\/451-Transilvania-di-Radu-Matei-Todoran.jpg","width":1708,"height":2420,"caption":"Transilvania di Radu Matei Todoran"},{"@type":"BreadcrumbList","@id":"https:\/\/gambinieditore.studiozerocinque.it\/?product=transilvania-di-radu-matei-todoran#breadcrumb","itemListElement":[{"@type":"ListItem","position":1,"name":"Home","item":"https:\/\/gambinieditore.studiozerocinque.it\/"},{"@type":"ListItem","position":2,"name":"Catalogo","item":"https:\/\/gambinieditore.studiozerocinque.it\/?page_id=7"},{"@type":"ListItem","position":3,"name":"Transilvania di Radu Matei Todoran"}]},{"@type":"WebSite","@id":"https:\/\/gambinieditore.studiozerocinque.it\/#website","url":"https:\/\/gambinieditore.studiozerocinque.it\/","name":"Gambini Editore","description":"","potentialAction":[{"@type":"SearchAction","target":{"@type":"EntryPoint","urlTemplate":"https:\/\/gambinieditore.studiozerocinque.it\/?s={search_term_string}"},"query-input":{"@type":"PropertyValueSpecification","valueRequired":true,"valueName":"search_term_string"}}],"inLanguage":"it-IT"}]}},"_links":{"self":[{"href":"https:\/\/gambinieditore.studiozerocinque.it\/index.php?rest_route=\/wp\/v2\/product\/1380","targetHints":{"allow":["GET"]}}],"collection":[{"href":"https:\/\/gambinieditore.studiozerocinque.it\/index.php?rest_route=\/wp\/v2\/product"}],"about":[{"href":"https:\/\/gambinieditore.studiozerocinque.it\/index.php?rest_route=\/wp\/v2\/types\/product"}],"replies":[{"embeddable":true,"href":"https:\/\/gambinieditore.studiozerocinque.it\/index.php?rest_route=%2Fwp%2Fv2%2Fcomments&post=1380"}],"wp:featuredmedia":[{"embeddable":true,"href":"https:\/\/gambinieditore.studiozerocinque.it\/index.php?rest_route=\/wp\/v2\/media\/1379"}],"wp:attachment":[{"href":"https:\/\/gambinieditore.studiozerocinque.it\/index.php?rest_route=%2Fwp%2Fv2%2Fmedia&parent=1380"}],"wp:term":[{"taxonomy":"product_brand","embeddable":true,"href":"https:\/\/gambinieditore.studiozerocinque.it\/index.php?rest_route=%2Fwp%2Fv2%2Fproduct_brand&post=1380"},{"taxonomy":"product_cat","embeddable":true,"href":"https:\/\/gambinieditore.studiozerocinque.it\/index.php?rest_route=%2Fwp%2Fv2%2Fproduct_cat&post=1380"},{"taxonomy":"product_tag","embeddable":true,"href":"https:\/\/gambinieditore.studiozerocinque.it\/index.php?rest_route=%2Fwp%2Fv2%2Fproduct_tag&post=1380"}],"curies":[{"name":"wp","href":"https:\/\/api.w.org\/{rel}","templated":true}]}}