{"id":1388,"date":"2024-12-23T14:18:34","date_gmt":"2024-12-23T13:18:34","guid":{"rendered":"https:\/\/gambinieditore.studiozerocinque.it\/saggistica\/vivere-di-giuseppe-gabriele"},"modified":"2024-12-23T14:18:34","modified_gmt":"2024-12-23T13:18:34","slug":"vivere-di-giuseppe-gabriele","status":"publish","type":"product","link":"https:\/\/gambinieditore.studiozerocinque.it\/?product=vivere-di-giuseppe-gabriele","title":{"rendered":"VIVERE di Giuseppe Gabriele"},"content":{"rendered":"<p>Il futuro del III millennio consisterebbe, nell\u2019esempio fornito dall\u2019Africa, nel convivere con sufficienti disponibilit\u00e0 di cibo, di istruzione, e di sanit\u00e0 in attesa della pace mondiale, quando si realizzer\u00e0 la meccanizzazione dell\u2019agricoltura africana, la nascita dei nativi ITALIANI e di quelli AMERICANI e la Cina popolare si decider\u00e0 a sponsorizzare la cooperazione internazionale con la libert\u00e0 di pensiero e la libert\u00e0 di movimento. Nella Terra, unico pianeta finora popolato, esistono: lo Stato pi\u00f9 antico, coeso e autorevole senza libert\u00e0 di movimento e libert\u00e0 di pensiero, la Cina; una comunit\u00e0 senza identit\u00e0 biologica, gli USA; una coalizione di 27 Stati, con fantasia e bellezze panoramiche l\u2019UE; un centro contrario al rispetto delle relazioni internazionali con licenza di uccidere, la Russia euroasiatica. Gli abitanti della Terra possono VIVERE potenziando il corpo con Nutrizione adeguata, con Istruzione estesa al massimo per il potenziamento della mente, con Sanit\u00e0 generale pubblica per la difesa del corpo e della mente.<\/p>\n<p>Il futuro esiste anche sulla Terra, bisogna afferrarlo.<\/p>\n","protected":false},"excerpt":{"rendered":"<p>Il futuro del XXI secolo: VIVERE, non solo partecipare<\/p>\n","protected":false},"featured_media":1387,"comment_status":"open","ping_status":"closed","template":"","meta":[],"product_brand":[],"product_cat":[17,18,24,59],"product_tag":[],"class_list":{"0":"post-1388","1":"product","2":"type-product","3":"status-publish","4":"has-post-thumbnail","6":"product_cat-catalogo","7":"product_cat-libri","8":"product_cat-novita","9":"product_cat-saggistica","11":"first","12":"instock","13":"shipping-taxable","14":"purchasable","15":"product-type-simple"},"yoast_head":"<!-- This site is optimized with the Yoast SEO plugin v25.9 - https:\/\/yoast.com\/wordpress\/plugins\/seo\/ -->\n<title>VIVERE di Giuseppe Gabriele - Gambini Editore<\/title>\n<meta name=\"robots\" content=\"noindex, follow, max-snippet:-1, max-image-preview:large, max-video-preview:-1\" \/>\n<meta property=\"og:locale\" content=\"it_IT\" \/>\n<meta property=\"og:type\" content=\"article\" \/>\n<meta property=\"og:title\" content=\"VIVERE di Giuseppe Gabriele - Gambini Editore\" \/>\n<meta property=\"og:description\" content=\"Il futuro del XXI secolo: VIVERE, non solo partecipare\" \/>\n<meta property=\"og:url\" content=\"https:\/\/gambinieditore.studiozerocinque.it\/?product=vivere-di-giuseppe-gabriele\" \/>\n<meta property=\"og:site_name\" content=\"Gambini Editore\" \/>\n<meta property=\"og:image\" content=\"https:\/\/gambinieditore.studiozerocinque.it\/wp-content\/uploads\/2024\/12\/461-VIVERE-di-Giuseppe-Gabriele.jpg\" \/>\n\t<meta property=\"og:image:width\" content=\"1712\" \/>\n\t<meta property=\"og:image:height\" content=\"2421\" \/>\n\t<meta property=\"og:image:type\" content=\"image\/jpeg\" \/>\n<meta name=\"twitter:card\" content=\"summary_large_image\" \/>\n<meta name=\"twitter:label1\" content=\"Tempo di lettura stimato\" \/>\n\t<meta name=\"twitter:data1\" content=\"1 minuto\" \/>\n<script type=\"application\/ld+json\" class=\"yoast-schema-graph\">{\"@context\":\"https:\/\/schema.org\",\"@graph\":[{\"@type\":\"WebPage\",\"@id\":\"https:\/\/gambinieditore.studiozerocinque.it\/?product=vivere-di-giuseppe-gabriele\",\"url\":\"https:\/\/gambinieditore.studiozerocinque.it\/?product=vivere-di-giuseppe-gabriele\",\"name\":\"VIVERE di Giuseppe Gabriele - Gambini Editore\",\"isPartOf\":{\"@id\":\"https:\/\/gambinieditore.studiozerocinque.it\/#website\"},\"primaryImageOfPage\":{\"@id\":\"https:\/\/gambinieditore.studiozerocinque.it\/?product=vivere-di-giuseppe-gabriele#primaryimage\"},\"image\":{\"@id\":\"https:\/\/gambinieditore.studiozerocinque.it\/?product=vivere-di-giuseppe-gabriele#primaryimage\"},\"thumbnailUrl\":\"https:\/\/gambinieditore.studiozerocinque.it\/wp-content\/uploads\/2024\/12\/461-VIVERE-di-Giuseppe-Gabriele.jpg\",\"datePublished\":\"2024-12-23T13:18:34+00:00\",\"breadcrumb\":{\"@id\":\"https:\/\/gambinieditore.studiozerocinque.it\/?product=vivere-di-giuseppe-gabriele#breadcrumb\"},\"inLanguage\":\"it-IT\",\"potentialAction\":[{\"@type\":\"ReadAction\",\"target\":[\"https:\/\/gambinieditore.studiozerocinque.it\/?product=vivere-di-giuseppe-gabriele\"]}]},{\"@type\":\"ImageObject\",\"inLanguage\":\"it-IT\",\"@id\":\"https:\/\/gambinieditore.studiozerocinque.it\/?product=vivere-di-giuseppe-gabriele#primaryimage\",\"url\":\"https:\/\/gambinieditore.studiozerocinque.it\/wp-content\/uploads\/2024\/12\/461-VIVERE-di-Giuseppe-Gabriele.jpg\",\"contentUrl\":\"https:\/\/gambinieditore.studiozerocinque.it\/wp-content\/uploads\/2024\/12\/461-VIVERE-di-Giuseppe-Gabriele.jpg\",\"width\":1712,\"height\":2421,\"caption\":\"VIVERE di Giuseppe Gabriele\"},{\"@type\":\"BreadcrumbList\",\"@id\":\"https:\/\/gambinieditore.studiozerocinque.it\/?product=vivere-di-giuseppe-gabriele#breadcrumb\",\"itemListElement\":[{\"@type\":\"ListItem\",\"position\":1,\"name\":\"Home\",\"item\":\"https:\/\/gambinieditore.studiozerocinque.it\/\"},{\"@type\":\"ListItem\",\"position\":2,\"name\":\"Catalogo\",\"item\":\"https:\/\/gambinieditore.studiozerocinque.it\/?page_id=7\"},{\"@type\":\"ListItem\",\"position\":3,\"name\":\"VIVERE di Giuseppe Gabriele\"}]},{\"@type\":\"WebSite\",\"@id\":\"https:\/\/gambinieditore.studiozerocinque.it\/#website\",\"url\":\"https:\/\/gambinieditore.studiozerocinque.it\/\",\"name\":\"Gambini Editore\",\"description\":\"\",\"potentialAction\":[{\"@type\":\"SearchAction\",\"target\":{\"@type\":\"EntryPoint\",\"urlTemplate\":\"https:\/\/gambinieditore.studiozerocinque.it\/?s={search_term_string}\"},\"query-input\":{\"@type\":\"PropertyValueSpecification\",\"valueRequired\":true,\"valueName\":\"search_term_string\"}}],\"inLanguage\":\"it-IT\"}]}<\/script>\n<!-- \/ Yoast SEO plugin. -->","yoast_head_json":{"title":"VIVERE di Giuseppe Gabriele - Gambini Editore","robots":{"index":"noindex","follow":"follow","max-snippet":"max-snippet:-1","max-image-preview":"max-image-preview:large","max-video-preview":"max-video-preview:-1"},"og_locale":"it_IT","og_type":"article","og_title":"VIVERE di Giuseppe Gabriele - Gambini Editore","og_description":"Il futuro del XXI secolo: VIVERE, non solo partecipare","og_url":"https:\/\/gambinieditore.studiozerocinque.it\/?product=vivere-di-giuseppe-gabriele","og_site_name":"Gambini Editore","og_image":[{"width":1712,"height":2421,"url":"https:\/\/gambinieditore.studiozerocinque.it\/wp-content\/uploads\/2024\/12\/461-VIVERE-di-Giuseppe-Gabriele.jpg","type":"image\/jpeg"}],"twitter_card":"summary_large_image","twitter_misc":{"Tempo di lettura stimato":"1 minuto"},"schema":{"@context":"https:\/\/schema.org","@graph":[{"@type":"WebPage","@id":"https:\/\/gambinieditore.studiozerocinque.it\/?product=vivere-di-giuseppe-gabriele","url":"https:\/\/gambinieditore.studiozerocinque.it\/?product=vivere-di-giuseppe-gabriele","name":"VIVERE di Giuseppe Gabriele - Gambini Editore","isPartOf":{"@id":"https:\/\/gambinieditore.studiozerocinque.it\/#website"},"primaryImageOfPage":{"@id":"https:\/\/gambinieditore.studiozerocinque.it\/?product=vivere-di-giuseppe-gabriele#primaryimage"},"image":{"@id":"https:\/\/gambinieditore.studiozerocinque.it\/?product=vivere-di-giuseppe-gabriele#primaryimage"},"thumbnailUrl":"https:\/\/gambinieditore.studiozerocinque.it\/wp-content\/uploads\/2024\/12\/461-VIVERE-di-Giuseppe-Gabriele.jpg","datePublished":"2024-12-23T13:18:34+00:00","breadcrumb":{"@id":"https:\/\/gambinieditore.studiozerocinque.it\/?product=vivere-di-giuseppe-gabriele#breadcrumb"},"inLanguage":"it-IT","potentialAction":[{"@type":"ReadAction","target":["https:\/\/gambinieditore.studiozerocinque.it\/?product=vivere-di-giuseppe-gabriele"]}]},{"@type":"ImageObject","inLanguage":"it-IT","@id":"https:\/\/gambinieditore.studiozerocinque.it\/?product=vivere-di-giuseppe-gabriele#primaryimage","url":"https:\/\/gambinieditore.studiozerocinque.it\/wp-content\/uploads\/2024\/12\/461-VIVERE-di-Giuseppe-Gabriele.jpg","contentUrl":"https:\/\/gambinieditore.studiozerocinque.it\/wp-content\/uploads\/2024\/12\/461-VIVERE-di-Giuseppe-Gabriele.jpg","width":1712,"height":2421,"caption":"VIVERE di Giuseppe Gabriele"},{"@type":"BreadcrumbList","@id":"https:\/\/gambinieditore.studiozerocinque.it\/?product=vivere-di-giuseppe-gabriele#breadcrumb","itemListElement":[{"@type":"ListItem","position":1,"name":"Home","item":"https:\/\/gambinieditore.studiozerocinque.it\/"},{"@type":"ListItem","position":2,"name":"Catalogo","item":"https:\/\/gambinieditore.studiozerocinque.it\/?page_id=7"},{"@type":"ListItem","position":3,"name":"VIVERE di Giuseppe Gabriele"}]},{"@type":"WebSite","@id":"https:\/\/gambinieditore.studiozerocinque.it\/#website","url":"https:\/\/gambinieditore.studiozerocinque.it\/","name":"Gambini Editore","description":"","potentialAction":[{"@type":"SearchAction","target":{"@type":"EntryPoint","urlTemplate":"https:\/\/gambinieditore.studiozerocinque.it\/?s={search_term_string}"},"query-input":{"@type":"PropertyValueSpecification","valueRequired":true,"valueName":"search_term_string"}}],"inLanguage":"it-IT"}]}},"_links":{"self":[{"href":"https:\/\/gambinieditore.studiozerocinque.it\/index.php?rest_route=\/wp\/v2\/product\/1388","targetHints":{"allow":["GET"]}}],"collection":[{"href":"https:\/\/gambinieditore.studiozerocinque.it\/index.php?rest_route=\/wp\/v2\/product"}],"about":[{"href":"https:\/\/gambinieditore.studiozerocinque.it\/index.php?rest_route=\/wp\/v2\/types\/product"}],"replies":[{"embeddable":true,"href":"https:\/\/gambinieditore.studiozerocinque.it\/index.php?rest_route=%2Fwp%2Fv2%2Fcomments&post=1388"}],"wp:featuredmedia":[{"embeddable":true,"href":"https:\/\/gambinieditore.studiozerocinque.it\/index.php?rest_route=\/wp\/v2\/media\/1387"}],"wp:attachment":[{"href":"https:\/\/gambinieditore.studiozerocinque.it\/index.php?rest_route=%2Fwp%2Fv2%2Fmedia&parent=1388"}],"wp:term":[{"taxonomy":"product_brand","embeddable":true,"href":"https:\/\/gambinieditore.studiozerocinque.it\/index.php?rest_route=%2Fwp%2Fv2%2Fproduct_brand&post=1388"},{"taxonomy":"product_cat","embeddable":true,"href":"https:\/\/gambinieditore.studiozerocinque.it\/index.php?rest_route=%2Fwp%2Fv2%2Fproduct_cat&post=1388"},{"taxonomy":"product_tag","embeddable":true,"href":"https:\/\/gambinieditore.studiozerocinque.it\/index.php?rest_route=%2Fwp%2Fv2%2Fproduct_tag&post=1388"}],"curies":[{"name":"wp","href":"https:\/\/api.w.org\/{rel}","templated":true}]}}