{"id":1418,"date":"2025-06-17T18:52:55","date_gmt":"2025-06-17T16:52:55","guid":{"rendered":"https:\/\/gambinieditore.studiozerocinque.it\/narrativa-italiana\/nellarmadio-a-cura-di-elisabetta-putini"},"modified":"2025-06-17T18:52:55","modified_gmt":"2025-06-17T16:52:55","slug":"nellarmadio-a-cura-di-elisabetta-putini","status":"publish","type":"product","link":"https:\/\/gambinieditore.studiozerocinque.it\/?product=nellarmadio-a-cura-di-elisabetta-putini","title":{"rendered":"Nell\u2019armadio a cura di Elisabetta Putini"},"content":{"rendered":"<p style=\"margin:0px;font-style:normal;font-size:10.5px;line-height:normal;font-family:'Times New Roman';color:#414241;\"><span>Chiss\u00e0 perch\u00e9 un mobile cos\u00ec diffuso della casa, comune a <\/span>moltissime culture e alle tradizioni pi\u00f9 disparate, in Italia nasconde nel suo nome (che deriva dal latino armarium) il significato di <span>\u201ccontenitore di armi\u201d?<\/span><\/p>\n<p style=\"margin:0px;font-style:normal;font-size:10.5px;line-height:normal;font-family:'Times New Roman';color:#414241;\"><span>Nonostante l\u2019inquietante etimologia, questo mobile racchiude <\/span>significati simbolici profondi che lo collegano alla nostra psiche. Rappresenta un simbolo materno, un utero che contiene e protegge. E\u2019 una \u2018madre\u2019 che custodisce parti di noi, il luogo sicuro della nostra privacy e il compagno della nostra identit\u00e0 o almeno di ci\u00f2 che vogliamo mostrare della nostra identit\u00e0. Ma \u00e8 anche un contenitore di desideri, di emozioni e di memoria, come di sogni e di segreti. <span>Anch\u2019essi spesso inquietanti. <\/span>Carico di tutte queste responsabilit\u00e0, l\u2019armadio si presta a diventare una metafora della vita, della famiglia, ma anche un nascondiglio, una via di fuga, come ci raccontano certi armadi di antichi palazzi nobiliari, che celavano nel fondale una porta aperta verso l\u2019esterno.<\/p>\n<p style=\"margin:0px;font-style:normal;font-size:10.5px;line-height:normal;font-family:'Times New Roman';color:#414241;\"><span>Attraversando alcune di queste riflessioni o proponendone di nuove, <\/span><span>i numerosi racconti che sono arrivati in concorso al Premio Lugnano <\/span>hanno dato dell\u2019armadio &#8211; tema indicato quest\u2019anno per gli inediti &#8211; diverse e fantasiose modalit\u00e0 di lettura. Ma in tutta questa fioritura di storie abbiamo dovuto restringere il campo ai racconti finalisti e semifinalisti raccolti in questa <span>pubblicazione. Cos\u00ec tra le ante socchiuse di uno strategico punto di <\/span><span>osservazione si svelano al lettore segreti, parenti-serpenti, famiglie <\/span>disfunzionali, ricordi, fughe, nascondigli, dolori, abbandoni. Quanto non rivelato mai nel corso di un\u2019intera vita (neanche in punto di <span>morte!) lo pu\u00f2 testimoniare inaspettatamente un armadio. Basta <\/span>aprirlo e saperlo osservare.<\/p>\n<p><span>\u00a0<\/span><\/p>\n","protected":false},"excerpt":{"rendered":"<p>Racconti finalisti e semifinalisti XI Edizione Premio Letterario Citt\u00e0 di Lugnano<\/p>\n","protected":false},"featured_media":1417,"comment_status":"open","ping_status":"closed","template":"","meta":[],"product_brand":[],"product_cat":[17,25,23,24],"product_tag":[],"class_list":{"0":"post-1418","1":"product","2":"type-product","3":"status-publish","4":"has-post-thumbnail","6":"product_cat-catalogo","7":"product_cat-narrativa-italiana","8":"product_cat-fuori-collana","9":"product_cat-novita","11":"first","12":"instock","13":"shipping-taxable","14":"purchasable","15":"product-type-simple"},"yoast_head":"<!-- This site is optimized with the Yoast SEO plugin v25.9 - https:\/\/yoast.com\/wordpress\/plugins\/seo\/ -->\n<title>Nell\u2019armadio a cura di Elisabetta Putini - Gambini Editore<\/title>\n<meta name=\"robots\" content=\"noindex, follow, max-snippet:-1, max-image-preview:large, max-video-preview:-1\" \/>\n<meta property=\"og:locale\" content=\"it_IT\" \/>\n<meta property=\"og:type\" content=\"article\" \/>\n<meta property=\"og:title\" content=\"Nell\u2019armadio a cura di Elisabetta Putini - Gambini Editore\" \/>\n<meta property=\"og:description\" content=\"Racconti finalisti e semifinalisti XI Edizione Premio Letterario Citt\u00e0 di Lugnano\" \/>\n<meta property=\"og:url\" content=\"https:\/\/gambinieditore.studiozerocinque.it\/?product=nellarmadio-a-cura-di-elisabetta-putini\" \/>\n<meta property=\"og:site_name\" content=\"Gambini Editore\" \/>\n<meta property=\"og:image\" content=\"https:\/\/gambinieditore.studiozerocinque.it\/wp-content\/uploads\/2025\/06\/494-Nellarmadio-a-cura-di-Elisabetta-Putini.jpg\" \/>\n\t<meta property=\"og:image:width\" content=\"1678\" \/>\n\t<meta property=\"og:image:height\" content=\"2472\" \/>\n\t<meta property=\"og:image:type\" content=\"image\/jpeg\" \/>\n<meta name=\"twitter:card\" content=\"summary_large_image\" \/>\n<meta name=\"twitter:label1\" content=\"Tempo di lettura stimato\" \/>\n\t<meta name=\"twitter:data1\" content=\"1 minuto\" \/>\n<script type=\"application\/ld+json\" class=\"yoast-schema-graph\">{\"@context\":\"https:\/\/schema.org\",\"@graph\":[{\"@type\":\"WebPage\",\"@id\":\"https:\/\/gambinieditore.studiozerocinque.it\/?product=nellarmadio-a-cura-di-elisabetta-putini\",\"url\":\"https:\/\/gambinieditore.studiozerocinque.it\/?product=nellarmadio-a-cura-di-elisabetta-putini\",\"name\":\"Nell\u2019armadio a cura di Elisabetta Putini - Gambini Editore\",\"isPartOf\":{\"@id\":\"https:\/\/gambinieditore.studiozerocinque.it\/#website\"},\"primaryImageOfPage\":{\"@id\":\"https:\/\/gambinieditore.studiozerocinque.it\/?product=nellarmadio-a-cura-di-elisabetta-putini#primaryimage\"},\"image\":{\"@id\":\"https:\/\/gambinieditore.studiozerocinque.it\/?product=nellarmadio-a-cura-di-elisabetta-putini#primaryimage\"},\"thumbnailUrl\":\"https:\/\/gambinieditore.studiozerocinque.it\/wp-content\/uploads\/2025\/06\/494-Nellarmadio-a-cura-di-Elisabetta-Putini.jpg\",\"datePublished\":\"2025-06-17T16:52:55+00:00\",\"breadcrumb\":{\"@id\":\"https:\/\/gambinieditore.studiozerocinque.it\/?product=nellarmadio-a-cura-di-elisabetta-putini#breadcrumb\"},\"inLanguage\":\"it-IT\",\"potentialAction\":[{\"@type\":\"ReadAction\",\"target\":[\"https:\/\/gambinieditore.studiozerocinque.it\/?product=nellarmadio-a-cura-di-elisabetta-putini\"]}]},{\"@type\":\"ImageObject\",\"inLanguage\":\"it-IT\",\"@id\":\"https:\/\/gambinieditore.studiozerocinque.it\/?product=nellarmadio-a-cura-di-elisabetta-putini#primaryimage\",\"url\":\"https:\/\/gambinieditore.studiozerocinque.it\/wp-content\/uploads\/2025\/06\/494-Nellarmadio-a-cura-di-Elisabetta-Putini.jpg\",\"contentUrl\":\"https:\/\/gambinieditore.studiozerocinque.it\/wp-content\/uploads\/2025\/06\/494-Nellarmadio-a-cura-di-Elisabetta-Putini.jpg\",\"width\":1678,\"height\":2472,\"caption\":\"Nell\u2019armadio a cura di Elisabetta Putini\"},{\"@type\":\"BreadcrumbList\",\"@id\":\"https:\/\/gambinieditore.studiozerocinque.it\/?product=nellarmadio-a-cura-di-elisabetta-putini#breadcrumb\",\"itemListElement\":[{\"@type\":\"ListItem\",\"position\":1,\"name\":\"Home\",\"item\":\"https:\/\/gambinieditore.studiozerocinque.it\/\"},{\"@type\":\"ListItem\",\"position\":2,\"name\":\"Catalogo\",\"item\":\"https:\/\/gambinieditore.studiozerocinque.it\/?page_id=7\"},{\"@type\":\"ListItem\",\"position\":3,\"name\":\"Nell\u2019armadio a cura di Elisabetta Putini\"}]},{\"@type\":\"WebSite\",\"@id\":\"https:\/\/gambinieditore.studiozerocinque.it\/#website\",\"url\":\"https:\/\/gambinieditore.studiozerocinque.it\/\",\"name\":\"Gambini Editore\",\"description\":\"\",\"potentialAction\":[{\"@type\":\"SearchAction\",\"target\":{\"@type\":\"EntryPoint\",\"urlTemplate\":\"https:\/\/gambinieditore.studiozerocinque.it\/?s={search_term_string}\"},\"query-input\":{\"@type\":\"PropertyValueSpecification\",\"valueRequired\":true,\"valueName\":\"search_term_string\"}}],\"inLanguage\":\"it-IT\"}]}<\/script>\n<!-- \/ Yoast SEO plugin. -->","yoast_head_json":{"title":"Nell\u2019armadio a cura di Elisabetta Putini - Gambini Editore","robots":{"index":"noindex","follow":"follow","max-snippet":"max-snippet:-1","max-image-preview":"max-image-preview:large","max-video-preview":"max-video-preview:-1"},"og_locale":"it_IT","og_type":"article","og_title":"Nell\u2019armadio a cura di Elisabetta Putini - Gambini Editore","og_description":"Racconti finalisti e semifinalisti XI Edizione Premio Letterario Citt\u00e0 di Lugnano","og_url":"https:\/\/gambinieditore.studiozerocinque.it\/?product=nellarmadio-a-cura-di-elisabetta-putini","og_site_name":"Gambini Editore","og_image":[{"width":1678,"height":2472,"url":"https:\/\/gambinieditore.studiozerocinque.it\/wp-content\/uploads\/2025\/06\/494-Nellarmadio-a-cura-di-Elisabetta-Putini.jpg","type":"image\/jpeg"}],"twitter_card":"summary_large_image","twitter_misc":{"Tempo di lettura stimato":"1 minuto"},"schema":{"@context":"https:\/\/schema.org","@graph":[{"@type":"WebPage","@id":"https:\/\/gambinieditore.studiozerocinque.it\/?product=nellarmadio-a-cura-di-elisabetta-putini","url":"https:\/\/gambinieditore.studiozerocinque.it\/?product=nellarmadio-a-cura-di-elisabetta-putini","name":"Nell\u2019armadio a cura di Elisabetta Putini - Gambini Editore","isPartOf":{"@id":"https:\/\/gambinieditore.studiozerocinque.it\/#website"},"primaryImageOfPage":{"@id":"https:\/\/gambinieditore.studiozerocinque.it\/?product=nellarmadio-a-cura-di-elisabetta-putini#primaryimage"},"image":{"@id":"https:\/\/gambinieditore.studiozerocinque.it\/?product=nellarmadio-a-cura-di-elisabetta-putini#primaryimage"},"thumbnailUrl":"https:\/\/gambinieditore.studiozerocinque.it\/wp-content\/uploads\/2025\/06\/494-Nellarmadio-a-cura-di-Elisabetta-Putini.jpg","datePublished":"2025-06-17T16:52:55+00:00","breadcrumb":{"@id":"https:\/\/gambinieditore.studiozerocinque.it\/?product=nellarmadio-a-cura-di-elisabetta-putini#breadcrumb"},"inLanguage":"it-IT","potentialAction":[{"@type":"ReadAction","target":["https:\/\/gambinieditore.studiozerocinque.it\/?product=nellarmadio-a-cura-di-elisabetta-putini"]}]},{"@type":"ImageObject","inLanguage":"it-IT","@id":"https:\/\/gambinieditore.studiozerocinque.it\/?product=nellarmadio-a-cura-di-elisabetta-putini#primaryimage","url":"https:\/\/gambinieditore.studiozerocinque.it\/wp-content\/uploads\/2025\/06\/494-Nellarmadio-a-cura-di-Elisabetta-Putini.jpg","contentUrl":"https:\/\/gambinieditore.studiozerocinque.it\/wp-content\/uploads\/2025\/06\/494-Nellarmadio-a-cura-di-Elisabetta-Putini.jpg","width":1678,"height":2472,"caption":"Nell\u2019armadio a cura di Elisabetta Putini"},{"@type":"BreadcrumbList","@id":"https:\/\/gambinieditore.studiozerocinque.it\/?product=nellarmadio-a-cura-di-elisabetta-putini#breadcrumb","itemListElement":[{"@type":"ListItem","position":1,"name":"Home","item":"https:\/\/gambinieditore.studiozerocinque.it\/"},{"@type":"ListItem","position":2,"name":"Catalogo","item":"https:\/\/gambinieditore.studiozerocinque.it\/?page_id=7"},{"@type":"ListItem","position":3,"name":"Nell\u2019armadio a cura di Elisabetta Putini"}]},{"@type":"WebSite","@id":"https:\/\/gambinieditore.studiozerocinque.it\/#website","url":"https:\/\/gambinieditore.studiozerocinque.it\/","name":"Gambini Editore","description":"","potentialAction":[{"@type":"SearchAction","target":{"@type":"EntryPoint","urlTemplate":"https:\/\/gambinieditore.studiozerocinque.it\/?s={search_term_string}"},"query-input":{"@type":"PropertyValueSpecification","valueRequired":true,"valueName":"search_term_string"}}],"inLanguage":"it-IT"}]}},"_links":{"self":[{"href":"https:\/\/gambinieditore.studiozerocinque.it\/index.php?rest_route=\/wp\/v2\/product\/1418","targetHints":{"allow":["GET"]}}],"collection":[{"href":"https:\/\/gambinieditore.studiozerocinque.it\/index.php?rest_route=\/wp\/v2\/product"}],"about":[{"href":"https:\/\/gambinieditore.studiozerocinque.it\/index.php?rest_route=\/wp\/v2\/types\/product"}],"replies":[{"embeddable":true,"href":"https:\/\/gambinieditore.studiozerocinque.it\/index.php?rest_route=%2Fwp%2Fv2%2Fcomments&post=1418"}],"wp:featuredmedia":[{"embeddable":true,"href":"https:\/\/gambinieditore.studiozerocinque.it\/index.php?rest_route=\/wp\/v2\/media\/1417"}],"wp:attachment":[{"href":"https:\/\/gambinieditore.studiozerocinque.it\/index.php?rest_route=%2Fwp%2Fv2%2Fmedia&parent=1418"}],"wp:term":[{"taxonomy":"product_brand","embeddable":true,"href":"https:\/\/gambinieditore.studiozerocinque.it\/index.php?rest_route=%2Fwp%2Fv2%2Fproduct_brand&post=1418"},{"taxonomy":"product_cat","embeddable":true,"href":"https:\/\/gambinieditore.studiozerocinque.it\/index.php?rest_route=%2Fwp%2Fv2%2Fproduct_cat&post=1418"},{"taxonomy":"product_tag","embeddable":true,"href":"https:\/\/gambinieditore.studiozerocinque.it\/index.php?rest_route=%2Fwp%2Fv2%2Fproduct_tag&post=1418"}],"curies":[{"name":"wp","href":"https:\/\/api.w.org\/{rel}","templated":true}]}}