{"id":1435,"date":"2025-09-03T09:29:13","date_gmt":"2025-09-03T07:29:13","guid":{"rendered":"https:\/\/gambinieditore.studiozerocinque.it\/poesia\/il-viaggio-necessario-di-raffaele-luise"},"modified":"2025-09-03T09:29:13","modified_gmt":"2025-09-03T07:29:13","slug":"il-viaggio-necessario-di-raffaele-luise","status":"publish","type":"product","link":"https:\/\/gambinieditore.studiozerocinque.it\/?product=il-viaggio-necessario-di-raffaele-luise","title":{"rendered":"Il viaggio necessario di Raffaele Luise"},"content":{"rendered":"<p>Perch\u00e9 il \u201cviaggio necessario\u201d? Innanzitutto perch\u00e9 la vita \u00e8 viaggio. Anzi, il viaggio \u00e8 la vera Patria dell\u2019anima, come afferma Kazantzakis. Poi, perch\u00e9 l\u2019autentico viaggio, che \u00e8 sempre assolutamente libero, imprevedibile e aperto, e dunque costitutivamente rischioso, tocca il cuore incandescente della vita, e ti porta l\u00e0 dove incontri la tua anima. E in questo risiede la sua \u201cnecessit\u00e0\u201d, in quanto tensione esistenziale e spirituale al tempo stesso, verso un Oltre e un Altrove che apre al rischio della creativit\u00e0, dell\u2019immaginazione, dell\u2019inquietudine e dell\u2019incompiutezza, e la cui rotta e il cui approdo comprendiamo solo al suo epilogo. Un viaggio che in questo percorso lirico si configura come passaggio attraverso tre dimensioni, ad ogni passo intrecciate intimamente tra loro: l\u2019amore, il mare e Dio. Di fronte al dramma ecologico e alla crisi climatica, che in realt\u00e0 \u00e8 crisi planetaria e nelle sue profondit\u00e0 malattia dell\u2019anima &#8211; e a cui \u00e8 strettamente collegato il flagello della Pandemia &#8211; il canto diviene pi\u00f9 urgente e visionario, e la poesia l\u2019unico \u201cstrumento\u201d in grado di \u201ccapire\u201d, come dall\u2019interno, che Tutto \u00e8 vivo nell\u2019unica famiglia universale dei viventi. E la poesia si fa canto sacro, rito cosmico.<\/p>\n","protected":false},"excerpt":{"rendered":"<p>Poesie<\/p>\n","protected":false},"featured_media":1434,"comment_status":"open","ping_status":"closed","template":"","meta":[],"product_brand":[],"product_cat":[17,35],"product_tag":[],"class_list":{"0":"post-1435","1":"product","2":"type-product","3":"status-publish","4":"has-post-thumbnail","6":"product_cat-catalogo","7":"product_cat-poesia","9":"first","10":"instock","11":"shipping-taxable","12":"purchasable","13":"product-type-simple"},"yoast_head":"<!-- This site is optimized with the Yoast SEO plugin v25.9 - https:\/\/yoast.com\/wordpress\/plugins\/seo\/ -->\n<title>Il viaggio necessario di Raffaele Luise - Gambini Editore<\/title>\n<meta name=\"robots\" content=\"noindex, follow, max-snippet:-1, max-image-preview:large, max-video-preview:-1\" \/>\n<meta property=\"og:locale\" content=\"it_IT\" \/>\n<meta property=\"og:type\" content=\"article\" \/>\n<meta property=\"og:title\" content=\"Il viaggio necessario di Raffaele Luise - Gambini Editore\" \/>\n<meta property=\"og:description\" content=\"Poesie\" \/>\n<meta property=\"og:url\" content=\"https:\/\/gambinieditore.studiozerocinque.it\/?product=il-viaggio-necessario-di-raffaele-luise\" \/>\n<meta property=\"og:site_name\" content=\"Gambini Editore\" \/>\n<meta property=\"og:image\" content=\"https:\/\/gambinieditore.studiozerocinque.it\/wp-content\/uploads\/2025\/09\/507-Il-viaggio-necessario-di-Raffaele-Luise.jpg\" \/>\n\t<meta property=\"og:image:width\" content=\"1290\" \/>\n\t<meta property=\"og:image:height\" content=\"1821\" \/>\n\t<meta property=\"og:image:type\" content=\"image\/jpeg\" \/>\n<meta name=\"twitter:card\" content=\"summary_large_image\" \/>\n<meta name=\"twitter:label1\" content=\"Tempo di lettura stimato\" \/>\n\t<meta name=\"twitter:data1\" content=\"1 minuto\" \/>\n<script type=\"application\/ld+json\" class=\"yoast-schema-graph\">{\"@context\":\"https:\/\/schema.org\",\"@graph\":[{\"@type\":\"WebPage\",\"@id\":\"https:\/\/gambinieditore.studiozerocinque.it\/?product=il-viaggio-necessario-di-raffaele-luise\",\"url\":\"https:\/\/gambinieditore.studiozerocinque.it\/?product=il-viaggio-necessario-di-raffaele-luise\",\"name\":\"Il viaggio necessario di Raffaele Luise - Gambini Editore\",\"isPartOf\":{\"@id\":\"https:\/\/gambinieditore.studiozerocinque.it\/#website\"},\"primaryImageOfPage\":{\"@id\":\"https:\/\/gambinieditore.studiozerocinque.it\/?product=il-viaggio-necessario-di-raffaele-luise#primaryimage\"},\"image\":{\"@id\":\"https:\/\/gambinieditore.studiozerocinque.it\/?product=il-viaggio-necessario-di-raffaele-luise#primaryimage\"},\"thumbnailUrl\":\"https:\/\/gambinieditore.studiozerocinque.it\/wp-content\/uploads\/2025\/09\/507-Il-viaggio-necessario-di-Raffaele-Luise.jpg\",\"datePublished\":\"2025-09-03T07:29:13+00:00\",\"breadcrumb\":{\"@id\":\"https:\/\/gambinieditore.studiozerocinque.it\/?product=il-viaggio-necessario-di-raffaele-luise#breadcrumb\"},\"inLanguage\":\"it-IT\",\"potentialAction\":[{\"@type\":\"ReadAction\",\"target\":[\"https:\/\/gambinieditore.studiozerocinque.it\/?product=il-viaggio-necessario-di-raffaele-luise\"]}]},{\"@type\":\"ImageObject\",\"inLanguage\":\"it-IT\",\"@id\":\"https:\/\/gambinieditore.studiozerocinque.it\/?product=il-viaggio-necessario-di-raffaele-luise#primaryimage\",\"url\":\"https:\/\/gambinieditore.studiozerocinque.it\/wp-content\/uploads\/2025\/09\/507-Il-viaggio-necessario-di-Raffaele-Luise.jpg\",\"contentUrl\":\"https:\/\/gambinieditore.studiozerocinque.it\/wp-content\/uploads\/2025\/09\/507-Il-viaggio-necessario-di-Raffaele-Luise.jpg\",\"width\":1290,\"height\":1821,\"caption\":\"Il viaggio necessario di Raffaele Luise\"},{\"@type\":\"BreadcrumbList\",\"@id\":\"https:\/\/gambinieditore.studiozerocinque.it\/?product=il-viaggio-necessario-di-raffaele-luise#breadcrumb\",\"itemListElement\":[{\"@type\":\"ListItem\",\"position\":1,\"name\":\"Home\",\"item\":\"https:\/\/gambinieditore.studiozerocinque.it\/\"},{\"@type\":\"ListItem\",\"position\":2,\"name\":\"Catalogo\",\"item\":\"https:\/\/gambinieditore.studiozerocinque.it\/?page_id=7\"},{\"@type\":\"ListItem\",\"position\":3,\"name\":\"Il viaggio necessario di Raffaele Luise\"}]},{\"@type\":\"WebSite\",\"@id\":\"https:\/\/gambinieditore.studiozerocinque.it\/#website\",\"url\":\"https:\/\/gambinieditore.studiozerocinque.it\/\",\"name\":\"Gambini Editore\",\"description\":\"\",\"potentialAction\":[{\"@type\":\"SearchAction\",\"target\":{\"@type\":\"EntryPoint\",\"urlTemplate\":\"https:\/\/gambinieditore.studiozerocinque.it\/?s={search_term_string}\"},\"query-input\":{\"@type\":\"PropertyValueSpecification\",\"valueRequired\":true,\"valueName\":\"search_term_string\"}}],\"inLanguage\":\"it-IT\"}]}<\/script>\n<!-- \/ Yoast SEO plugin. -->","yoast_head_json":{"title":"Il viaggio necessario di Raffaele Luise - Gambini Editore","robots":{"index":"noindex","follow":"follow","max-snippet":"max-snippet:-1","max-image-preview":"max-image-preview:large","max-video-preview":"max-video-preview:-1"},"og_locale":"it_IT","og_type":"article","og_title":"Il viaggio necessario di Raffaele Luise - Gambini Editore","og_description":"Poesie","og_url":"https:\/\/gambinieditore.studiozerocinque.it\/?product=il-viaggio-necessario-di-raffaele-luise","og_site_name":"Gambini Editore","og_image":[{"width":1290,"height":1821,"url":"https:\/\/gambinieditore.studiozerocinque.it\/wp-content\/uploads\/2025\/09\/507-Il-viaggio-necessario-di-Raffaele-Luise.jpg","type":"image\/jpeg"}],"twitter_card":"summary_large_image","twitter_misc":{"Tempo di lettura stimato":"1 minuto"},"schema":{"@context":"https:\/\/schema.org","@graph":[{"@type":"WebPage","@id":"https:\/\/gambinieditore.studiozerocinque.it\/?product=il-viaggio-necessario-di-raffaele-luise","url":"https:\/\/gambinieditore.studiozerocinque.it\/?product=il-viaggio-necessario-di-raffaele-luise","name":"Il viaggio necessario di Raffaele Luise - Gambini Editore","isPartOf":{"@id":"https:\/\/gambinieditore.studiozerocinque.it\/#website"},"primaryImageOfPage":{"@id":"https:\/\/gambinieditore.studiozerocinque.it\/?product=il-viaggio-necessario-di-raffaele-luise#primaryimage"},"image":{"@id":"https:\/\/gambinieditore.studiozerocinque.it\/?product=il-viaggio-necessario-di-raffaele-luise#primaryimage"},"thumbnailUrl":"https:\/\/gambinieditore.studiozerocinque.it\/wp-content\/uploads\/2025\/09\/507-Il-viaggio-necessario-di-Raffaele-Luise.jpg","datePublished":"2025-09-03T07:29:13+00:00","breadcrumb":{"@id":"https:\/\/gambinieditore.studiozerocinque.it\/?product=il-viaggio-necessario-di-raffaele-luise#breadcrumb"},"inLanguage":"it-IT","potentialAction":[{"@type":"ReadAction","target":["https:\/\/gambinieditore.studiozerocinque.it\/?product=il-viaggio-necessario-di-raffaele-luise"]}]},{"@type":"ImageObject","inLanguage":"it-IT","@id":"https:\/\/gambinieditore.studiozerocinque.it\/?product=il-viaggio-necessario-di-raffaele-luise#primaryimage","url":"https:\/\/gambinieditore.studiozerocinque.it\/wp-content\/uploads\/2025\/09\/507-Il-viaggio-necessario-di-Raffaele-Luise.jpg","contentUrl":"https:\/\/gambinieditore.studiozerocinque.it\/wp-content\/uploads\/2025\/09\/507-Il-viaggio-necessario-di-Raffaele-Luise.jpg","width":1290,"height":1821,"caption":"Il viaggio necessario di Raffaele Luise"},{"@type":"BreadcrumbList","@id":"https:\/\/gambinieditore.studiozerocinque.it\/?product=il-viaggio-necessario-di-raffaele-luise#breadcrumb","itemListElement":[{"@type":"ListItem","position":1,"name":"Home","item":"https:\/\/gambinieditore.studiozerocinque.it\/"},{"@type":"ListItem","position":2,"name":"Catalogo","item":"https:\/\/gambinieditore.studiozerocinque.it\/?page_id=7"},{"@type":"ListItem","position":3,"name":"Il viaggio necessario di Raffaele Luise"}]},{"@type":"WebSite","@id":"https:\/\/gambinieditore.studiozerocinque.it\/#website","url":"https:\/\/gambinieditore.studiozerocinque.it\/","name":"Gambini Editore","description":"","potentialAction":[{"@type":"SearchAction","target":{"@type":"EntryPoint","urlTemplate":"https:\/\/gambinieditore.studiozerocinque.it\/?s={search_term_string}"},"query-input":{"@type":"PropertyValueSpecification","valueRequired":true,"valueName":"search_term_string"}}],"inLanguage":"it-IT"}]}},"_links":{"self":[{"href":"https:\/\/gambinieditore.studiozerocinque.it\/index.php?rest_route=\/wp\/v2\/product\/1435","targetHints":{"allow":["GET"]}}],"collection":[{"href":"https:\/\/gambinieditore.studiozerocinque.it\/index.php?rest_route=\/wp\/v2\/product"}],"about":[{"href":"https:\/\/gambinieditore.studiozerocinque.it\/index.php?rest_route=\/wp\/v2\/types\/product"}],"replies":[{"embeddable":true,"href":"https:\/\/gambinieditore.studiozerocinque.it\/index.php?rest_route=%2Fwp%2Fv2%2Fcomments&post=1435"}],"wp:featuredmedia":[{"embeddable":true,"href":"https:\/\/gambinieditore.studiozerocinque.it\/index.php?rest_route=\/wp\/v2\/media\/1434"}],"wp:attachment":[{"href":"https:\/\/gambinieditore.studiozerocinque.it\/index.php?rest_route=%2Fwp%2Fv2%2Fmedia&parent=1435"}],"wp:term":[{"taxonomy":"product_brand","embeddable":true,"href":"https:\/\/gambinieditore.studiozerocinque.it\/index.php?rest_route=%2Fwp%2Fv2%2Fproduct_brand&post=1435"},{"taxonomy":"product_cat","embeddable":true,"href":"https:\/\/gambinieditore.studiozerocinque.it\/index.php?rest_route=%2Fwp%2Fv2%2Fproduct_cat&post=1435"},{"taxonomy":"product_tag","embeddable":true,"href":"https:\/\/gambinieditore.studiozerocinque.it\/index.php?rest_route=%2Fwp%2Fv2%2Fproduct_tag&post=1435"}],"curies":[{"name":"wp","href":"https:\/\/api.w.org\/{rel}","templated":true}]}}