{"id":188,"date":"2022-02-11T18:41:33","date_gmt":"2022-02-11T17:41:33","guid":{"rendered":"https:\/\/gambinieditore.studiozerocinque.it\/prodotto\/comunione-e-servizio-nella-centralita-d-amore\/"},"modified":"2022-02-11T18:41:33","modified_gmt":"2022-02-11T17:41:33","slug":"comunione-e-servizio-nella-centralita-d-amore","status":"publish","type":"product","link":"https:\/\/gambinieditore.studiozerocinque.it\/?product=comunione-e-servizio-nella-centralita-d-amore","title":{"rendered":"Comunione e servizio. Nella centralit\u00e0\u00a0 d&#8217;amore"},"content":{"rendered":"<p>Lautore prende in considerazione limportante argomento della comunione, che \u00e8 stato proposto durante il Concilio Vaticano II come tema importante e che sta ritornando in tutta la sua concreta attualit\u00e0. Lo stesso san Giovanni Paolo II nella sua Lettera Apostolica Novo millennio ineunte scriveva che occorre fare della Chiesa la casa e\u00a0la scuola della comunione se vogliamo rimanere fedeli al disegno di Dio e rispondere alle attese profonde del mondo. Lautore suggerisce, dunque, come si debba tenere in particolare conto la fraternit\u00e0 e la comunione sacerdotale e come il programma pastorale\u00a0 parrocchiale debba essere unito a questo tipo di discorso. Il primo\u00a0obiettivo dovrebbe dunque essere quello di far s\u00ec che le relazioni umane siano fondate nella persona di Ges\u00f9.<\/p>\n<p>\u00abI sacerdoti fanno molta fatica &#8211; scrive Pettenuzzo &#8211; sebbene sembrino consapevoli come la comunione sia la dimensione che qualifica o squalifica tutto il ministero sacerdotale\u00bb. Infatti, non si pu\u00f2 far finta di niente di fronte alla\u00a0grande sofferenza della gente e allenorme bisogno di comunione o di fraternit\u00e0, perch\u00e9 altrimenti pu\u00f2 crollare la validit\u00e0 e lefficacia dellazione della Chiesa.<\/p>\n","protected":false},"excerpt":{"rendered":"<p>L&#8217;autore prende in considerazione l&#8217;importante argomento della comunione, che \u00e9 stato proposto durante il Concilio Vaticano II come tema imoprtante \u00a0e che sta ritornando in tutta la sua concreta attualit\u00e0\u00a0. <\/p>\n","protected":false},"featured_media":187,"comment_status":"open","ping_status":"closed","template":"","meta":[],"product_brand":[],"product_cat":[18],"product_tag":[],"class_list":{"0":"post-188","1":"product","2":"type-product","3":"status-publish","4":"has-post-thumbnail","6":"product_cat-libri","8":"first","9":"instock","10":"shipping-taxable","11":"purchasable","12":"product-type-simple"},"yoast_head":"<!-- This site is optimized with the Yoast SEO plugin v25.9 - https:\/\/yoast.com\/wordpress\/plugins\/seo\/ -->\n<title>Comunione e servizio. Nella centralit\u00e0\u00a0 d&#039;amore - Gambini Editore<\/title>\n<meta name=\"robots\" content=\"noindex, follow, max-snippet:-1, max-image-preview:large, max-video-preview:-1\" \/>\n<meta property=\"og:locale\" content=\"it_IT\" \/>\n<meta property=\"og:type\" content=\"article\" \/>\n<meta property=\"og:title\" content=\"Comunione e servizio. Nella centralit\u00e0\u00a0 d&#039;amore - Gambini Editore\" \/>\n<meta property=\"og:description\" content=\"L&#039;autore prende in considerazione l&#039;importante argomento della comunione, che \u00e9 stato proposto durante il Concilio Vaticano II come tema imoprtante \u00a0e che sta ritornando in tutta la sua concreta attualit\u00e0\u00a0.\" \/>\n<meta property=\"og:url\" content=\"https:\/\/gambinieditore.studiozerocinque.it\/?product=comunione-e-servizio-nella-centralita-d-amore\" \/>\n<meta property=\"og:site_name\" content=\"Gambini Editore\" \/>\n<meta property=\"og:image\" content=\"https:\/\/gambinieditore.studiozerocinque.it\/wp-content\/uploads\/2022\/02\/104-Comunione-e-servizio.-Nella-centralita-damore.jpg\" \/>\n\t<meta property=\"og:image:width\" content=\"1746\" \/>\n\t<meta property=\"og:image:height\" content=\"2522\" \/>\n\t<meta property=\"og:image:type\" content=\"image\/jpeg\" \/>\n<meta name=\"twitter:card\" content=\"summary_large_image\" \/>\n<meta name=\"twitter:label1\" content=\"Tempo di lettura stimato\" \/>\n\t<meta name=\"twitter:data1\" content=\"1 minuto\" \/>\n<script type=\"application\/ld+json\" class=\"yoast-schema-graph\">{\"@context\":\"https:\/\/schema.org\",\"@graph\":[{\"@type\":\"WebPage\",\"@id\":\"https:\/\/gambinieditore.studiozerocinque.it\/?product=comunione-e-servizio-nella-centralita-d-amore\",\"url\":\"https:\/\/gambinieditore.studiozerocinque.it\/?product=comunione-e-servizio-nella-centralita-d-amore\",\"name\":\"Comunione e servizio. Nella centralit\u00e0\u00a0 d'amore - Gambini Editore\",\"isPartOf\":{\"@id\":\"https:\/\/gambinieditore.studiozerocinque.it\/#website\"},\"primaryImageOfPage\":{\"@id\":\"https:\/\/gambinieditore.studiozerocinque.it\/?product=comunione-e-servizio-nella-centralita-d-amore#primaryimage\"},\"image\":{\"@id\":\"https:\/\/gambinieditore.studiozerocinque.it\/?product=comunione-e-servizio-nella-centralita-d-amore#primaryimage\"},\"thumbnailUrl\":\"https:\/\/gambinieditore.studiozerocinque.it\/wp-content\/uploads\/2022\/02\/104-Comunione-e-servizio.-Nella-centralita-damore.jpg\",\"datePublished\":\"2022-02-11T17:41:33+00:00\",\"breadcrumb\":{\"@id\":\"https:\/\/gambinieditore.studiozerocinque.it\/?product=comunione-e-servizio-nella-centralita-d-amore#breadcrumb\"},\"inLanguage\":\"it-IT\",\"potentialAction\":[{\"@type\":\"ReadAction\",\"target\":[\"https:\/\/gambinieditore.studiozerocinque.it\/?product=comunione-e-servizio-nella-centralita-d-amore\"]}]},{\"@type\":\"ImageObject\",\"inLanguage\":\"it-IT\",\"@id\":\"https:\/\/gambinieditore.studiozerocinque.it\/?product=comunione-e-servizio-nella-centralita-d-amore#primaryimage\",\"url\":\"https:\/\/gambinieditore.studiozerocinque.it\/wp-content\/uploads\/2022\/02\/104-Comunione-e-servizio.-Nella-centralita-damore.jpg\",\"contentUrl\":\"https:\/\/gambinieditore.studiozerocinque.it\/wp-content\/uploads\/2022\/02\/104-Comunione-e-servizio.-Nella-centralita-damore.jpg\",\"width\":1746,\"height\":2522,\"caption\":\"Comunione e servizio. Nella centralit\u00e0\u00a0 d'amore\"},{\"@type\":\"BreadcrumbList\",\"@id\":\"https:\/\/gambinieditore.studiozerocinque.it\/?product=comunione-e-servizio-nella-centralita-d-amore#breadcrumb\",\"itemListElement\":[{\"@type\":\"ListItem\",\"position\":1,\"name\":\"Home\",\"item\":\"https:\/\/gambinieditore.studiozerocinque.it\/\"},{\"@type\":\"ListItem\",\"position\":2,\"name\":\"Catalogo\",\"item\":\"https:\/\/gambinieditore.studiozerocinque.it\/?page_id=7\"},{\"@type\":\"ListItem\",\"position\":3,\"name\":\"Comunione e servizio. Nella centralit\u00e0\u00a0 d&#8217;amore\"}]},{\"@type\":\"WebSite\",\"@id\":\"https:\/\/gambinieditore.studiozerocinque.it\/#website\",\"url\":\"https:\/\/gambinieditore.studiozerocinque.it\/\",\"name\":\"Gambini Editore\",\"description\":\"\",\"potentialAction\":[{\"@type\":\"SearchAction\",\"target\":{\"@type\":\"EntryPoint\",\"urlTemplate\":\"https:\/\/gambinieditore.studiozerocinque.it\/?s={search_term_string}\"},\"query-input\":{\"@type\":\"PropertyValueSpecification\",\"valueRequired\":true,\"valueName\":\"search_term_string\"}}],\"inLanguage\":\"it-IT\"}]}<\/script>\n<!-- \/ Yoast SEO plugin. -->","yoast_head_json":{"title":"Comunione e servizio. Nella centralit\u00e0\u00a0 d'amore - Gambini Editore","robots":{"index":"noindex","follow":"follow","max-snippet":"max-snippet:-1","max-image-preview":"max-image-preview:large","max-video-preview":"max-video-preview:-1"},"og_locale":"it_IT","og_type":"article","og_title":"Comunione e servizio. Nella centralit\u00e0\u00a0 d'amore - Gambini Editore","og_description":"L'autore prende in considerazione l'importante argomento della comunione, che \u00e9 stato proposto durante il Concilio Vaticano II come tema imoprtante \u00a0e che sta ritornando in tutta la sua concreta attualit\u00e0\u00a0.","og_url":"https:\/\/gambinieditore.studiozerocinque.it\/?product=comunione-e-servizio-nella-centralita-d-amore","og_site_name":"Gambini Editore","og_image":[{"width":1746,"height":2522,"url":"https:\/\/gambinieditore.studiozerocinque.it\/wp-content\/uploads\/2022\/02\/104-Comunione-e-servizio.-Nella-centralita-damore.jpg","type":"image\/jpeg"}],"twitter_card":"summary_large_image","twitter_misc":{"Tempo di lettura stimato":"1 minuto"},"schema":{"@context":"https:\/\/schema.org","@graph":[{"@type":"WebPage","@id":"https:\/\/gambinieditore.studiozerocinque.it\/?product=comunione-e-servizio-nella-centralita-d-amore","url":"https:\/\/gambinieditore.studiozerocinque.it\/?product=comunione-e-servizio-nella-centralita-d-amore","name":"Comunione e servizio. Nella centralit\u00e0\u00a0 d'amore - Gambini Editore","isPartOf":{"@id":"https:\/\/gambinieditore.studiozerocinque.it\/#website"},"primaryImageOfPage":{"@id":"https:\/\/gambinieditore.studiozerocinque.it\/?product=comunione-e-servizio-nella-centralita-d-amore#primaryimage"},"image":{"@id":"https:\/\/gambinieditore.studiozerocinque.it\/?product=comunione-e-servizio-nella-centralita-d-amore#primaryimage"},"thumbnailUrl":"https:\/\/gambinieditore.studiozerocinque.it\/wp-content\/uploads\/2022\/02\/104-Comunione-e-servizio.-Nella-centralita-damore.jpg","datePublished":"2022-02-11T17:41:33+00:00","breadcrumb":{"@id":"https:\/\/gambinieditore.studiozerocinque.it\/?product=comunione-e-servizio-nella-centralita-d-amore#breadcrumb"},"inLanguage":"it-IT","potentialAction":[{"@type":"ReadAction","target":["https:\/\/gambinieditore.studiozerocinque.it\/?product=comunione-e-servizio-nella-centralita-d-amore"]}]},{"@type":"ImageObject","inLanguage":"it-IT","@id":"https:\/\/gambinieditore.studiozerocinque.it\/?product=comunione-e-servizio-nella-centralita-d-amore#primaryimage","url":"https:\/\/gambinieditore.studiozerocinque.it\/wp-content\/uploads\/2022\/02\/104-Comunione-e-servizio.-Nella-centralita-damore.jpg","contentUrl":"https:\/\/gambinieditore.studiozerocinque.it\/wp-content\/uploads\/2022\/02\/104-Comunione-e-servizio.-Nella-centralita-damore.jpg","width":1746,"height":2522,"caption":"Comunione e servizio. Nella centralit\u00e0\u00a0 d'amore"},{"@type":"BreadcrumbList","@id":"https:\/\/gambinieditore.studiozerocinque.it\/?product=comunione-e-servizio-nella-centralita-d-amore#breadcrumb","itemListElement":[{"@type":"ListItem","position":1,"name":"Home","item":"https:\/\/gambinieditore.studiozerocinque.it\/"},{"@type":"ListItem","position":2,"name":"Catalogo","item":"https:\/\/gambinieditore.studiozerocinque.it\/?page_id=7"},{"@type":"ListItem","position":3,"name":"Comunione e servizio. Nella centralit\u00e0\u00a0 d&#8217;amore"}]},{"@type":"WebSite","@id":"https:\/\/gambinieditore.studiozerocinque.it\/#website","url":"https:\/\/gambinieditore.studiozerocinque.it\/","name":"Gambini Editore","description":"","potentialAction":[{"@type":"SearchAction","target":{"@type":"EntryPoint","urlTemplate":"https:\/\/gambinieditore.studiozerocinque.it\/?s={search_term_string}"},"query-input":{"@type":"PropertyValueSpecification","valueRequired":true,"valueName":"search_term_string"}}],"inLanguage":"it-IT"}]}},"_links":{"self":[{"href":"https:\/\/gambinieditore.studiozerocinque.it\/index.php?rest_route=\/wp\/v2\/product\/188","targetHints":{"allow":["GET"]}}],"collection":[{"href":"https:\/\/gambinieditore.studiozerocinque.it\/index.php?rest_route=\/wp\/v2\/product"}],"about":[{"href":"https:\/\/gambinieditore.studiozerocinque.it\/index.php?rest_route=\/wp\/v2\/types\/product"}],"replies":[{"embeddable":true,"href":"https:\/\/gambinieditore.studiozerocinque.it\/index.php?rest_route=%2Fwp%2Fv2%2Fcomments&post=188"}],"wp:featuredmedia":[{"embeddable":true,"href":"https:\/\/gambinieditore.studiozerocinque.it\/index.php?rest_route=\/wp\/v2\/media\/187"}],"wp:attachment":[{"href":"https:\/\/gambinieditore.studiozerocinque.it\/index.php?rest_route=%2Fwp%2Fv2%2Fmedia&parent=188"}],"wp:term":[{"taxonomy":"product_brand","embeddable":true,"href":"https:\/\/gambinieditore.studiozerocinque.it\/index.php?rest_route=%2Fwp%2Fv2%2Fproduct_brand&post=188"},{"taxonomy":"product_cat","embeddable":true,"href":"https:\/\/gambinieditore.studiozerocinque.it\/index.php?rest_route=%2Fwp%2Fv2%2Fproduct_cat&post=188"},{"taxonomy":"product_tag","embeddable":true,"href":"https:\/\/gambinieditore.studiozerocinque.it\/index.php?rest_route=%2Fwp%2Fv2%2Fproduct_tag&post=188"}],"curies":[{"name":"wp","href":"https:\/\/api.w.org\/{rel}","templated":true}]}}