{"id":220,"date":"2022-02-11T18:41:47","date_gmt":"2022-02-11T17:41:47","guid":{"rendered":"https:\/\/gambinieditore.studiozerocinque.it\/prodotto\/salvarsi-dalle-banche-di-giuseppe-alunni\/"},"modified":"2022-02-11T18:41:47","modified_gmt":"2022-02-11T17:41:47","slug":"salvarsi-dalle-banche-di-giuseppe-alunni","status":"publish","type":"product","link":"https:\/\/gambinieditore.studiozerocinque.it\/?product=salvarsi-dalle-banche-di-giuseppe-alunni","title":{"rendered":"Salvarsi dalle banche di Giuseppe Alunni"},"content":{"rendered":"","protected":false},"excerpt":{"rendered":"<p>Il libro di Giuseppe Alunni \u00e9 il racconto del difficile, duro e rischioso viaggio di un imprenditore\/lavoratore nei labirinti dei rapporti, impresa, banca, credito e finanza. Un viaggio dai costi altissimi, interstellari. Un viaggio esplosivo e scoppiettante. \u00c8 la narrazione potente di un processo di liberazione ed emancipazione dal lungo stato di incoscienza ed ignoranza nel quale si era prigionieri, alla presa di coscienza generata dalla ragione, dal dubbio, dalla ricerca, dalla voglia di approfondire e capire il mondo nel quale si \u00e9 immersi. Squarcia e rompe schemi mentali, pregiudizi e comportamenti stratificati nel tempo. Ed \u00e9 un viaggio dirompente perch\u00e9 ironico ed irriverente. Svela la nudit\u00e0\u00a0 del re e della sua corte, mandando in frantumi un sistema medioevale marcio<\/p>\n","protected":false},"featured_media":219,"comment_status":"open","ping_status":"closed","template":"","meta":[],"product_brand":[],"product_cat":[18],"product_tag":[],"class_list":{"0":"post-220","1":"product","2":"type-product","3":"status-publish","4":"has-post-thumbnail","6":"product_cat-libri","8":"first","9":"instock","10":"shipping-taxable","11":"purchasable","12":"product-type-simple"},"yoast_head":"<!-- This site is optimized with the Yoast SEO plugin v25.9 - https:\/\/yoast.com\/wordpress\/plugins\/seo\/ -->\n<title>Salvarsi dalle banche di Giuseppe Alunni - Gambini Editore<\/title>\n<meta name=\"robots\" content=\"noindex, follow, max-snippet:-1, max-image-preview:large, max-video-preview:-1\" \/>\n<meta property=\"og:locale\" content=\"it_IT\" \/>\n<meta property=\"og:type\" content=\"article\" \/>\n<meta property=\"og:title\" content=\"Salvarsi dalle banche di Giuseppe Alunni - Gambini Editore\" \/>\n<meta property=\"og:description\" content=\"Il libro di Giuseppe Alunni \u00e9 il racconto del difficile, duro e rischioso viaggio di un imprenditore\/lavoratore nei labirinti dei rapporti, impresa, banca, credito e finanza. Un viaggio dai costi altissimi, interstellari. Un viaggio esplosivo e scoppiettante. \u00c8 la narrazione potente di un processo di liberazione ed emancipazione dal lungo stato di incoscienza ed ignoranza nel quale si era prigionieri, alla presa di coscienza generata dalla ragione, dal dubbio, dalla ricerca, dalla voglia di approfondire e capire il mondo nel quale si \u00e9 immersi. Squarcia e rompe schemi mentali, pregiudizi e comportamenti stratificati nel tempo. Ed \u00e9 un viaggio dirompente perch\u00e9 ironico ed irriverente. Svela la nudit\u00e0\u00a0 del re e della sua corte, mandando in frantumi un sistema medioevale marcio\" \/>\n<meta property=\"og:url\" content=\"https:\/\/gambinieditore.studiozerocinque.it\/?product=salvarsi-dalle-banche-di-giuseppe-alunni\" \/>\n<meta property=\"og:site_name\" content=\"Gambini Editore\" \/>\n<meta property=\"og:image\" content=\"https:\/\/gambinieditore.studiozerocinque.it\/wp-content\/uploads\/2022\/02\/121-Salvarsi-dalle-banche-di-Giuseppe-Alunni.jpg\" \/>\n\t<meta property=\"og:image:width\" content=\"164\" \/>\n\t<meta property=\"og:image:height\" content=\"230\" \/>\n\t<meta property=\"og:image:type\" content=\"image\/jpeg\" \/>\n<meta name=\"twitter:card\" content=\"summary_large_image\" \/>\n<script type=\"application\/ld+json\" class=\"yoast-schema-graph\">{\"@context\":\"https:\/\/schema.org\",\"@graph\":[{\"@type\":\"WebPage\",\"@id\":\"https:\/\/gambinieditore.studiozerocinque.it\/?product=salvarsi-dalle-banche-di-giuseppe-alunni\",\"url\":\"https:\/\/gambinieditore.studiozerocinque.it\/?product=salvarsi-dalle-banche-di-giuseppe-alunni\",\"name\":\"Salvarsi dalle banche di Giuseppe Alunni - Gambini Editore\",\"isPartOf\":{\"@id\":\"https:\/\/gambinieditore.studiozerocinque.it\/#website\"},\"primaryImageOfPage\":{\"@id\":\"https:\/\/gambinieditore.studiozerocinque.it\/?product=salvarsi-dalle-banche-di-giuseppe-alunni#primaryimage\"},\"image\":{\"@id\":\"https:\/\/gambinieditore.studiozerocinque.it\/?product=salvarsi-dalle-banche-di-giuseppe-alunni#primaryimage\"},\"thumbnailUrl\":\"https:\/\/gambinieditore.studiozerocinque.it\/wp-content\/uploads\/2022\/02\/121-Salvarsi-dalle-banche-di-Giuseppe-Alunni.jpg\",\"datePublished\":\"2022-02-11T17:41:47+00:00\",\"breadcrumb\":{\"@id\":\"https:\/\/gambinieditore.studiozerocinque.it\/?product=salvarsi-dalle-banche-di-giuseppe-alunni#breadcrumb\"},\"inLanguage\":\"it-IT\",\"potentialAction\":[{\"@type\":\"ReadAction\",\"target\":[\"https:\/\/gambinieditore.studiozerocinque.it\/?product=salvarsi-dalle-banche-di-giuseppe-alunni\"]}]},{\"@type\":\"ImageObject\",\"inLanguage\":\"it-IT\",\"@id\":\"https:\/\/gambinieditore.studiozerocinque.it\/?product=salvarsi-dalle-banche-di-giuseppe-alunni#primaryimage\",\"url\":\"https:\/\/gambinieditore.studiozerocinque.it\/wp-content\/uploads\/2022\/02\/121-Salvarsi-dalle-banche-di-Giuseppe-Alunni.jpg\",\"contentUrl\":\"https:\/\/gambinieditore.studiozerocinque.it\/wp-content\/uploads\/2022\/02\/121-Salvarsi-dalle-banche-di-Giuseppe-Alunni.jpg\",\"width\":164,\"height\":230,\"caption\":\"Salvarsi dalle banche di Giuseppe Alunni\"},{\"@type\":\"BreadcrumbList\",\"@id\":\"https:\/\/gambinieditore.studiozerocinque.it\/?product=salvarsi-dalle-banche-di-giuseppe-alunni#breadcrumb\",\"itemListElement\":[{\"@type\":\"ListItem\",\"position\":1,\"name\":\"Home\",\"item\":\"https:\/\/gambinieditore.studiozerocinque.it\/\"},{\"@type\":\"ListItem\",\"position\":2,\"name\":\"Catalogo\",\"item\":\"https:\/\/gambinieditore.studiozerocinque.it\/?page_id=7\"},{\"@type\":\"ListItem\",\"position\":3,\"name\":\"Salvarsi dalle banche di Giuseppe Alunni\"}]},{\"@type\":\"WebSite\",\"@id\":\"https:\/\/gambinieditore.studiozerocinque.it\/#website\",\"url\":\"https:\/\/gambinieditore.studiozerocinque.it\/\",\"name\":\"Gambini Editore\",\"description\":\"\",\"potentialAction\":[{\"@type\":\"SearchAction\",\"target\":{\"@type\":\"EntryPoint\",\"urlTemplate\":\"https:\/\/gambinieditore.studiozerocinque.it\/?s={search_term_string}\"},\"query-input\":{\"@type\":\"PropertyValueSpecification\",\"valueRequired\":true,\"valueName\":\"search_term_string\"}}],\"inLanguage\":\"it-IT\"}]}<\/script>\n<!-- \/ Yoast SEO plugin. -->","yoast_head_json":{"title":"Salvarsi dalle banche di Giuseppe Alunni - Gambini Editore","robots":{"index":"noindex","follow":"follow","max-snippet":"max-snippet:-1","max-image-preview":"max-image-preview:large","max-video-preview":"max-video-preview:-1"},"og_locale":"it_IT","og_type":"article","og_title":"Salvarsi dalle banche di Giuseppe Alunni - Gambini Editore","og_description":"Il libro di Giuseppe Alunni \u00e9 il racconto del difficile, duro e rischioso viaggio di un imprenditore\/lavoratore nei labirinti dei rapporti, impresa, banca, credito e finanza. Un viaggio dai costi altissimi, interstellari. Un viaggio esplosivo e scoppiettante. \u00c8 la narrazione potente di un processo di liberazione ed emancipazione dal lungo stato di incoscienza ed ignoranza nel quale si era prigionieri, alla presa di coscienza generata dalla ragione, dal dubbio, dalla ricerca, dalla voglia di approfondire e capire il mondo nel quale si \u00e9 immersi. Squarcia e rompe schemi mentali, pregiudizi e comportamenti stratificati nel tempo. Ed \u00e9 un viaggio dirompente perch\u00e9 ironico ed irriverente. Svela la nudit\u00e0\u00a0 del re e della sua corte, mandando in frantumi un sistema medioevale marcio","og_url":"https:\/\/gambinieditore.studiozerocinque.it\/?product=salvarsi-dalle-banche-di-giuseppe-alunni","og_site_name":"Gambini Editore","og_image":[{"width":164,"height":230,"url":"https:\/\/gambinieditore.studiozerocinque.it\/wp-content\/uploads\/2022\/02\/121-Salvarsi-dalle-banche-di-Giuseppe-Alunni.jpg","type":"image\/jpeg"}],"twitter_card":"summary_large_image","schema":{"@context":"https:\/\/schema.org","@graph":[{"@type":"WebPage","@id":"https:\/\/gambinieditore.studiozerocinque.it\/?product=salvarsi-dalle-banche-di-giuseppe-alunni","url":"https:\/\/gambinieditore.studiozerocinque.it\/?product=salvarsi-dalle-banche-di-giuseppe-alunni","name":"Salvarsi dalle banche di Giuseppe Alunni - Gambini Editore","isPartOf":{"@id":"https:\/\/gambinieditore.studiozerocinque.it\/#website"},"primaryImageOfPage":{"@id":"https:\/\/gambinieditore.studiozerocinque.it\/?product=salvarsi-dalle-banche-di-giuseppe-alunni#primaryimage"},"image":{"@id":"https:\/\/gambinieditore.studiozerocinque.it\/?product=salvarsi-dalle-banche-di-giuseppe-alunni#primaryimage"},"thumbnailUrl":"https:\/\/gambinieditore.studiozerocinque.it\/wp-content\/uploads\/2022\/02\/121-Salvarsi-dalle-banche-di-Giuseppe-Alunni.jpg","datePublished":"2022-02-11T17:41:47+00:00","breadcrumb":{"@id":"https:\/\/gambinieditore.studiozerocinque.it\/?product=salvarsi-dalle-banche-di-giuseppe-alunni#breadcrumb"},"inLanguage":"it-IT","potentialAction":[{"@type":"ReadAction","target":["https:\/\/gambinieditore.studiozerocinque.it\/?product=salvarsi-dalle-banche-di-giuseppe-alunni"]}]},{"@type":"ImageObject","inLanguage":"it-IT","@id":"https:\/\/gambinieditore.studiozerocinque.it\/?product=salvarsi-dalle-banche-di-giuseppe-alunni#primaryimage","url":"https:\/\/gambinieditore.studiozerocinque.it\/wp-content\/uploads\/2022\/02\/121-Salvarsi-dalle-banche-di-Giuseppe-Alunni.jpg","contentUrl":"https:\/\/gambinieditore.studiozerocinque.it\/wp-content\/uploads\/2022\/02\/121-Salvarsi-dalle-banche-di-Giuseppe-Alunni.jpg","width":164,"height":230,"caption":"Salvarsi dalle banche di Giuseppe Alunni"},{"@type":"BreadcrumbList","@id":"https:\/\/gambinieditore.studiozerocinque.it\/?product=salvarsi-dalle-banche-di-giuseppe-alunni#breadcrumb","itemListElement":[{"@type":"ListItem","position":1,"name":"Home","item":"https:\/\/gambinieditore.studiozerocinque.it\/"},{"@type":"ListItem","position":2,"name":"Catalogo","item":"https:\/\/gambinieditore.studiozerocinque.it\/?page_id=7"},{"@type":"ListItem","position":3,"name":"Salvarsi dalle banche di Giuseppe Alunni"}]},{"@type":"WebSite","@id":"https:\/\/gambinieditore.studiozerocinque.it\/#website","url":"https:\/\/gambinieditore.studiozerocinque.it\/","name":"Gambini Editore","description":"","potentialAction":[{"@type":"SearchAction","target":{"@type":"EntryPoint","urlTemplate":"https:\/\/gambinieditore.studiozerocinque.it\/?s={search_term_string}"},"query-input":{"@type":"PropertyValueSpecification","valueRequired":true,"valueName":"search_term_string"}}],"inLanguage":"it-IT"}]}},"_links":{"self":[{"href":"https:\/\/gambinieditore.studiozerocinque.it\/index.php?rest_route=\/wp\/v2\/product\/220","targetHints":{"allow":["GET"]}}],"collection":[{"href":"https:\/\/gambinieditore.studiozerocinque.it\/index.php?rest_route=\/wp\/v2\/product"}],"about":[{"href":"https:\/\/gambinieditore.studiozerocinque.it\/index.php?rest_route=\/wp\/v2\/types\/product"}],"replies":[{"embeddable":true,"href":"https:\/\/gambinieditore.studiozerocinque.it\/index.php?rest_route=%2Fwp%2Fv2%2Fcomments&post=220"}],"wp:featuredmedia":[{"embeddable":true,"href":"https:\/\/gambinieditore.studiozerocinque.it\/index.php?rest_route=\/wp\/v2\/media\/219"}],"wp:attachment":[{"href":"https:\/\/gambinieditore.studiozerocinque.it\/index.php?rest_route=%2Fwp%2Fv2%2Fmedia&parent=220"}],"wp:term":[{"taxonomy":"product_brand","embeddable":true,"href":"https:\/\/gambinieditore.studiozerocinque.it\/index.php?rest_route=%2Fwp%2Fv2%2Fproduct_brand&post=220"},{"taxonomy":"product_cat","embeddable":true,"href":"https:\/\/gambinieditore.studiozerocinque.it\/index.php?rest_route=%2Fwp%2Fv2%2Fproduct_cat&post=220"},{"taxonomy":"product_tag","embeddable":true,"href":"https:\/\/gambinieditore.studiozerocinque.it\/index.php?rest_route=%2Fwp%2Fv2%2Fproduct_tag&post=220"}],"curies":[{"name":"wp","href":"https:\/\/api.w.org\/{rel}","templated":true}]}}