{"id":418,"date":"2022-02-11T18:42:58","date_gmt":"2022-02-11T17:42:58","guid":{"rendered":"https:\/\/gambinieditore.studiozerocinque.it\/prodotto\/le-voci-di-dentro-di-corrado-de-bari\/"},"modified":"2022-02-11T18:42:58","modified_gmt":"2022-02-11T17:42:58","slug":"le-voci-di-dentro-di-corrado-de-bari","status":"publish","type":"product","link":"https:\/\/gambinieditore.studiozerocinque.it\/?product=le-voci-di-dentro-di-corrado-de-bari","title":{"rendered":"Le voci di dentro, di Corrado De Bari"},"content":{"rendered":"<p>&#8220;In questo lavoro ho lasciato parlare quella parte pi\u00f9 intima della mia anima, i viottoli nascosti del mio cuore. Ho volutamente alternato pensieri poetici a considerazioni prosaiche per far giungere ad ogni lettore il mio messaggio di speranza e di forza che non deve mai abbandonarci. Credo che molti si riconosceranno in questi versi, perch\u00e9 sono gli stessi comuni sentimenti che ci attraversano. Molti li celano, per paura o per vergogna o forse perch\u00e9 non riescono ad esprimerli. Dire la verit\u00e0\u00a0 a volte fa male, ma io ho sempre preferito la lealt\u00e0\u00a0 dei sentimenti piuttosto che indossare maschere, forse per questo in alcuni periodi della mia vita sono rimasto solo. Mi \u00e9 servito a capire me stesso e cosa volevo dagli altri. La positivit\u00e0\u00a0 mi contraddistingue e penso che sia il pi\u00f9 bel dono che io abbia, perch\u00e9 anche quando si addensano nubi scure sul mio cammino, riesco sempre a vedere un raggio di sole.&#8221;<\/p>\n","protected":false},"excerpt":{"rendered":"<p>Poesie<\/p>\n","protected":false},"featured_media":417,"comment_status":"open","ping_status":"closed","template":"","meta":[],"product_brand":[],"product_cat":[18],"product_tag":[],"class_list":{"0":"post-418","1":"product","2":"type-product","3":"status-publish","4":"has-post-thumbnail","6":"product_cat-libri","8":"first","9":"instock","10":"shipping-taxable","11":"purchasable","12":"product-type-simple"},"yoast_head":"<!-- This site is optimized with the Yoast SEO plugin v25.9 - https:\/\/yoast.com\/wordpress\/plugins\/seo\/ -->\n<title>Le voci di dentro, di Corrado De Bari - Gambini Editore<\/title>\n<meta name=\"robots\" content=\"noindex, follow, max-snippet:-1, max-image-preview:large, max-video-preview:-1\" \/>\n<meta property=\"og:locale\" content=\"it_IT\" \/>\n<meta property=\"og:type\" content=\"article\" \/>\n<meta property=\"og:title\" content=\"Le voci di dentro, di Corrado De Bari - Gambini Editore\" \/>\n<meta property=\"og:description\" content=\"Poesie\" \/>\n<meta property=\"og:url\" content=\"https:\/\/gambinieditore.studiozerocinque.it\/?product=le-voci-di-dentro-di-corrado-de-bari\" \/>\n<meta property=\"og:site_name\" content=\"Gambini Editore\" \/>\n<meta property=\"og:image\" content=\"https:\/\/gambinieditore.studiozerocinque.it\/wp-content\/uploads\/2022\/02\/223-Le-voci-di-dentro-di-Corrado-De-Bari.jpg\" \/>\n\t<meta property=\"og:image:width\" content=\"746\" \/>\n\t<meta property=\"og:image:height\" content=\"1046\" \/>\n\t<meta property=\"og:image:type\" content=\"image\/jpeg\" \/>\n<meta name=\"twitter:card\" content=\"summary_large_image\" \/>\n<meta name=\"twitter:label1\" content=\"Tempo di lettura stimato\" \/>\n\t<meta name=\"twitter:data1\" content=\"1 minuto\" \/>\n<script type=\"application\/ld+json\" class=\"yoast-schema-graph\">{\"@context\":\"https:\/\/schema.org\",\"@graph\":[{\"@type\":\"WebPage\",\"@id\":\"https:\/\/gambinieditore.studiozerocinque.it\/?product=le-voci-di-dentro-di-corrado-de-bari\",\"url\":\"https:\/\/gambinieditore.studiozerocinque.it\/?product=le-voci-di-dentro-di-corrado-de-bari\",\"name\":\"Le voci di dentro, di Corrado De Bari - Gambini Editore\",\"isPartOf\":{\"@id\":\"https:\/\/gambinieditore.studiozerocinque.it\/#website\"},\"primaryImageOfPage\":{\"@id\":\"https:\/\/gambinieditore.studiozerocinque.it\/?product=le-voci-di-dentro-di-corrado-de-bari#primaryimage\"},\"image\":{\"@id\":\"https:\/\/gambinieditore.studiozerocinque.it\/?product=le-voci-di-dentro-di-corrado-de-bari#primaryimage\"},\"thumbnailUrl\":\"https:\/\/gambinieditore.studiozerocinque.it\/wp-content\/uploads\/2022\/02\/223-Le-voci-di-dentro-di-Corrado-De-Bari.jpg\",\"datePublished\":\"2022-02-11T17:42:58+00:00\",\"breadcrumb\":{\"@id\":\"https:\/\/gambinieditore.studiozerocinque.it\/?product=le-voci-di-dentro-di-corrado-de-bari#breadcrumb\"},\"inLanguage\":\"it-IT\",\"potentialAction\":[{\"@type\":\"ReadAction\",\"target\":[\"https:\/\/gambinieditore.studiozerocinque.it\/?product=le-voci-di-dentro-di-corrado-de-bari\"]}]},{\"@type\":\"ImageObject\",\"inLanguage\":\"it-IT\",\"@id\":\"https:\/\/gambinieditore.studiozerocinque.it\/?product=le-voci-di-dentro-di-corrado-de-bari#primaryimage\",\"url\":\"https:\/\/gambinieditore.studiozerocinque.it\/wp-content\/uploads\/2022\/02\/223-Le-voci-di-dentro-di-Corrado-De-Bari.jpg\",\"contentUrl\":\"https:\/\/gambinieditore.studiozerocinque.it\/wp-content\/uploads\/2022\/02\/223-Le-voci-di-dentro-di-Corrado-De-Bari.jpg\",\"width\":746,\"height\":1046,\"caption\":\"Le voci di dentro, di Corrado De Bari\"},{\"@type\":\"BreadcrumbList\",\"@id\":\"https:\/\/gambinieditore.studiozerocinque.it\/?product=le-voci-di-dentro-di-corrado-de-bari#breadcrumb\",\"itemListElement\":[{\"@type\":\"ListItem\",\"position\":1,\"name\":\"Home\",\"item\":\"https:\/\/gambinieditore.studiozerocinque.it\/\"},{\"@type\":\"ListItem\",\"position\":2,\"name\":\"Catalogo\",\"item\":\"https:\/\/gambinieditore.studiozerocinque.it\/?page_id=7\"},{\"@type\":\"ListItem\",\"position\":3,\"name\":\"Le voci di dentro, di Corrado De Bari\"}]},{\"@type\":\"WebSite\",\"@id\":\"https:\/\/gambinieditore.studiozerocinque.it\/#website\",\"url\":\"https:\/\/gambinieditore.studiozerocinque.it\/\",\"name\":\"Gambini Editore\",\"description\":\"\",\"potentialAction\":[{\"@type\":\"SearchAction\",\"target\":{\"@type\":\"EntryPoint\",\"urlTemplate\":\"https:\/\/gambinieditore.studiozerocinque.it\/?s={search_term_string}\"},\"query-input\":{\"@type\":\"PropertyValueSpecification\",\"valueRequired\":true,\"valueName\":\"search_term_string\"}}],\"inLanguage\":\"it-IT\"}]}<\/script>\n<!-- \/ Yoast SEO plugin. -->","yoast_head_json":{"title":"Le voci di dentro, di Corrado De Bari - Gambini Editore","robots":{"index":"noindex","follow":"follow","max-snippet":"max-snippet:-1","max-image-preview":"max-image-preview:large","max-video-preview":"max-video-preview:-1"},"og_locale":"it_IT","og_type":"article","og_title":"Le voci di dentro, di Corrado De Bari - Gambini Editore","og_description":"Poesie","og_url":"https:\/\/gambinieditore.studiozerocinque.it\/?product=le-voci-di-dentro-di-corrado-de-bari","og_site_name":"Gambini Editore","og_image":[{"width":746,"height":1046,"url":"https:\/\/gambinieditore.studiozerocinque.it\/wp-content\/uploads\/2022\/02\/223-Le-voci-di-dentro-di-Corrado-De-Bari.jpg","type":"image\/jpeg"}],"twitter_card":"summary_large_image","twitter_misc":{"Tempo di lettura stimato":"1 minuto"},"schema":{"@context":"https:\/\/schema.org","@graph":[{"@type":"WebPage","@id":"https:\/\/gambinieditore.studiozerocinque.it\/?product=le-voci-di-dentro-di-corrado-de-bari","url":"https:\/\/gambinieditore.studiozerocinque.it\/?product=le-voci-di-dentro-di-corrado-de-bari","name":"Le voci di dentro, di Corrado De Bari - Gambini Editore","isPartOf":{"@id":"https:\/\/gambinieditore.studiozerocinque.it\/#website"},"primaryImageOfPage":{"@id":"https:\/\/gambinieditore.studiozerocinque.it\/?product=le-voci-di-dentro-di-corrado-de-bari#primaryimage"},"image":{"@id":"https:\/\/gambinieditore.studiozerocinque.it\/?product=le-voci-di-dentro-di-corrado-de-bari#primaryimage"},"thumbnailUrl":"https:\/\/gambinieditore.studiozerocinque.it\/wp-content\/uploads\/2022\/02\/223-Le-voci-di-dentro-di-Corrado-De-Bari.jpg","datePublished":"2022-02-11T17:42:58+00:00","breadcrumb":{"@id":"https:\/\/gambinieditore.studiozerocinque.it\/?product=le-voci-di-dentro-di-corrado-de-bari#breadcrumb"},"inLanguage":"it-IT","potentialAction":[{"@type":"ReadAction","target":["https:\/\/gambinieditore.studiozerocinque.it\/?product=le-voci-di-dentro-di-corrado-de-bari"]}]},{"@type":"ImageObject","inLanguage":"it-IT","@id":"https:\/\/gambinieditore.studiozerocinque.it\/?product=le-voci-di-dentro-di-corrado-de-bari#primaryimage","url":"https:\/\/gambinieditore.studiozerocinque.it\/wp-content\/uploads\/2022\/02\/223-Le-voci-di-dentro-di-Corrado-De-Bari.jpg","contentUrl":"https:\/\/gambinieditore.studiozerocinque.it\/wp-content\/uploads\/2022\/02\/223-Le-voci-di-dentro-di-Corrado-De-Bari.jpg","width":746,"height":1046,"caption":"Le voci di dentro, di Corrado De Bari"},{"@type":"BreadcrumbList","@id":"https:\/\/gambinieditore.studiozerocinque.it\/?product=le-voci-di-dentro-di-corrado-de-bari#breadcrumb","itemListElement":[{"@type":"ListItem","position":1,"name":"Home","item":"https:\/\/gambinieditore.studiozerocinque.it\/"},{"@type":"ListItem","position":2,"name":"Catalogo","item":"https:\/\/gambinieditore.studiozerocinque.it\/?page_id=7"},{"@type":"ListItem","position":3,"name":"Le voci di dentro, di Corrado De Bari"}]},{"@type":"WebSite","@id":"https:\/\/gambinieditore.studiozerocinque.it\/#website","url":"https:\/\/gambinieditore.studiozerocinque.it\/","name":"Gambini Editore","description":"","potentialAction":[{"@type":"SearchAction","target":{"@type":"EntryPoint","urlTemplate":"https:\/\/gambinieditore.studiozerocinque.it\/?s={search_term_string}"},"query-input":{"@type":"PropertyValueSpecification","valueRequired":true,"valueName":"search_term_string"}}],"inLanguage":"it-IT"}]}},"_links":{"self":[{"href":"https:\/\/gambinieditore.studiozerocinque.it\/index.php?rest_route=\/wp\/v2\/product\/418","targetHints":{"allow":["GET"]}}],"collection":[{"href":"https:\/\/gambinieditore.studiozerocinque.it\/index.php?rest_route=\/wp\/v2\/product"}],"about":[{"href":"https:\/\/gambinieditore.studiozerocinque.it\/index.php?rest_route=\/wp\/v2\/types\/product"}],"replies":[{"embeddable":true,"href":"https:\/\/gambinieditore.studiozerocinque.it\/index.php?rest_route=%2Fwp%2Fv2%2Fcomments&post=418"}],"wp:featuredmedia":[{"embeddable":true,"href":"https:\/\/gambinieditore.studiozerocinque.it\/index.php?rest_route=\/wp\/v2\/media\/417"}],"wp:attachment":[{"href":"https:\/\/gambinieditore.studiozerocinque.it\/index.php?rest_route=%2Fwp%2Fv2%2Fmedia&parent=418"}],"wp:term":[{"taxonomy":"product_brand","embeddable":true,"href":"https:\/\/gambinieditore.studiozerocinque.it\/index.php?rest_route=%2Fwp%2Fv2%2Fproduct_brand&post=418"},{"taxonomy":"product_cat","embeddable":true,"href":"https:\/\/gambinieditore.studiozerocinque.it\/index.php?rest_route=%2Fwp%2Fv2%2Fproduct_cat&post=418"},{"taxonomy":"product_tag","embeddable":true,"href":"https:\/\/gambinieditore.studiozerocinque.it\/index.php?rest_route=%2Fwp%2Fv2%2Fproduct_tag&post=418"}],"curies":[{"name":"wp","href":"https:\/\/api.w.org\/{rel}","templated":true}]}}