{"id":424,"date":"2022-02-11T18:42:58","date_gmt":"2022-02-11T17:42:58","guid":{"rendered":"https:\/\/gambinieditore.studiozerocinque.it\/prodotto\/la-luna-e-la-panchina-di-umberto-coro\/"},"modified":"2022-02-11T18:42:58","modified_gmt":"2022-02-11T17:42:58","slug":"la-luna-e-la-panchina-di-umberto-coro","status":"publish","type":"product","link":"https:\/\/gambinieditore.studiozerocinque.it\/?product=la-luna-e-la-panchina-di-umberto-coro","title":{"rendered":"La luna e la panchina, di Umberto Coro"},"content":{"rendered":"<p>&#8220;C&#8217;\u00e9 una porta speciale, quella del cuore, che s&#8217;apre quando meno te lo aspetti e dietro c&#8217;\u00e9 un tesoro immenso&#8221;. Umberto Coro \u00e9 stato definito &#8220;un artista della speranza&#8221; e mai definizione \u00e9 stata pi\u00f9 appropriata. &#8220;La luna e la panchina&#8221;, \u00e9 un pi\u00e9ce teatrale toccante e originale, ma soprattutto \u00e9 poesia, voce dell&#8217;anima che emerge dal profondo per portare luce nell&#8217;oscurit\u00e0\u00a0. L&#8217;autore nel suo intimo dialogo con la luna ci conduce alla radice della sua esperienza di rinascita, che poggia sull&#8217;amore, sul rispetto e sul perdono. E pagina dopo pagina fa vivere al lettore il miracolo dell&#8217;arte come strumento di catarsi, come cura e balsamo per le ferite del cuore, dello spirito e della mente.<\/p>\n","protected":false},"excerpt":{"rendered":"<p>La luna e la panchina<\/p>\n","protected":false},"featured_media":423,"comment_status":"open","ping_status":"closed","template":"","meta":[],"product_brand":[],"product_cat":[18],"product_tag":[],"class_list":{"0":"post-424","1":"product","2":"type-product","3":"status-publish","4":"has-post-thumbnail","6":"product_cat-libri","8":"first","9":"instock","10":"shipping-taxable","11":"purchasable","12":"product-type-simple"},"yoast_head":"<!-- This site is optimized with the Yoast SEO plugin v25.9 - https:\/\/yoast.com\/wordpress\/plugins\/seo\/ -->\n<title>La luna e la panchina, di Umberto Coro - Gambini Editore<\/title>\n<meta name=\"robots\" content=\"noindex, follow, max-snippet:-1, max-image-preview:large, max-video-preview:-1\" \/>\n<meta property=\"og:locale\" content=\"it_IT\" \/>\n<meta property=\"og:type\" content=\"article\" \/>\n<meta property=\"og:title\" content=\"La luna e la panchina, di Umberto Coro - Gambini Editore\" \/>\n<meta property=\"og:description\" content=\"La luna e la panchina\" \/>\n<meta property=\"og:url\" content=\"https:\/\/gambinieditore.studiozerocinque.it\/?product=la-luna-e-la-panchina-di-umberto-coro\" \/>\n<meta property=\"og:site_name\" content=\"Gambini Editore\" \/>\n<meta property=\"og:image\" content=\"https:\/\/gambinieditore.studiozerocinque.it\/wp-content\/uploads\/2022\/02\/226-La-luna-e-la-panchina-di-Umberto-Coro.jpg\" \/>\n\t<meta property=\"og:image:width\" content=\"740\" \/>\n\t<meta property=\"og:image:height\" content=\"1048\" \/>\n\t<meta property=\"og:image:type\" content=\"image\/jpeg\" \/>\n<meta name=\"twitter:card\" content=\"summary_large_image\" \/>\n<meta name=\"twitter:label1\" content=\"Tempo di lettura stimato\" \/>\n\t<meta name=\"twitter:data1\" content=\"1 minuto\" \/>\n<script type=\"application\/ld+json\" class=\"yoast-schema-graph\">{\"@context\":\"https:\/\/schema.org\",\"@graph\":[{\"@type\":\"WebPage\",\"@id\":\"https:\/\/gambinieditore.studiozerocinque.it\/?product=la-luna-e-la-panchina-di-umberto-coro\",\"url\":\"https:\/\/gambinieditore.studiozerocinque.it\/?product=la-luna-e-la-panchina-di-umberto-coro\",\"name\":\"La luna e la panchina, di Umberto Coro - Gambini Editore\",\"isPartOf\":{\"@id\":\"https:\/\/gambinieditore.studiozerocinque.it\/#website\"},\"primaryImageOfPage\":{\"@id\":\"https:\/\/gambinieditore.studiozerocinque.it\/?product=la-luna-e-la-panchina-di-umberto-coro#primaryimage\"},\"image\":{\"@id\":\"https:\/\/gambinieditore.studiozerocinque.it\/?product=la-luna-e-la-panchina-di-umberto-coro#primaryimage\"},\"thumbnailUrl\":\"https:\/\/gambinieditore.studiozerocinque.it\/wp-content\/uploads\/2022\/02\/226-La-luna-e-la-panchina-di-Umberto-Coro.jpg\",\"datePublished\":\"2022-02-11T17:42:58+00:00\",\"breadcrumb\":{\"@id\":\"https:\/\/gambinieditore.studiozerocinque.it\/?product=la-luna-e-la-panchina-di-umberto-coro#breadcrumb\"},\"inLanguage\":\"it-IT\",\"potentialAction\":[{\"@type\":\"ReadAction\",\"target\":[\"https:\/\/gambinieditore.studiozerocinque.it\/?product=la-luna-e-la-panchina-di-umberto-coro\"]}]},{\"@type\":\"ImageObject\",\"inLanguage\":\"it-IT\",\"@id\":\"https:\/\/gambinieditore.studiozerocinque.it\/?product=la-luna-e-la-panchina-di-umberto-coro#primaryimage\",\"url\":\"https:\/\/gambinieditore.studiozerocinque.it\/wp-content\/uploads\/2022\/02\/226-La-luna-e-la-panchina-di-Umberto-Coro.jpg\",\"contentUrl\":\"https:\/\/gambinieditore.studiozerocinque.it\/wp-content\/uploads\/2022\/02\/226-La-luna-e-la-panchina-di-Umberto-Coro.jpg\",\"width\":740,\"height\":1048,\"caption\":\"La luna e la panchina, di Umberto Coro\"},{\"@type\":\"BreadcrumbList\",\"@id\":\"https:\/\/gambinieditore.studiozerocinque.it\/?product=la-luna-e-la-panchina-di-umberto-coro#breadcrumb\",\"itemListElement\":[{\"@type\":\"ListItem\",\"position\":1,\"name\":\"Home\",\"item\":\"https:\/\/gambinieditore.studiozerocinque.it\/\"},{\"@type\":\"ListItem\",\"position\":2,\"name\":\"Catalogo\",\"item\":\"https:\/\/gambinieditore.studiozerocinque.it\/?page_id=7\"},{\"@type\":\"ListItem\",\"position\":3,\"name\":\"La luna e la panchina, di Umberto Coro\"}]},{\"@type\":\"WebSite\",\"@id\":\"https:\/\/gambinieditore.studiozerocinque.it\/#website\",\"url\":\"https:\/\/gambinieditore.studiozerocinque.it\/\",\"name\":\"Gambini Editore\",\"description\":\"\",\"potentialAction\":[{\"@type\":\"SearchAction\",\"target\":{\"@type\":\"EntryPoint\",\"urlTemplate\":\"https:\/\/gambinieditore.studiozerocinque.it\/?s={search_term_string}\"},\"query-input\":{\"@type\":\"PropertyValueSpecification\",\"valueRequired\":true,\"valueName\":\"search_term_string\"}}],\"inLanguage\":\"it-IT\"}]}<\/script>\n<!-- \/ Yoast SEO plugin. -->","yoast_head_json":{"title":"La luna e la panchina, di Umberto Coro - Gambini Editore","robots":{"index":"noindex","follow":"follow","max-snippet":"max-snippet:-1","max-image-preview":"max-image-preview:large","max-video-preview":"max-video-preview:-1"},"og_locale":"it_IT","og_type":"article","og_title":"La luna e la panchina, di Umberto Coro - Gambini Editore","og_description":"La luna e la panchina","og_url":"https:\/\/gambinieditore.studiozerocinque.it\/?product=la-luna-e-la-panchina-di-umberto-coro","og_site_name":"Gambini Editore","og_image":[{"width":740,"height":1048,"url":"https:\/\/gambinieditore.studiozerocinque.it\/wp-content\/uploads\/2022\/02\/226-La-luna-e-la-panchina-di-Umberto-Coro.jpg","type":"image\/jpeg"}],"twitter_card":"summary_large_image","twitter_misc":{"Tempo di lettura stimato":"1 minuto"},"schema":{"@context":"https:\/\/schema.org","@graph":[{"@type":"WebPage","@id":"https:\/\/gambinieditore.studiozerocinque.it\/?product=la-luna-e-la-panchina-di-umberto-coro","url":"https:\/\/gambinieditore.studiozerocinque.it\/?product=la-luna-e-la-panchina-di-umberto-coro","name":"La luna e la panchina, di Umberto Coro - Gambini Editore","isPartOf":{"@id":"https:\/\/gambinieditore.studiozerocinque.it\/#website"},"primaryImageOfPage":{"@id":"https:\/\/gambinieditore.studiozerocinque.it\/?product=la-luna-e-la-panchina-di-umberto-coro#primaryimage"},"image":{"@id":"https:\/\/gambinieditore.studiozerocinque.it\/?product=la-luna-e-la-panchina-di-umberto-coro#primaryimage"},"thumbnailUrl":"https:\/\/gambinieditore.studiozerocinque.it\/wp-content\/uploads\/2022\/02\/226-La-luna-e-la-panchina-di-Umberto-Coro.jpg","datePublished":"2022-02-11T17:42:58+00:00","breadcrumb":{"@id":"https:\/\/gambinieditore.studiozerocinque.it\/?product=la-luna-e-la-panchina-di-umberto-coro#breadcrumb"},"inLanguage":"it-IT","potentialAction":[{"@type":"ReadAction","target":["https:\/\/gambinieditore.studiozerocinque.it\/?product=la-luna-e-la-panchina-di-umberto-coro"]}]},{"@type":"ImageObject","inLanguage":"it-IT","@id":"https:\/\/gambinieditore.studiozerocinque.it\/?product=la-luna-e-la-panchina-di-umberto-coro#primaryimage","url":"https:\/\/gambinieditore.studiozerocinque.it\/wp-content\/uploads\/2022\/02\/226-La-luna-e-la-panchina-di-Umberto-Coro.jpg","contentUrl":"https:\/\/gambinieditore.studiozerocinque.it\/wp-content\/uploads\/2022\/02\/226-La-luna-e-la-panchina-di-Umberto-Coro.jpg","width":740,"height":1048,"caption":"La luna e la panchina, di Umberto Coro"},{"@type":"BreadcrumbList","@id":"https:\/\/gambinieditore.studiozerocinque.it\/?product=la-luna-e-la-panchina-di-umberto-coro#breadcrumb","itemListElement":[{"@type":"ListItem","position":1,"name":"Home","item":"https:\/\/gambinieditore.studiozerocinque.it\/"},{"@type":"ListItem","position":2,"name":"Catalogo","item":"https:\/\/gambinieditore.studiozerocinque.it\/?page_id=7"},{"@type":"ListItem","position":3,"name":"La luna e la panchina, di Umberto Coro"}]},{"@type":"WebSite","@id":"https:\/\/gambinieditore.studiozerocinque.it\/#website","url":"https:\/\/gambinieditore.studiozerocinque.it\/","name":"Gambini Editore","description":"","potentialAction":[{"@type":"SearchAction","target":{"@type":"EntryPoint","urlTemplate":"https:\/\/gambinieditore.studiozerocinque.it\/?s={search_term_string}"},"query-input":{"@type":"PropertyValueSpecification","valueRequired":true,"valueName":"search_term_string"}}],"inLanguage":"it-IT"}]}},"_links":{"self":[{"href":"https:\/\/gambinieditore.studiozerocinque.it\/index.php?rest_route=\/wp\/v2\/product\/424","targetHints":{"allow":["GET"]}}],"collection":[{"href":"https:\/\/gambinieditore.studiozerocinque.it\/index.php?rest_route=\/wp\/v2\/product"}],"about":[{"href":"https:\/\/gambinieditore.studiozerocinque.it\/index.php?rest_route=\/wp\/v2\/types\/product"}],"replies":[{"embeddable":true,"href":"https:\/\/gambinieditore.studiozerocinque.it\/index.php?rest_route=%2Fwp%2Fv2%2Fcomments&post=424"}],"wp:featuredmedia":[{"embeddable":true,"href":"https:\/\/gambinieditore.studiozerocinque.it\/index.php?rest_route=\/wp\/v2\/media\/423"}],"wp:attachment":[{"href":"https:\/\/gambinieditore.studiozerocinque.it\/index.php?rest_route=%2Fwp%2Fv2%2Fmedia&parent=424"}],"wp:term":[{"taxonomy":"product_brand","embeddable":true,"href":"https:\/\/gambinieditore.studiozerocinque.it\/index.php?rest_route=%2Fwp%2Fv2%2Fproduct_brand&post=424"},{"taxonomy":"product_cat","embeddable":true,"href":"https:\/\/gambinieditore.studiozerocinque.it\/index.php?rest_route=%2Fwp%2Fv2%2Fproduct_cat&post=424"},{"taxonomy":"product_tag","embeddable":true,"href":"https:\/\/gambinieditore.studiozerocinque.it\/index.php?rest_route=%2Fwp%2Fv2%2Fproduct_tag&post=424"}],"curies":[{"name":"wp","href":"https:\/\/api.w.org\/{rel}","templated":true}]}}