{"id":482,"date":"2022-02-11T18:43:15","date_gmt":"2022-02-11T17:43:15","guid":{"rendered":"https:\/\/gambinieditore.studiozerocinque.it\/prodotto\/verrebbe-voglia-racconti-di-francesca-pontiggia\/"},"modified":"2022-02-11T18:43:15","modified_gmt":"2022-02-11T17:43:15","slug":"verrebbe-voglia-racconti-di-francesca-pontiggia","status":"publish","type":"product","link":"https:\/\/gambinieditore.studiozerocinque.it\/?product=verrebbe-voglia-racconti-di-francesca-pontiggia","title":{"rendered":"Verrebbe voglia. Racconti di Francesca Pontiggia"},"content":{"rendered":"<p>I personaggi di questi racconti comunicano sentimentie gesti attraverso il proprio essere e ci conducono nelleloro vicende personali con riserbo, senza mai alzarela voce, facendosi amare o odiare, compatire o disprezzare. Grazie a una scrittura controllata e alla descrizione di particolari che esprimono emozioni e statid&#8217;animo, l&#8217;autrice affronta i temi della diversit\u00e0\u00a0, dellamalattia e della solitudine con vigore e nitidezza.<br \/>Nei racconti la natura, il pi\u00f9 delle volte la montagna, \u00e9 presente come personaggio attivo, pi\u00f9 che come sfondo, che interviene intensamente nelle storie instaurando un rapporto di simbiosi con i protagonisti. Natura che \u00e9 mondo in cui sopravvivono radici arcaiche, luogo di esclusione e relegazione, sfida contro l&#8217;ineluttabilit\u00e0\u00a0del destino e sorgente di vita nella disperazione.<\/p>\n","protected":false},"excerpt":{"rendered":"<p>VERREBBE VOGLIA.\u00a0 Racconti di Francesca Pontiggia<\/p>\n","protected":false},"featured_media":481,"comment_status":"open","ping_status":"closed","template":"","meta":[],"product_brand":[],"product_cat":[18],"product_tag":[],"class_list":{"0":"post-482","1":"product","2":"type-product","3":"status-publish","4":"has-post-thumbnail","6":"product_cat-libri","8":"first","9":"instock","10":"shipping-taxable","11":"purchasable","12":"product-type-simple"},"yoast_head":"<!-- This site is optimized with the Yoast SEO plugin v25.9 - https:\/\/yoast.com\/wordpress\/plugins\/seo\/ -->\n<title>Verrebbe voglia. Racconti di Francesca Pontiggia - Gambini Editore<\/title>\n<meta name=\"robots\" content=\"noindex, follow, max-snippet:-1, max-image-preview:large, max-video-preview:-1\" \/>\n<meta property=\"og:locale\" content=\"it_IT\" \/>\n<meta property=\"og:type\" content=\"article\" \/>\n<meta property=\"og:title\" content=\"Verrebbe voglia. Racconti di Francesca Pontiggia - Gambini Editore\" \/>\n<meta property=\"og:description\" content=\"VERREBBE VOGLIA.\u00a0 Racconti di Francesca Pontiggia\" \/>\n<meta property=\"og:url\" content=\"https:\/\/gambinieditore.studiozerocinque.it\/?product=verrebbe-voglia-racconti-di-francesca-pontiggia\" \/>\n<meta property=\"og:site_name\" content=\"Gambini Editore\" \/>\n<meta property=\"og:image\" content=\"https:\/\/gambinieditore.studiozerocinque.it\/wp-content\/uploads\/2022\/02\/257-Verrebbe-voglia.-Racconti-di-Francesca-Pontiggia.jpg\" \/>\n\t<meta property=\"og:image:width\" content=\"282\" \/>\n\t<meta property=\"og:image:height\" content=\"404\" \/>\n\t<meta property=\"og:image:type\" content=\"image\/jpeg\" \/>\n<meta name=\"twitter:card\" content=\"summary_large_image\" \/>\n<meta name=\"twitter:label1\" content=\"Tempo di lettura stimato\" \/>\n\t<meta name=\"twitter:data1\" content=\"1 minuto\" \/>\n<script type=\"application\/ld+json\" class=\"yoast-schema-graph\">{\"@context\":\"https:\/\/schema.org\",\"@graph\":[{\"@type\":\"WebPage\",\"@id\":\"https:\/\/gambinieditore.studiozerocinque.it\/?product=verrebbe-voglia-racconti-di-francesca-pontiggia\",\"url\":\"https:\/\/gambinieditore.studiozerocinque.it\/?product=verrebbe-voglia-racconti-di-francesca-pontiggia\",\"name\":\"Verrebbe voglia. Racconti di Francesca Pontiggia - Gambini Editore\",\"isPartOf\":{\"@id\":\"https:\/\/gambinieditore.studiozerocinque.it\/#website\"},\"primaryImageOfPage\":{\"@id\":\"https:\/\/gambinieditore.studiozerocinque.it\/?product=verrebbe-voglia-racconti-di-francesca-pontiggia#primaryimage\"},\"image\":{\"@id\":\"https:\/\/gambinieditore.studiozerocinque.it\/?product=verrebbe-voglia-racconti-di-francesca-pontiggia#primaryimage\"},\"thumbnailUrl\":\"https:\/\/gambinieditore.studiozerocinque.it\/wp-content\/uploads\/2022\/02\/257-Verrebbe-voglia.-Racconti-di-Francesca-Pontiggia.jpg\",\"datePublished\":\"2022-02-11T17:43:15+00:00\",\"breadcrumb\":{\"@id\":\"https:\/\/gambinieditore.studiozerocinque.it\/?product=verrebbe-voglia-racconti-di-francesca-pontiggia#breadcrumb\"},\"inLanguage\":\"it-IT\",\"potentialAction\":[{\"@type\":\"ReadAction\",\"target\":[\"https:\/\/gambinieditore.studiozerocinque.it\/?product=verrebbe-voglia-racconti-di-francesca-pontiggia\"]}]},{\"@type\":\"ImageObject\",\"inLanguage\":\"it-IT\",\"@id\":\"https:\/\/gambinieditore.studiozerocinque.it\/?product=verrebbe-voglia-racconti-di-francesca-pontiggia#primaryimage\",\"url\":\"https:\/\/gambinieditore.studiozerocinque.it\/wp-content\/uploads\/2022\/02\/257-Verrebbe-voglia.-Racconti-di-Francesca-Pontiggia.jpg\",\"contentUrl\":\"https:\/\/gambinieditore.studiozerocinque.it\/wp-content\/uploads\/2022\/02\/257-Verrebbe-voglia.-Racconti-di-Francesca-Pontiggia.jpg\",\"width\":282,\"height\":404,\"caption\":\"Verrebbe voglia. Racconti di Francesca Pontiggia\"},{\"@type\":\"BreadcrumbList\",\"@id\":\"https:\/\/gambinieditore.studiozerocinque.it\/?product=verrebbe-voglia-racconti-di-francesca-pontiggia#breadcrumb\",\"itemListElement\":[{\"@type\":\"ListItem\",\"position\":1,\"name\":\"Home\",\"item\":\"https:\/\/gambinieditore.studiozerocinque.it\/\"},{\"@type\":\"ListItem\",\"position\":2,\"name\":\"Catalogo\",\"item\":\"https:\/\/gambinieditore.studiozerocinque.it\/?page_id=7\"},{\"@type\":\"ListItem\",\"position\":3,\"name\":\"Verrebbe voglia. Racconti di Francesca Pontiggia\"}]},{\"@type\":\"WebSite\",\"@id\":\"https:\/\/gambinieditore.studiozerocinque.it\/#website\",\"url\":\"https:\/\/gambinieditore.studiozerocinque.it\/\",\"name\":\"Gambini Editore\",\"description\":\"\",\"potentialAction\":[{\"@type\":\"SearchAction\",\"target\":{\"@type\":\"EntryPoint\",\"urlTemplate\":\"https:\/\/gambinieditore.studiozerocinque.it\/?s={search_term_string}\"},\"query-input\":{\"@type\":\"PropertyValueSpecification\",\"valueRequired\":true,\"valueName\":\"search_term_string\"}}],\"inLanguage\":\"it-IT\"}]}<\/script>\n<!-- \/ Yoast SEO plugin. -->","yoast_head_json":{"title":"Verrebbe voglia. Racconti di Francesca Pontiggia - Gambini Editore","robots":{"index":"noindex","follow":"follow","max-snippet":"max-snippet:-1","max-image-preview":"max-image-preview:large","max-video-preview":"max-video-preview:-1"},"og_locale":"it_IT","og_type":"article","og_title":"Verrebbe voglia. Racconti di Francesca Pontiggia - Gambini Editore","og_description":"VERREBBE VOGLIA.\u00a0 Racconti di Francesca Pontiggia","og_url":"https:\/\/gambinieditore.studiozerocinque.it\/?product=verrebbe-voglia-racconti-di-francesca-pontiggia","og_site_name":"Gambini Editore","og_image":[{"width":282,"height":404,"url":"https:\/\/gambinieditore.studiozerocinque.it\/wp-content\/uploads\/2022\/02\/257-Verrebbe-voglia.-Racconti-di-Francesca-Pontiggia.jpg","type":"image\/jpeg"}],"twitter_card":"summary_large_image","twitter_misc":{"Tempo di lettura stimato":"1 minuto"},"schema":{"@context":"https:\/\/schema.org","@graph":[{"@type":"WebPage","@id":"https:\/\/gambinieditore.studiozerocinque.it\/?product=verrebbe-voglia-racconti-di-francesca-pontiggia","url":"https:\/\/gambinieditore.studiozerocinque.it\/?product=verrebbe-voglia-racconti-di-francesca-pontiggia","name":"Verrebbe voglia. Racconti di Francesca Pontiggia - Gambini Editore","isPartOf":{"@id":"https:\/\/gambinieditore.studiozerocinque.it\/#website"},"primaryImageOfPage":{"@id":"https:\/\/gambinieditore.studiozerocinque.it\/?product=verrebbe-voglia-racconti-di-francesca-pontiggia#primaryimage"},"image":{"@id":"https:\/\/gambinieditore.studiozerocinque.it\/?product=verrebbe-voglia-racconti-di-francesca-pontiggia#primaryimage"},"thumbnailUrl":"https:\/\/gambinieditore.studiozerocinque.it\/wp-content\/uploads\/2022\/02\/257-Verrebbe-voglia.-Racconti-di-Francesca-Pontiggia.jpg","datePublished":"2022-02-11T17:43:15+00:00","breadcrumb":{"@id":"https:\/\/gambinieditore.studiozerocinque.it\/?product=verrebbe-voglia-racconti-di-francesca-pontiggia#breadcrumb"},"inLanguage":"it-IT","potentialAction":[{"@type":"ReadAction","target":["https:\/\/gambinieditore.studiozerocinque.it\/?product=verrebbe-voglia-racconti-di-francesca-pontiggia"]}]},{"@type":"ImageObject","inLanguage":"it-IT","@id":"https:\/\/gambinieditore.studiozerocinque.it\/?product=verrebbe-voglia-racconti-di-francesca-pontiggia#primaryimage","url":"https:\/\/gambinieditore.studiozerocinque.it\/wp-content\/uploads\/2022\/02\/257-Verrebbe-voglia.-Racconti-di-Francesca-Pontiggia.jpg","contentUrl":"https:\/\/gambinieditore.studiozerocinque.it\/wp-content\/uploads\/2022\/02\/257-Verrebbe-voglia.-Racconti-di-Francesca-Pontiggia.jpg","width":282,"height":404,"caption":"Verrebbe voglia. Racconti di Francesca Pontiggia"},{"@type":"BreadcrumbList","@id":"https:\/\/gambinieditore.studiozerocinque.it\/?product=verrebbe-voglia-racconti-di-francesca-pontiggia#breadcrumb","itemListElement":[{"@type":"ListItem","position":1,"name":"Home","item":"https:\/\/gambinieditore.studiozerocinque.it\/"},{"@type":"ListItem","position":2,"name":"Catalogo","item":"https:\/\/gambinieditore.studiozerocinque.it\/?page_id=7"},{"@type":"ListItem","position":3,"name":"Verrebbe voglia. Racconti di Francesca Pontiggia"}]},{"@type":"WebSite","@id":"https:\/\/gambinieditore.studiozerocinque.it\/#website","url":"https:\/\/gambinieditore.studiozerocinque.it\/","name":"Gambini Editore","description":"","potentialAction":[{"@type":"SearchAction","target":{"@type":"EntryPoint","urlTemplate":"https:\/\/gambinieditore.studiozerocinque.it\/?s={search_term_string}"},"query-input":{"@type":"PropertyValueSpecification","valueRequired":true,"valueName":"search_term_string"}}],"inLanguage":"it-IT"}]}},"_links":{"self":[{"href":"https:\/\/gambinieditore.studiozerocinque.it\/index.php?rest_route=\/wp\/v2\/product\/482","targetHints":{"allow":["GET"]}}],"collection":[{"href":"https:\/\/gambinieditore.studiozerocinque.it\/index.php?rest_route=\/wp\/v2\/product"}],"about":[{"href":"https:\/\/gambinieditore.studiozerocinque.it\/index.php?rest_route=\/wp\/v2\/types\/product"}],"replies":[{"embeddable":true,"href":"https:\/\/gambinieditore.studiozerocinque.it\/index.php?rest_route=%2Fwp%2Fv2%2Fcomments&post=482"}],"wp:featuredmedia":[{"embeddable":true,"href":"https:\/\/gambinieditore.studiozerocinque.it\/index.php?rest_route=\/wp\/v2\/media\/481"}],"wp:attachment":[{"href":"https:\/\/gambinieditore.studiozerocinque.it\/index.php?rest_route=%2Fwp%2Fv2%2Fmedia&parent=482"}],"wp:term":[{"taxonomy":"product_brand","embeddable":true,"href":"https:\/\/gambinieditore.studiozerocinque.it\/index.php?rest_route=%2Fwp%2Fv2%2Fproduct_brand&post=482"},{"taxonomy":"product_cat","embeddable":true,"href":"https:\/\/gambinieditore.studiozerocinque.it\/index.php?rest_route=%2Fwp%2Fv2%2Fproduct_cat&post=482"},{"taxonomy":"product_tag","embeddable":true,"href":"https:\/\/gambinieditore.studiozerocinque.it\/index.php?rest_route=%2Fwp%2Fv2%2Fproduct_tag&post=482"}],"curies":[{"name":"wp","href":"https:\/\/api.w.org\/{rel}","templated":true}]}}