{"id":582,"date":"2022-02-11T18:44:08","date_gmt":"2022-02-11T17:44:08","guid":{"rendered":"https:\/\/gambinieditore.studiozerocinque.it\/prodotto\/pensieri-parole-opere-omissioni-poesie-e-prose\/"},"modified":"2025-09-11T10:00:38","modified_gmt":"2025-09-11T08:00:38","slug":"pensieri-parole-opere-omissioni-poesie-e-prose","status":"publish","type":"product","link":"https:\/\/gambinieditore.studiozerocinque.it\/?product=pensieri-parole-opere-omissioni-poesie-e-prose","title":{"rendered":"Pensieri parole opere omissioni. Poesie e prose"},"content":{"rendered":"<p>Ricordatevi sempre di essere voi stessi, non abbiate paura di far capire agli altri quali siano veramente i vostri sentimenti, le vostre emozioni e motivazioni, rivelate al prossimo la parte pi\u00f9 bella che alberga in voi. Concedetevi di essere spontanei, semplici anche se pu\u00f2 essere faticoso, mostratevi per quello che siete. In un mondo dove l&#8217;esprimersi liberamente senza costrizioni n\u00e9 vincoli \u00e9 ancora largamente considerato un tab\u00f9 e l&#8217;amore un sentimento da osteggiare, voi siate l&#8217;alternativa luminosa in quest&#8217;epoca offuscata e incerta.vAbbiate la sfrontatezza e il coraggio di sorridere e amare anche quando la tristezza vi assale, perch\u00e9 pi\u00f9 triste di un sorriso triste \u00e9 la tristezza di non saper sorridere.<\/p>\n","protected":false},"excerpt":{"rendered":"<p>PENSIERI PAROLE OPERE OMISSIONI. Poesie e prose di Sonny Fumagalli<\/p>\n","protected":false},"featured_media":581,"comment_status":"open","ping_status":"closed","template":"","meta":[],"product_brand":[],"product_cat":[18],"product_tag":[],"class_list":{"0":"post-582","1":"product","2":"type-product","3":"status-publish","4":"has-post-thumbnail","6":"product_cat-libri","8":"first","9":"instock","10":"shipping-taxable","11":"purchasable","12":"product-type-simple"},"yoast_head":"<!-- This site is optimized with the Yoast SEO plugin v25.9 - https:\/\/yoast.com\/wordpress\/plugins\/seo\/ -->\n<title>Pensieri parole opere omissioni. Poesie e prose - Gambini Editore<\/title>\n<meta name=\"robots\" content=\"noindex, follow, max-snippet:-1, max-image-preview:large, max-video-preview:-1\" \/>\n<meta property=\"og:locale\" content=\"it_IT\" \/>\n<meta property=\"og:type\" content=\"article\" \/>\n<meta property=\"og:title\" content=\"Pensieri parole opere omissioni. Poesie e prose - Gambini Editore\" \/>\n<meta property=\"og:description\" content=\"PENSIERI PAROLE OPERE OMISSIONI. Poesie e prose di Sonny Fumagalli\" \/>\n<meta property=\"og:url\" content=\"https:\/\/gambinieditore.studiozerocinque.it\/?product=pensieri-parole-opere-omissioni-poesie-e-prose\" \/>\n<meta property=\"og:site_name\" content=\"Gambini Editore\" \/>\n<meta property=\"article:modified_time\" content=\"2025-09-11T08:00:38+00:00\" \/>\n<meta property=\"og:image\" content=\"https:\/\/gambinieditore.studiozerocinque.it\/wp-content\/uploads\/2022\/02\/308-Pensieri-parole-opere-omissioni.-Poesie-e-prose.jpg\" \/>\n\t<meta property=\"og:image:width\" content=\"1750\" \/>\n\t<meta property=\"og:image:height\" content=\"2469\" \/>\n\t<meta property=\"og:image:type\" content=\"image\/jpeg\" \/>\n<meta name=\"twitter:card\" content=\"summary_large_image\" \/>\n<meta name=\"twitter:label1\" content=\"Tempo di lettura stimato\" \/>\n\t<meta name=\"twitter:data1\" content=\"1 minuto\" \/>\n<script type=\"application\/ld+json\" class=\"yoast-schema-graph\">{\"@context\":\"https:\/\/schema.org\",\"@graph\":[{\"@type\":\"WebPage\",\"@id\":\"https:\/\/gambinieditore.studiozerocinque.it\/?product=pensieri-parole-opere-omissioni-poesie-e-prose\",\"url\":\"https:\/\/gambinieditore.studiozerocinque.it\/?product=pensieri-parole-opere-omissioni-poesie-e-prose\",\"name\":\"Pensieri parole opere omissioni. Poesie e prose - Gambini Editore\",\"isPartOf\":{\"@id\":\"https:\/\/gambinieditore.studiozerocinque.it\/#website\"},\"primaryImageOfPage\":{\"@id\":\"https:\/\/gambinieditore.studiozerocinque.it\/?product=pensieri-parole-opere-omissioni-poesie-e-prose#primaryimage\"},\"image\":{\"@id\":\"https:\/\/gambinieditore.studiozerocinque.it\/?product=pensieri-parole-opere-omissioni-poesie-e-prose#primaryimage\"},\"thumbnailUrl\":\"https:\/\/gambinieditore.studiozerocinque.it\/wp-content\/uploads\/2022\/02\/308-Pensieri-parole-opere-omissioni.-Poesie-e-prose.jpg\",\"datePublished\":\"2022-02-11T17:44:08+00:00\",\"dateModified\":\"2025-09-11T08:00:38+00:00\",\"breadcrumb\":{\"@id\":\"https:\/\/gambinieditore.studiozerocinque.it\/?product=pensieri-parole-opere-omissioni-poesie-e-prose#breadcrumb\"},\"inLanguage\":\"it-IT\",\"potentialAction\":[{\"@type\":\"ReadAction\",\"target\":[\"https:\/\/gambinieditore.studiozerocinque.it\/?product=pensieri-parole-opere-omissioni-poesie-e-prose\"]}]},{\"@type\":\"ImageObject\",\"inLanguage\":\"it-IT\",\"@id\":\"https:\/\/gambinieditore.studiozerocinque.it\/?product=pensieri-parole-opere-omissioni-poesie-e-prose#primaryimage\",\"url\":\"https:\/\/gambinieditore.studiozerocinque.it\/wp-content\/uploads\/2022\/02\/308-Pensieri-parole-opere-omissioni.-Poesie-e-prose.jpg\",\"contentUrl\":\"https:\/\/gambinieditore.studiozerocinque.it\/wp-content\/uploads\/2022\/02\/308-Pensieri-parole-opere-omissioni.-Poesie-e-prose.jpg\",\"width\":1750,\"height\":2469,\"caption\":\"Pensieri parole opere omissioni. Poesie e prose\"},{\"@type\":\"BreadcrumbList\",\"@id\":\"https:\/\/gambinieditore.studiozerocinque.it\/?product=pensieri-parole-opere-omissioni-poesie-e-prose#breadcrumb\",\"itemListElement\":[{\"@type\":\"ListItem\",\"position\":1,\"name\":\"Home\",\"item\":\"https:\/\/gambinieditore.studiozerocinque.it\/\"},{\"@type\":\"ListItem\",\"position\":2,\"name\":\"Catalogo\",\"item\":\"https:\/\/gambinieditore.studiozerocinque.it\/?page_id=7\"},{\"@type\":\"ListItem\",\"position\":3,\"name\":\"Pensieri parole opere omissioni. Poesie e prose\"}]},{\"@type\":\"WebSite\",\"@id\":\"https:\/\/gambinieditore.studiozerocinque.it\/#website\",\"url\":\"https:\/\/gambinieditore.studiozerocinque.it\/\",\"name\":\"Gambini Editore\",\"description\":\"\",\"potentialAction\":[{\"@type\":\"SearchAction\",\"target\":{\"@type\":\"EntryPoint\",\"urlTemplate\":\"https:\/\/gambinieditore.studiozerocinque.it\/?s={search_term_string}\"},\"query-input\":{\"@type\":\"PropertyValueSpecification\",\"valueRequired\":true,\"valueName\":\"search_term_string\"}}],\"inLanguage\":\"it-IT\"}]}<\/script>\n<!-- \/ Yoast SEO plugin. -->","yoast_head_json":{"title":"Pensieri parole opere omissioni. Poesie e prose - Gambini Editore","robots":{"index":"noindex","follow":"follow","max-snippet":"max-snippet:-1","max-image-preview":"max-image-preview:large","max-video-preview":"max-video-preview:-1"},"og_locale":"it_IT","og_type":"article","og_title":"Pensieri parole opere omissioni. Poesie e prose - Gambini Editore","og_description":"PENSIERI PAROLE OPERE OMISSIONI. Poesie e prose di Sonny Fumagalli","og_url":"https:\/\/gambinieditore.studiozerocinque.it\/?product=pensieri-parole-opere-omissioni-poesie-e-prose","og_site_name":"Gambini Editore","article_modified_time":"2025-09-11T08:00:38+00:00","og_image":[{"width":1750,"height":2469,"url":"https:\/\/gambinieditore.studiozerocinque.it\/wp-content\/uploads\/2022\/02\/308-Pensieri-parole-opere-omissioni.-Poesie-e-prose.jpg","type":"image\/jpeg"}],"twitter_card":"summary_large_image","twitter_misc":{"Tempo di lettura stimato":"1 minuto"},"schema":{"@context":"https:\/\/schema.org","@graph":[{"@type":"WebPage","@id":"https:\/\/gambinieditore.studiozerocinque.it\/?product=pensieri-parole-opere-omissioni-poesie-e-prose","url":"https:\/\/gambinieditore.studiozerocinque.it\/?product=pensieri-parole-opere-omissioni-poesie-e-prose","name":"Pensieri parole opere omissioni. Poesie e prose - Gambini Editore","isPartOf":{"@id":"https:\/\/gambinieditore.studiozerocinque.it\/#website"},"primaryImageOfPage":{"@id":"https:\/\/gambinieditore.studiozerocinque.it\/?product=pensieri-parole-opere-omissioni-poesie-e-prose#primaryimage"},"image":{"@id":"https:\/\/gambinieditore.studiozerocinque.it\/?product=pensieri-parole-opere-omissioni-poesie-e-prose#primaryimage"},"thumbnailUrl":"https:\/\/gambinieditore.studiozerocinque.it\/wp-content\/uploads\/2022\/02\/308-Pensieri-parole-opere-omissioni.-Poesie-e-prose.jpg","datePublished":"2022-02-11T17:44:08+00:00","dateModified":"2025-09-11T08:00:38+00:00","breadcrumb":{"@id":"https:\/\/gambinieditore.studiozerocinque.it\/?product=pensieri-parole-opere-omissioni-poesie-e-prose#breadcrumb"},"inLanguage":"it-IT","potentialAction":[{"@type":"ReadAction","target":["https:\/\/gambinieditore.studiozerocinque.it\/?product=pensieri-parole-opere-omissioni-poesie-e-prose"]}]},{"@type":"ImageObject","inLanguage":"it-IT","@id":"https:\/\/gambinieditore.studiozerocinque.it\/?product=pensieri-parole-opere-omissioni-poesie-e-prose#primaryimage","url":"https:\/\/gambinieditore.studiozerocinque.it\/wp-content\/uploads\/2022\/02\/308-Pensieri-parole-opere-omissioni.-Poesie-e-prose.jpg","contentUrl":"https:\/\/gambinieditore.studiozerocinque.it\/wp-content\/uploads\/2022\/02\/308-Pensieri-parole-opere-omissioni.-Poesie-e-prose.jpg","width":1750,"height":2469,"caption":"Pensieri parole opere omissioni. Poesie e prose"},{"@type":"BreadcrumbList","@id":"https:\/\/gambinieditore.studiozerocinque.it\/?product=pensieri-parole-opere-omissioni-poesie-e-prose#breadcrumb","itemListElement":[{"@type":"ListItem","position":1,"name":"Home","item":"https:\/\/gambinieditore.studiozerocinque.it\/"},{"@type":"ListItem","position":2,"name":"Catalogo","item":"https:\/\/gambinieditore.studiozerocinque.it\/?page_id=7"},{"@type":"ListItem","position":3,"name":"Pensieri parole opere omissioni. Poesie e prose"}]},{"@type":"WebSite","@id":"https:\/\/gambinieditore.studiozerocinque.it\/#website","url":"https:\/\/gambinieditore.studiozerocinque.it\/","name":"Gambini Editore","description":"","potentialAction":[{"@type":"SearchAction","target":{"@type":"EntryPoint","urlTemplate":"https:\/\/gambinieditore.studiozerocinque.it\/?s={search_term_string}"},"query-input":{"@type":"PropertyValueSpecification","valueRequired":true,"valueName":"search_term_string"}}],"inLanguage":"it-IT"}]}},"_links":{"self":[{"href":"https:\/\/gambinieditore.studiozerocinque.it\/index.php?rest_route=\/wp\/v2\/product\/582","targetHints":{"allow":["GET"]}}],"collection":[{"href":"https:\/\/gambinieditore.studiozerocinque.it\/index.php?rest_route=\/wp\/v2\/product"}],"about":[{"href":"https:\/\/gambinieditore.studiozerocinque.it\/index.php?rest_route=\/wp\/v2\/types\/product"}],"replies":[{"embeddable":true,"href":"https:\/\/gambinieditore.studiozerocinque.it\/index.php?rest_route=%2Fwp%2Fv2%2Fcomments&post=582"}],"wp:featuredmedia":[{"embeddable":true,"href":"https:\/\/gambinieditore.studiozerocinque.it\/index.php?rest_route=\/wp\/v2\/media\/581"}],"wp:attachment":[{"href":"https:\/\/gambinieditore.studiozerocinque.it\/index.php?rest_route=%2Fwp%2Fv2%2Fmedia&parent=582"}],"wp:term":[{"taxonomy":"product_brand","embeddable":true,"href":"https:\/\/gambinieditore.studiozerocinque.it\/index.php?rest_route=%2Fwp%2Fv2%2Fproduct_brand&post=582"},{"taxonomy":"product_cat","embeddable":true,"href":"https:\/\/gambinieditore.studiozerocinque.it\/index.php?rest_route=%2Fwp%2Fv2%2Fproduct_cat&post=582"},{"taxonomy":"product_tag","embeddable":true,"href":"https:\/\/gambinieditore.studiozerocinque.it\/index.php?rest_route=%2Fwp%2Fv2%2Fproduct_tag&post=582"}],"curies":[{"name":"wp","href":"https:\/\/api.w.org\/{rel}","templated":true}]}}