{"id":60,"date":"2021-11-29T07:43:53","date_gmt":"2021-11-29T06:43:53","guid":{"rendered":"https:\/\/gambinieditore.studiozerocinque.it\/prodotto\/il-tempo-di-una-canzone-trentatre-canzoni-e-un-preludio\/"},"modified":"2021-11-29T07:43:53","modified_gmt":"2021-11-29T06:43:53","slug":"il-tempo-di-una-canzone-trentatre-canzoni-e-un-preludio","status":"publish","type":"product","link":"https:\/\/gambinieditore.studiozerocinque.it\/?product=il-tempo-di-una-canzone-trentatre-canzoni-e-un-preludio","title":{"rendered":"Il tempo di una canzone. Trentatr\u00e9 canzoni e un preludio"},"content":{"rendered":"<p>Trentatr\u00e9 racconti, trentatr\u00e9 viaggi nei sentimenti, nel tempo e nello spazio. Una canzone dura solo una<br \/>manciata di minuti, ma in questo piccolo, breve tempo, anche una vita pu\u00f2 essere raccontata. \u00c8 cos\u00ec che \u201cUnder Fire\u201d di Gato Barbieri ha il potere di evocare sensazioni e fame di vita in un adolescente che in una letargica estate amerina dei primi anni Settanta sente l\u2019inquietudine di un nido diventato troppo stretto. Amelia 1973 diventa cos\u00ec la prima tappa sull\u2019\u201catlante armoniosamente inquieto della vita\u201d. Nei decenni se ne aggiungeranno molte altre, da Londra a Marrakech, da Perugia a Salonicco, da Luxor a Berlino, passando per Sana\u2019a, Nairobi e Istanbul, dai silenzi del Sahara all\u2019esplosione dei colori autunnali<br \/>dei Sibillini. Ogni racconto dura giusto Il Tempo di una Canzone, ma ogni canzone \u2013 spiega l\u2019autore \u2013 \u201c\u00e8 un piccolo mondo fatto di linguaggi simbolici (\u2026), un piccolo grande mesocosmo fra l\u2019ordine dei pensieri e delle azioni e il modo in cui ognuno di noi percepisce la realt\u00e0 concreta\u201d.<\/p>\n","protected":false},"excerpt":{"rendered":"<p>Il tempo di una canzone. Trentatr\u00e9 canzoni e un preludio di Raffaele Federici<\/p>\n","protected":false},"featured_media":59,"comment_status":"open","ping_status":"closed","template":"","meta":[],"product_brand":[],"product_cat":[18,25,44],"product_tag":[70,76,78,77,79,75,74],"class_list":{"0":"post-60","1":"product","2":"type-product","3":"status-publish","4":"has-post-thumbnail","6":"product_cat-libri","7":"product_cat-narrativa-italiana","8":"product_cat-biografie","9":"product_tag-amelia","10":"product_tag-canzoni-di-viaggio","11":"product_tag-confini","12":"product_tag-melodie","13":"product_tag-racconti","14":"product_tag-ricordi","15":"product_tag-viaggi","17":"first","18":"instock","19":"shipping-taxable","20":"purchasable","21":"product-type-simple"},"yoast_head":"<!-- This site is optimized with the Yoast SEO plugin v25.9 - https:\/\/yoast.com\/wordpress\/plugins\/seo\/ -->\n<title>Il tempo di una canzone. Trentatr\u00e9 canzoni e un preludio - Gambini Editore<\/title>\n<meta name=\"robots\" content=\"noindex, follow, max-snippet:-1, max-image-preview:large, max-video-preview:-1\" \/>\n<meta property=\"og:locale\" content=\"it_IT\" \/>\n<meta property=\"og:type\" content=\"article\" \/>\n<meta property=\"og:title\" content=\"Il tempo di una canzone. Trentatr\u00e9 canzoni e un preludio - Gambini Editore\" \/>\n<meta property=\"og:description\" content=\"Il tempo di una canzone. Trentatr\u00e9 canzoni e un preludio di Raffaele Federici\" \/>\n<meta property=\"og:url\" content=\"https:\/\/gambinieditore.studiozerocinque.it\/?product=il-tempo-di-una-canzone-trentatre-canzoni-e-un-preludio\" \/>\n<meta property=\"og:site_name\" content=\"Gambini Editore\" \/>\n<meta property=\"og:image\" content=\"https:\/\/gambinieditore.studiozerocinque.it\/wp-content\/uploads\/2021\/11\/33-Il-tempo-di-una-canzone.-Trentatre-canzoni-e-un-preludio.jpg\" \/>\n\t<meta property=\"og:image:width\" content=\"857\" \/>\n\t<meta property=\"og:image:height\" content=\"1211\" \/>\n\t<meta property=\"og:image:type\" content=\"image\/jpeg\" \/>\n<meta name=\"twitter:card\" content=\"summary_large_image\" \/>\n<meta name=\"twitter:label1\" content=\"Tempo di lettura stimato\" \/>\n\t<meta name=\"twitter:data1\" content=\"1 minuto\" \/>\n<script type=\"application\/ld+json\" class=\"yoast-schema-graph\">{\"@context\":\"https:\/\/schema.org\",\"@graph\":[{\"@type\":\"WebPage\",\"@id\":\"https:\/\/gambinieditore.studiozerocinque.it\/?product=il-tempo-di-una-canzone-trentatre-canzoni-e-un-preludio\",\"url\":\"https:\/\/gambinieditore.studiozerocinque.it\/?product=il-tempo-di-una-canzone-trentatre-canzoni-e-un-preludio\",\"name\":\"Il tempo di una canzone. Trentatr\u00e9 canzoni e un preludio - Gambini Editore\",\"isPartOf\":{\"@id\":\"https:\/\/gambinieditore.studiozerocinque.it\/#website\"},\"primaryImageOfPage\":{\"@id\":\"https:\/\/gambinieditore.studiozerocinque.it\/?product=il-tempo-di-una-canzone-trentatre-canzoni-e-un-preludio#primaryimage\"},\"image\":{\"@id\":\"https:\/\/gambinieditore.studiozerocinque.it\/?product=il-tempo-di-una-canzone-trentatre-canzoni-e-un-preludio#primaryimage\"},\"thumbnailUrl\":\"https:\/\/gambinieditore.studiozerocinque.it\/wp-content\/uploads\/2021\/11\/33-Il-tempo-di-una-canzone.-Trentatre-canzoni-e-un-preludio.jpg\",\"datePublished\":\"2021-11-29T06:43:53+00:00\",\"breadcrumb\":{\"@id\":\"https:\/\/gambinieditore.studiozerocinque.it\/?product=il-tempo-di-una-canzone-trentatre-canzoni-e-un-preludio#breadcrumb\"},\"inLanguage\":\"it-IT\",\"potentialAction\":[{\"@type\":\"ReadAction\",\"target\":[\"https:\/\/gambinieditore.studiozerocinque.it\/?product=il-tempo-di-una-canzone-trentatre-canzoni-e-un-preludio\"]}]},{\"@type\":\"ImageObject\",\"inLanguage\":\"it-IT\",\"@id\":\"https:\/\/gambinieditore.studiozerocinque.it\/?product=il-tempo-di-una-canzone-trentatre-canzoni-e-un-preludio#primaryimage\",\"url\":\"https:\/\/gambinieditore.studiozerocinque.it\/wp-content\/uploads\/2021\/11\/33-Il-tempo-di-una-canzone.-Trentatre-canzoni-e-un-preludio.jpg\",\"contentUrl\":\"https:\/\/gambinieditore.studiozerocinque.it\/wp-content\/uploads\/2021\/11\/33-Il-tempo-di-una-canzone.-Trentatre-canzoni-e-un-preludio.jpg\",\"width\":857,\"height\":1211,\"caption\":\"Il tempo di una canzone. Trentatr\u00e9 canzoni e un preludio\"},{\"@type\":\"BreadcrumbList\",\"@id\":\"https:\/\/gambinieditore.studiozerocinque.it\/?product=il-tempo-di-una-canzone-trentatre-canzoni-e-un-preludio#breadcrumb\",\"itemListElement\":[{\"@type\":\"ListItem\",\"position\":1,\"name\":\"Home\",\"item\":\"https:\/\/gambinieditore.studiozerocinque.it\/\"},{\"@type\":\"ListItem\",\"position\":2,\"name\":\"Catalogo\",\"item\":\"https:\/\/gambinieditore.studiozerocinque.it\/?page_id=7\"},{\"@type\":\"ListItem\",\"position\":3,\"name\":\"Il tempo di una canzone. Trentatr\u00e9 canzoni e un preludio\"}]},{\"@type\":\"WebSite\",\"@id\":\"https:\/\/gambinieditore.studiozerocinque.it\/#website\",\"url\":\"https:\/\/gambinieditore.studiozerocinque.it\/\",\"name\":\"Gambini Editore\",\"description\":\"\",\"potentialAction\":[{\"@type\":\"SearchAction\",\"target\":{\"@type\":\"EntryPoint\",\"urlTemplate\":\"https:\/\/gambinieditore.studiozerocinque.it\/?s={search_term_string}\"},\"query-input\":{\"@type\":\"PropertyValueSpecification\",\"valueRequired\":true,\"valueName\":\"search_term_string\"}}],\"inLanguage\":\"it-IT\"}]}<\/script>\n<!-- \/ Yoast SEO plugin. -->","yoast_head_json":{"title":"Il tempo di una canzone. Trentatr\u00e9 canzoni e un preludio - Gambini Editore","robots":{"index":"noindex","follow":"follow","max-snippet":"max-snippet:-1","max-image-preview":"max-image-preview:large","max-video-preview":"max-video-preview:-1"},"og_locale":"it_IT","og_type":"article","og_title":"Il tempo di una canzone. Trentatr\u00e9 canzoni e un preludio - Gambini Editore","og_description":"Il tempo di una canzone. Trentatr\u00e9 canzoni e un preludio di Raffaele Federici","og_url":"https:\/\/gambinieditore.studiozerocinque.it\/?product=il-tempo-di-una-canzone-trentatre-canzoni-e-un-preludio","og_site_name":"Gambini Editore","og_image":[{"width":857,"height":1211,"url":"https:\/\/gambinieditore.studiozerocinque.it\/wp-content\/uploads\/2021\/11\/33-Il-tempo-di-una-canzone.-Trentatre-canzoni-e-un-preludio.jpg","type":"image\/jpeg"}],"twitter_card":"summary_large_image","twitter_misc":{"Tempo di lettura stimato":"1 minuto"},"schema":{"@context":"https:\/\/schema.org","@graph":[{"@type":"WebPage","@id":"https:\/\/gambinieditore.studiozerocinque.it\/?product=il-tempo-di-una-canzone-trentatre-canzoni-e-un-preludio","url":"https:\/\/gambinieditore.studiozerocinque.it\/?product=il-tempo-di-una-canzone-trentatre-canzoni-e-un-preludio","name":"Il tempo di una canzone. Trentatr\u00e9 canzoni e un preludio - Gambini Editore","isPartOf":{"@id":"https:\/\/gambinieditore.studiozerocinque.it\/#website"},"primaryImageOfPage":{"@id":"https:\/\/gambinieditore.studiozerocinque.it\/?product=il-tempo-di-una-canzone-trentatre-canzoni-e-un-preludio#primaryimage"},"image":{"@id":"https:\/\/gambinieditore.studiozerocinque.it\/?product=il-tempo-di-una-canzone-trentatre-canzoni-e-un-preludio#primaryimage"},"thumbnailUrl":"https:\/\/gambinieditore.studiozerocinque.it\/wp-content\/uploads\/2021\/11\/33-Il-tempo-di-una-canzone.-Trentatre-canzoni-e-un-preludio.jpg","datePublished":"2021-11-29T06:43:53+00:00","breadcrumb":{"@id":"https:\/\/gambinieditore.studiozerocinque.it\/?product=il-tempo-di-una-canzone-trentatre-canzoni-e-un-preludio#breadcrumb"},"inLanguage":"it-IT","potentialAction":[{"@type":"ReadAction","target":["https:\/\/gambinieditore.studiozerocinque.it\/?product=il-tempo-di-una-canzone-trentatre-canzoni-e-un-preludio"]}]},{"@type":"ImageObject","inLanguage":"it-IT","@id":"https:\/\/gambinieditore.studiozerocinque.it\/?product=il-tempo-di-una-canzone-trentatre-canzoni-e-un-preludio#primaryimage","url":"https:\/\/gambinieditore.studiozerocinque.it\/wp-content\/uploads\/2021\/11\/33-Il-tempo-di-una-canzone.-Trentatre-canzoni-e-un-preludio.jpg","contentUrl":"https:\/\/gambinieditore.studiozerocinque.it\/wp-content\/uploads\/2021\/11\/33-Il-tempo-di-una-canzone.-Trentatre-canzoni-e-un-preludio.jpg","width":857,"height":1211,"caption":"Il tempo di una canzone. Trentatr\u00e9 canzoni e un preludio"},{"@type":"BreadcrumbList","@id":"https:\/\/gambinieditore.studiozerocinque.it\/?product=il-tempo-di-una-canzone-trentatre-canzoni-e-un-preludio#breadcrumb","itemListElement":[{"@type":"ListItem","position":1,"name":"Home","item":"https:\/\/gambinieditore.studiozerocinque.it\/"},{"@type":"ListItem","position":2,"name":"Catalogo","item":"https:\/\/gambinieditore.studiozerocinque.it\/?page_id=7"},{"@type":"ListItem","position":3,"name":"Il tempo di una canzone. Trentatr\u00e9 canzoni e un preludio"}]},{"@type":"WebSite","@id":"https:\/\/gambinieditore.studiozerocinque.it\/#website","url":"https:\/\/gambinieditore.studiozerocinque.it\/","name":"Gambini Editore","description":"","potentialAction":[{"@type":"SearchAction","target":{"@type":"EntryPoint","urlTemplate":"https:\/\/gambinieditore.studiozerocinque.it\/?s={search_term_string}"},"query-input":{"@type":"PropertyValueSpecification","valueRequired":true,"valueName":"search_term_string"}}],"inLanguage":"it-IT"}]}},"_links":{"self":[{"href":"https:\/\/gambinieditore.studiozerocinque.it\/index.php?rest_route=\/wp\/v2\/product\/60","targetHints":{"allow":["GET"]}}],"collection":[{"href":"https:\/\/gambinieditore.studiozerocinque.it\/index.php?rest_route=\/wp\/v2\/product"}],"about":[{"href":"https:\/\/gambinieditore.studiozerocinque.it\/index.php?rest_route=\/wp\/v2\/types\/product"}],"replies":[{"embeddable":true,"href":"https:\/\/gambinieditore.studiozerocinque.it\/index.php?rest_route=%2Fwp%2Fv2%2Fcomments&post=60"}],"wp:featuredmedia":[{"embeddable":true,"href":"https:\/\/gambinieditore.studiozerocinque.it\/index.php?rest_route=\/wp\/v2\/media\/59"}],"wp:attachment":[{"href":"https:\/\/gambinieditore.studiozerocinque.it\/index.php?rest_route=%2Fwp%2Fv2%2Fmedia&parent=60"}],"wp:term":[{"taxonomy":"product_brand","embeddable":true,"href":"https:\/\/gambinieditore.studiozerocinque.it\/index.php?rest_route=%2Fwp%2Fv2%2Fproduct_brand&post=60"},{"taxonomy":"product_cat","embeddable":true,"href":"https:\/\/gambinieditore.studiozerocinque.it\/index.php?rest_route=%2Fwp%2Fv2%2Fproduct_cat&post=60"},{"taxonomy":"product_tag","embeddable":true,"href":"https:\/\/gambinieditore.studiozerocinque.it\/index.php?rest_route=%2Fwp%2Fv2%2Fproduct_tag&post=60"}],"curies":[{"name":"wp","href":"https:\/\/api.w.org\/{rel}","templated":true}]}}