{"id":620,"date":"2022-02-17T11:28:04","date_gmt":"2022-02-17T10:28:04","guid":{"rendered":"https:\/\/gambinieditore.studiozerocinque.it\/prodotto\/le-umbriache-ricette-e-racconti-con-i-vini-umbri\/"},"modified":"2025-09-11T10:00:41","modified_gmt":"2025-09-11T08:00:41","slug":"le-umbriache-ricette-e-racconti-con-i-vini-umbri","status":"publish","type":"product","link":"https:\/\/gambinieditore.studiozerocinque.it\/?product=le-umbriache-ricette-e-racconti-con-i-vini-umbri","title":{"rendered":"Le Umbriache Ricette e racconti con i vini umbri"},"content":{"rendered":"<p>&#8220;Le Umbriache&#8221; \u00e8 una rielaborazione di ricette della tradizione umbra organizzata in quaranta men\u00f9 completi di primo, secondo, contorno e dolce. Ogni men\u00f9 \u00e8 accompagnato da un aneddoto o da una storia rielaborata direttamente dall&#8217; autrice, guida turistica dell&#8217;Umbria. Foto a colori ritraggono alimenti, particolari e paesaggi umbri. Tanti i riferimenti curiosi con spiegazioni semplici con ricette organizzate e di facile esecuzione. dizione umbra organizzata in quaranta men\u00f9 completi di primo, secondo, contorno e dolce. Ogni men\u00f9 \u00e8 accompagnato da un aneddoto o da una storia narrata direttamente dall&#8217;autrice, guida turistica dell&#8217;Umbria. Foto a colori ritraggono alimenti, particolari e paesaggi umbri. Il filo conduttore delle ricette \u00e8 il vino, che accende i sapori dei piatti e stimola la conversazione a tavola. Perch\u00e9 in Umbria &#8220;mentre si mangia e si beve&#8230; si racconta&#8221;.<\/p>\n","protected":false},"excerpt":{"rendered":"<p>LE UMBRIACHE Ricette e racconti con i vini umbri di Mara Quadraccia\u00a0<\/p>\n","protected":false},"featured_media":619,"comment_status":"open","ping_status":"closed","template":"","meta":[],"product_brand":[],"product_cat":[17,18,23,45],"product_tag":[],"class_list":{"0":"post-620","1":"product","2":"type-product","3":"status-publish","4":"has-post-thumbnail","6":"product_cat-catalogo","7":"product_cat-libri","8":"product_cat-fuori-collana","9":"product_cat-cucina","11":"first","12":"instock","13":"shipping-taxable","14":"purchasable","15":"product-type-simple"},"yoast_head":"<!-- This site is optimized with the Yoast SEO plugin v25.9 - https:\/\/yoast.com\/wordpress\/plugins\/seo\/ -->\n<title>Le Umbriache Ricette e racconti con i vini umbri - Gambini Editore<\/title>\n<meta name=\"robots\" content=\"noindex, follow, max-snippet:-1, max-image-preview:large, max-video-preview:-1\" \/>\n<meta property=\"og:locale\" content=\"it_IT\" \/>\n<meta property=\"og:type\" content=\"article\" \/>\n<meta property=\"og:title\" content=\"Le Umbriache Ricette e racconti con i vini umbri - Gambini Editore\" \/>\n<meta property=\"og:description\" content=\"LE UMBRIACHE Ricette e racconti con i vini umbri di Mara Quadraccia\u00a0\" \/>\n<meta property=\"og:url\" content=\"https:\/\/gambinieditore.studiozerocinque.it\/?product=le-umbriache-ricette-e-racconti-con-i-vini-umbri\" \/>\n<meta property=\"og:site_name\" content=\"Gambini Editore\" \/>\n<meta property=\"article:modified_time\" content=\"2025-09-11T08:00:41+00:00\" \/>\n<meta property=\"og:image\" content=\"https:\/\/gambinieditore.studiozerocinque.it\/wp-content\/uploads\/2022\/02\/328-Le-Umbriache-Ricette-e-racconti-con-i-vini-umbri.jpg\" \/>\n\t<meta property=\"og:image:width\" content=\"2448\" \/>\n\t<meta property=\"og:image:height\" content=\"2557\" \/>\n\t<meta property=\"og:image:type\" content=\"image\/jpeg\" \/>\n<meta name=\"twitter:card\" content=\"summary_large_image\" \/>\n<meta name=\"twitter:label1\" content=\"Tempo di lettura stimato\" \/>\n\t<meta name=\"twitter:data1\" content=\"1 minuto\" \/>\n<script type=\"application\/ld+json\" class=\"yoast-schema-graph\">{\"@context\":\"https:\/\/schema.org\",\"@graph\":[{\"@type\":\"WebPage\",\"@id\":\"https:\/\/gambinieditore.studiozerocinque.it\/?product=le-umbriache-ricette-e-racconti-con-i-vini-umbri\",\"url\":\"https:\/\/gambinieditore.studiozerocinque.it\/?product=le-umbriache-ricette-e-racconti-con-i-vini-umbri\",\"name\":\"Le Umbriache Ricette e racconti con i vini umbri - Gambini Editore\",\"isPartOf\":{\"@id\":\"https:\/\/gambinieditore.studiozerocinque.it\/#website\"},\"primaryImageOfPage\":{\"@id\":\"https:\/\/gambinieditore.studiozerocinque.it\/?product=le-umbriache-ricette-e-racconti-con-i-vini-umbri#primaryimage\"},\"image\":{\"@id\":\"https:\/\/gambinieditore.studiozerocinque.it\/?product=le-umbriache-ricette-e-racconti-con-i-vini-umbri#primaryimage\"},\"thumbnailUrl\":\"https:\/\/gambinieditore.studiozerocinque.it\/wp-content\/uploads\/2022\/02\/328-Le-Umbriache-Ricette-e-racconti-con-i-vini-umbri.jpg\",\"datePublished\":\"2022-02-17T10:28:04+00:00\",\"dateModified\":\"2025-09-11T08:00:41+00:00\",\"breadcrumb\":{\"@id\":\"https:\/\/gambinieditore.studiozerocinque.it\/?product=le-umbriache-ricette-e-racconti-con-i-vini-umbri#breadcrumb\"},\"inLanguage\":\"it-IT\",\"potentialAction\":[{\"@type\":\"ReadAction\",\"target\":[\"https:\/\/gambinieditore.studiozerocinque.it\/?product=le-umbriache-ricette-e-racconti-con-i-vini-umbri\"]}]},{\"@type\":\"ImageObject\",\"inLanguage\":\"it-IT\",\"@id\":\"https:\/\/gambinieditore.studiozerocinque.it\/?product=le-umbriache-ricette-e-racconti-con-i-vini-umbri#primaryimage\",\"url\":\"https:\/\/gambinieditore.studiozerocinque.it\/wp-content\/uploads\/2022\/02\/328-Le-Umbriache-Ricette-e-racconti-con-i-vini-umbri.jpg\",\"contentUrl\":\"https:\/\/gambinieditore.studiozerocinque.it\/wp-content\/uploads\/2022\/02\/328-Le-Umbriache-Ricette-e-racconti-con-i-vini-umbri.jpg\",\"width\":2448,\"height\":2557,\"caption\":\"Le Umbriache Ricette e racconti con i vini umbri\"},{\"@type\":\"BreadcrumbList\",\"@id\":\"https:\/\/gambinieditore.studiozerocinque.it\/?product=le-umbriache-ricette-e-racconti-con-i-vini-umbri#breadcrumb\",\"itemListElement\":[{\"@type\":\"ListItem\",\"position\":1,\"name\":\"Home\",\"item\":\"https:\/\/gambinieditore.studiozerocinque.it\/\"},{\"@type\":\"ListItem\",\"position\":2,\"name\":\"Catalogo\",\"item\":\"https:\/\/gambinieditore.studiozerocinque.it\/?page_id=7\"},{\"@type\":\"ListItem\",\"position\":3,\"name\":\"Le Umbriache Ricette e racconti con i vini umbri\"}]},{\"@type\":\"WebSite\",\"@id\":\"https:\/\/gambinieditore.studiozerocinque.it\/#website\",\"url\":\"https:\/\/gambinieditore.studiozerocinque.it\/\",\"name\":\"Gambini Editore\",\"description\":\"\",\"potentialAction\":[{\"@type\":\"SearchAction\",\"target\":{\"@type\":\"EntryPoint\",\"urlTemplate\":\"https:\/\/gambinieditore.studiozerocinque.it\/?s={search_term_string}\"},\"query-input\":{\"@type\":\"PropertyValueSpecification\",\"valueRequired\":true,\"valueName\":\"search_term_string\"}}],\"inLanguage\":\"it-IT\"}]}<\/script>\n<!-- \/ Yoast SEO plugin. -->","yoast_head_json":{"title":"Le Umbriache Ricette e racconti con i vini umbri - Gambini Editore","robots":{"index":"noindex","follow":"follow","max-snippet":"max-snippet:-1","max-image-preview":"max-image-preview:large","max-video-preview":"max-video-preview:-1"},"og_locale":"it_IT","og_type":"article","og_title":"Le Umbriache Ricette e racconti con i vini umbri - Gambini Editore","og_description":"LE UMBRIACHE Ricette e racconti con i vini umbri di Mara Quadraccia\u00a0","og_url":"https:\/\/gambinieditore.studiozerocinque.it\/?product=le-umbriache-ricette-e-racconti-con-i-vini-umbri","og_site_name":"Gambini Editore","article_modified_time":"2025-09-11T08:00:41+00:00","og_image":[{"width":2448,"height":2557,"url":"https:\/\/gambinieditore.studiozerocinque.it\/wp-content\/uploads\/2022\/02\/328-Le-Umbriache-Ricette-e-racconti-con-i-vini-umbri.jpg","type":"image\/jpeg"}],"twitter_card":"summary_large_image","twitter_misc":{"Tempo di lettura stimato":"1 minuto"},"schema":{"@context":"https:\/\/schema.org","@graph":[{"@type":"WebPage","@id":"https:\/\/gambinieditore.studiozerocinque.it\/?product=le-umbriache-ricette-e-racconti-con-i-vini-umbri","url":"https:\/\/gambinieditore.studiozerocinque.it\/?product=le-umbriache-ricette-e-racconti-con-i-vini-umbri","name":"Le Umbriache Ricette e racconti con i vini umbri - Gambini Editore","isPartOf":{"@id":"https:\/\/gambinieditore.studiozerocinque.it\/#website"},"primaryImageOfPage":{"@id":"https:\/\/gambinieditore.studiozerocinque.it\/?product=le-umbriache-ricette-e-racconti-con-i-vini-umbri#primaryimage"},"image":{"@id":"https:\/\/gambinieditore.studiozerocinque.it\/?product=le-umbriache-ricette-e-racconti-con-i-vini-umbri#primaryimage"},"thumbnailUrl":"https:\/\/gambinieditore.studiozerocinque.it\/wp-content\/uploads\/2022\/02\/328-Le-Umbriache-Ricette-e-racconti-con-i-vini-umbri.jpg","datePublished":"2022-02-17T10:28:04+00:00","dateModified":"2025-09-11T08:00:41+00:00","breadcrumb":{"@id":"https:\/\/gambinieditore.studiozerocinque.it\/?product=le-umbriache-ricette-e-racconti-con-i-vini-umbri#breadcrumb"},"inLanguage":"it-IT","potentialAction":[{"@type":"ReadAction","target":["https:\/\/gambinieditore.studiozerocinque.it\/?product=le-umbriache-ricette-e-racconti-con-i-vini-umbri"]}]},{"@type":"ImageObject","inLanguage":"it-IT","@id":"https:\/\/gambinieditore.studiozerocinque.it\/?product=le-umbriache-ricette-e-racconti-con-i-vini-umbri#primaryimage","url":"https:\/\/gambinieditore.studiozerocinque.it\/wp-content\/uploads\/2022\/02\/328-Le-Umbriache-Ricette-e-racconti-con-i-vini-umbri.jpg","contentUrl":"https:\/\/gambinieditore.studiozerocinque.it\/wp-content\/uploads\/2022\/02\/328-Le-Umbriache-Ricette-e-racconti-con-i-vini-umbri.jpg","width":2448,"height":2557,"caption":"Le Umbriache Ricette e racconti con i vini umbri"},{"@type":"BreadcrumbList","@id":"https:\/\/gambinieditore.studiozerocinque.it\/?product=le-umbriache-ricette-e-racconti-con-i-vini-umbri#breadcrumb","itemListElement":[{"@type":"ListItem","position":1,"name":"Home","item":"https:\/\/gambinieditore.studiozerocinque.it\/"},{"@type":"ListItem","position":2,"name":"Catalogo","item":"https:\/\/gambinieditore.studiozerocinque.it\/?page_id=7"},{"@type":"ListItem","position":3,"name":"Le Umbriache Ricette e racconti con i vini umbri"}]},{"@type":"WebSite","@id":"https:\/\/gambinieditore.studiozerocinque.it\/#website","url":"https:\/\/gambinieditore.studiozerocinque.it\/","name":"Gambini Editore","description":"","potentialAction":[{"@type":"SearchAction","target":{"@type":"EntryPoint","urlTemplate":"https:\/\/gambinieditore.studiozerocinque.it\/?s={search_term_string}"},"query-input":{"@type":"PropertyValueSpecification","valueRequired":true,"valueName":"search_term_string"}}],"inLanguage":"it-IT"}]}},"_links":{"self":[{"href":"https:\/\/gambinieditore.studiozerocinque.it\/index.php?rest_route=\/wp\/v2\/product\/620","targetHints":{"allow":["GET"]}}],"collection":[{"href":"https:\/\/gambinieditore.studiozerocinque.it\/index.php?rest_route=\/wp\/v2\/product"}],"about":[{"href":"https:\/\/gambinieditore.studiozerocinque.it\/index.php?rest_route=\/wp\/v2\/types\/product"}],"replies":[{"embeddable":true,"href":"https:\/\/gambinieditore.studiozerocinque.it\/index.php?rest_route=%2Fwp%2Fv2%2Fcomments&post=620"}],"wp:featuredmedia":[{"embeddable":true,"href":"https:\/\/gambinieditore.studiozerocinque.it\/index.php?rest_route=\/wp\/v2\/media\/619"}],"wp:attachment":[{"href":"https:\/\/gambinieditore.studiozerocinque.it\/index.php?rest_route=%2Fwp%2Fv2%2Fmedia&parent=620"}],"wp:term":[{"taxonomy":"product_brand","embeddable":true,"href":"https:\/\/gambinieditore.studiozerocinque.it\/index.php?rest_route=%2Fwp%2Fv2%2Fproduct_brand&post=620"},{"taxonomy":"product_cat","embeddable":true,"href":"https:\/\/gambinieditore.studiozerocinque.it\/index.php?rest_route=%2Fwp%2Fv2%2Fproduct_cat&post=620"},{"taxonomy":"product_tag","embeddable":true,"href":"https:\/\/gambinieditore.studiozerocinque.it\/index.php?rest_route=%2Fwp%2Fv2%2Fproduct_tag&post=620"}],"curies":[{"name":"wp","href":"https:\/\/api.w.org\/{rel}","templated":true}]}}