{"id":632,"date":"2022-04-04T15:44:58","date_gmt":"2022-04-04T13:44:58","guid":{"rendered":"https:\/\/gambinieditore.studiozerocinque.it\/prodotto\/off-line-un-mese-senza-social\/"},"modified":"2025-09-11T10:00:42","modified_gmt":"2025-09-11T08:00:42","slug":"off-line-un-mese-senza-social","status":"publish","type":"product","link":"https:\/\/gambinieditore.studiozerocinque.it\/?product=off-line-un-mese-senza-social","title":{"rendered":"OFF LINE. Un mese senza social"},"content":{"rendered":"<p>Off Line \u00e8 un libro fondato su un\u2019esperienza reale, nella forma di un esperimento a cui l\u2019autore si sottopone. \u00c8 possibile disconnettersi dal mondo dei social? Quali sono gli effetti? Andrea Vannini decide di sottoporsi alla prova e per un mese registra, giorno per giorno, le sue reazioni, l\u2019assuefazione sconfitta e il senso di liberazione; e naturalmente nel corso delle pagine matura un suo giudizio, reso possibile proprio perch\u00e9 esterno, rispetto a questa seconda vita a cui lo schermo del nostro cellulare ci permette di accedere. I diversi interrogativi sono noti, racchiusi nelle ormai \u201cclassiche\u201d questioni: quale significato attribuiamo ai social? Che uso se ne fa? E le giovani generazioni? Quali sono gli effetti su di loro? E soprattutto quanto e come riescono a manipolarci? La novit\u00e0, fondamentale, \u00e8 ritrovare questa realt\u00e0 rivissuta attraverso il percorso di un uomo che con i suoi strumenti, che sono quelli comuni a tutti, vive e descrive il proprio vissuto. L\u2019autore non si erge mai a giudice dei social, di cui non manca di riconoscere il ruolo anche positivo, ma di certo approfitta della sua esperienza per invitare il lettore a fare lui stesso questo piccolo, fondamentale esperimento e vivere cos\u00ec la stessa sensazione di liberazione e apertura verso un mondo la cui bellezza \u00e8 tale da non poter essere messa da parte. Non ultima \u00e8 la particolare scelta linguistica e stilistica dell\u2019autore perch\u00e9 l\u2019immediatezza dell\u2019esperienza \u00e8 tradotta in uno scrivere che diventa colloquiale e ed intimo, semplice e diretto. Cosi come lo \u00e8 Andrea Vannini che considera il lettore \u201cl\u2019amico di sempre\u201d con cui dialogare con confidenza e affetto, senza mai volersi sentire pi\u00f9 o meno autorevole degli altri..<\/p>\n","protected":false},"excerpt":{"rendered":"<p>Off Line \u00e8 un libro fondato su un\u2019esperienza reale, nella forma di un esperimento a cui l\u2019autore si sottopone. \u00c8 possibile disconnettersi dal mondo dei social? Quali sono gli effetti? Andrea Vannini decide di sottoporsi alla prova e per un mese registra, giorno per giorno, le sue reazioni, l\u2019assuefazione sconfitta e il senso di liberazione; [&hellip;]<\/p>\n","protected":false},"featured_media":631,"comment_status":"open","ping_status":"closed","template":"","meta":[],"product_brand":[],"product_cat":[17,18,41],"product_tag":[],"class_list":{"0":"post-632","1":"product","2":"type-product","3":"status-publish","4":"has-post-thumbnail","6":"product_cat-catalogo","7":"product_cat-libri","8":"product_cat-attualita-societa-e-politica-e-comunicazione","10":"first","11":"instock","12":"shipping-taxable","13":"purchasable","14":"product-type-simple"},"yoast_head":"<!-- This site is optimized with the Yoast SEO plugin v25.9 - https:\/\/yoast.com\/wordpress\/plugins\/seo\/ -->\n<title>OFF LINE. Un mese senza social - Gambini Editore<\/title>\n<meta name=\"robots\" content=\"noindex, follow, max-snippet:-1, max-image-preview:large, max-video-preview:-1\" \/>\n<meta property=\"og:locale\" content=\"it_IT\" \/>\n<meta property=\"og:type\" content=\"article\" \/>\n<meta property=\"og:title\" content=\"OFF LINE. Un mese senza social - Gambini Editore\" \/>\n<meta property=\"og:description\" content=\"Off Line \u00e8 un libro fondato su un\u2019esperienza reale, nella forma di un esperimento a cui l\u2019autore si sottopone. \u00c8 possibile disconnettersi dal mondo dei social? Quali sono gli effetti? Andrea Vannini decide di sottoporsi alla prova e per un mese registra, giorno per giorno, le sue reazioni, l\u2019assuefazione sconfitta e il senso di liberazione; [&hellip;]\" \/>\n<meta property=\"og:url\" content=\"https:\/\/gambinieditore.studiozerocinque.it\/?product=off-line-un-mese-senza-social\" \/>\n<meta property=\"og:site_name\" content=\"Gambini Editore\" \/>\n<meta property=\"article:modified_time\" content=\"2025-09-11T08:00:42+00:00\" \/>\n<meta property=\"og:image\" content=\"https:\/\/gambinieditore.studiozerocinque.it\/wp-content\/uploads\/2022\/04\/341-OFF-LINE.-Un-mese-senza-social.jpg\" \/>\n\t<meta property=\"og:image:width\" content=\"857\" \/>\n\t<meta property=\"og:image:height\" content=\"1211\" \/>\n\t<meta property=\"og:image:type\" content=\"image\/jpeg\" \/>\n<meta name=\"twitter:card\" content=\"summary_large_image\" \/>\n<meta name=\"twitter:label1\" content=\"Tempo di lettura stimato\" \/>\n\t<meta name=\"twitter:data1\" content=\"1 minuto\" \/>\n<script type=\"application\/ld+json\" class=\"yoast-schema-graph\">{\"@context\":\"https:\/\/schema.org\",\"@graph\":[{\"@type\":\"WebPage\",\"@id\":\"https:\/\/gambinieditore.studiozerocinque.it\/?product=off-line-un-mese-senza-social\",\"url\":\"https:\/\/gambinieditore.studiozerocinque.it\/?product=off-line-un-mese-senza-social\",\"name\":\"OFF LINE. Un mese senza social - Gambini Editore\",\"isPartOf\":{\"@id\":\"https:\/\/gambinieditore.studiozerocinque.it\/#website\"},\"primaryImageOfPage\":{\"@id\":\"https:\/\/gambinieditore.studiozerocinque.it\/?product=off-line-un-mese-senza-social#primaryimage\"},\"image\":{\"@id\":\"https:\/\/gambinieditore.studiozerocinque.it\/?product=off-line-un-mese-senza-social#primaryimage\"},\"thumbnailUrl\":\"https:\/\/gambinieditore.studiozerocinque.it\/wp-content\/uploads\/2022\/04\/341-OFF-LINE.-Un-mese-senza-social.jpg\",\"datePublished\":\"2022-04-04T13:44:58+00:00\",\"dateModified\":\"2025-09-11T08:00:42+00:00\",\"breadcrumb\":{\"@id\":\"https:\/\/gambinieditore.studiozerocinque.it\/?product=off-line-un-mese-senza-social#breadcrumb\"},\"inLanguage\":\"it-IT\",\"potentialAction\":[{\"@type\":\"ReadAction\",\"target\":[\"https:\/\/gambinieditore.studiozerocinque.it\/?product=off-line-un-mese-senza-social\"]}]},{\"@type\":\"ImageObject\",\"inLanguage\":\"it-IT\",\"@id\":\"https:\/\/gambinieditore.studiozerocinque.it\/?product=off-line-un-mese-senza-social#primaryimage\",\"url\":\"https:\/\/gambinieditore.studiozerocinque.it\/wp-content\/uploads\/2022\/04\/341-OFF-LINE.-Un-mese-senza-social.jpg\",\"contentUrl\":\"https:\/\/gambinieditore.studiozerocinque.it\/wp-content\/uploads\/2022\/04\/341-OFF-LINE.-Un-mese-senza-social.jpg\",\"width\":857,\"height\":1211,\"caption\":\"OFF LINE. Un mese senza social\"},{\"@type\":\"BreadcrumbList\",\"@id\":\"https:\/\/gambinieditore.studiozerocinque.it\/?product=off-line-un-mese-senza-social#breadcrumb\",\"itemListElement\":[{\"@type\":\"ListItem\",\"position\":1,\"name\":\"Home\",\"item\":\"https:\/\/gambinieditore.studiozerocinque.it\/\"},{\"@type\":\"ListItem\",\"position\":2,\"name\":\"Catalogo\",\"item\":\"https:\/\/gambinieditore.studiozerocinque.it\/?page_id=7\"},{\"@type\":\"ListItem\",\"position\":3,\"name\":\"OFF LINE. Un mese senza social\"}]},{\"@type\":\"WebSite\",\"@id\":\"https:\/\/gambinieditore.studiozerocinque.it\/#website\",\"url\":\"https:\/\/gambinieditore.studiozerocinque.it\/\",\"name\":\"Gambini Editore\",\"description\":\"\",\"potentialAction\":[{\"@type\":\"SearchAction\",\"target\":{\"@type\":\"EntryPoint\",\"urlTemplate\":\"https:\/\/gambinieditore.studiozerocinque.it\/?s={search_term_string}\"},\"query-input\":{\"@type\":\"PropertyValueSpecification\",\"valueRequired\":true,\"valueName\":\"search_term_string\"}}],\"inLanguage\":\"it-IT\"}]}<\/script>\n<!-- \/ Yoast SEO plugin. -->","yoast_head_json":{"title":"OFF LINE. Un mese senza social - Gambini Editore","robots":{"index":"noindex","follow":"follow","max-snippet":"max-snippet:-1","max-image-preview":"max-image-preview:large","max-video-preview":"max-video-preview:-1"},"og_locale":"it_IT","og_type":"article","og_title":"OFF LINE. Un mese senza social - Gambini Editore","og_description":"Off Line \u00e8 un libro fondato su un\u2019esperienza reale, nella forma di un esperimento a cui l\u2019autore si sottopone. \u00c8 possibile disconnettersi dal mondo dei social? Quali sono gli effetti? Andrea Vannini decide di sottoporsi alla prova e per un mese registra, giorno per giorno, le sue reazioni, l\u2019assuefazione sconfitta e il senso di liberazione; [&hellip;]","og_url":"https:\/\/gambinieditore.studiozerocinque.it\/?product=off-line-un-mese-senza-social","og_site_name":"Gambini Editore","article_modified_time":"2025-09-11T08:00:42+00:00","og_image":[{"width":857,"height":1211,"url":"https:\/\/gambinieditore.studiozerocinque.it\/wp-content\/uploads\/2022\/04\/341-OFF-LINE.-Un-mese-senza-social.jpg","type":"image\/jpeg"}],"twitter_card":"summary_large_image","twitter_misc":{"Tempo di lettura stimato":"1 minuto"},"schema":{"@context":"https:\/\/schema.org","@graph":[{"@type":"WebPage","@id":"https:\/\/gambinieditore.studiozerocinque.it\/?product=off-line-un-mese-senza-social","url":"https:\/\/gambinieditore.studiozerocinque.it\/?product=off-line-un-mese-senza-social","name":"OFF LINE. Un mese senza social - Gambini Editore","isPartOf":{"@id":"https:\/\/gambinieditore.studiozerocinque.it\/#website"},"primaryImageOfPage":{"@id":"https:\/\/gambinieditore.studiozerocinque.it\/?product=off-line-un-mese-senza-social#primaryimage"},"image":{"@id":"https:\/\/gambinieditore.studiozerocinque.it\/?product=off-line-un-mese-senza-social#primaryimage"},"thumbnailUrl":"https:\/\/gambinieditore.studiozerocinque.it\/wp-content\/uploads\/2022\/04\/341-OFF-LINE.-Un-mese-senza-social.jpg","datePublished":"2022-04-04T13:44:58+00:00","dateModified":"2025-09-11T08:00:42+00:00","breadcrumb":{"@id":"https:\/\/gambinieditore.studiozerocinque.it\/?product=off-line-un-mese-senza-social#breadcrumb"},"inLanguage":"it-IT","potentialAction":[{"@type":"ReadAction","target":["https:\/\/gambinieditore.studiozerocinque.it\/?product=off-line-un-mese-senza-social"]}]},{"@type":"ImageObject","inLanguage":"it-IT","@id":"https:\/\/gambinieditore.studiozerocinque.it\/?product=off-line-un-mese-senza-social#primaryimage","url":"https:\/\/gambinieditore.studiozerocinque.it\/wp-content\/uploads\/2022\/04\/341-OFF-LINE.-Un-mese-senza-social.jpg","contentUrl":"https:\/\/gambinieditore.studiozerocinque.it\/wp-content\/uploads\/2022\/04\/341-OFF-LINE.-Un-mese-senza-social.jpg","width":857,"height":1211,"caption":"OFF LINE. Un mese senza social"},{"@type":"BreadcrumbList","@id":"https:\/\/gambinieditore.studiozerocinque.it\/?product=off-line-un-mese-senza-social#breadcrumb","itemListElement":[{"@type":"ListItem","position":1,"name":"Home","item":"https:\/\/gambinieditore.studiozerocinque.it\/"},{"@type":"ListItem","position":2,"name":"Catalogo","item":"https:\/\/gambinieditore.studiozerocinque.it\/?page_id=7"},{"@type":"ListItem","position":3,"name":"OFF LINE. Un mese senza social"}]},{"@type":"WebSite","@id":"https:\/\/gambinieditore.studiozerocinque.it\/#website","url":"https:\/\/gambinieditore.studiozerocinque.it\/","name":"Gambini Editore","description":"","potentialAction":[{"@type":"SearchAction","target":{"@type":"EntryPoint","urlTemplate":"https:\/\/gambinieditore.studiozerocinque.it\/?s={search_term_string}"},"query-input":{"@type":"PropertyValueSpecification","valueRequired":true,"valueName":"search_term_string"}}],"inLanguage":"it-IT"}]}},"_links":{"self":[{"href":"https:\/\/gambinieditore.studiozerocinque.it\/index.php?rest_route=\/wp\/v2\/product\/632","targetHints":{"allow":["GET"]}}],"collection":[{"href":"https:\/\/gambinieditore.studiozerocinque.it\/index.php?rest_route=\/wp\/v2\/product"}],"about":[{"href":"https:\/\/gambinieditore.studiozerocinque.it\/index.php?rest_route=\/wp\/v2\/types\/product"}],"replies":[{"embeddable":true,"href":"https:\/\/gambinieditore.studiozerocinque.it\/index.php?rest_route=%2Fwp%2Fv2%2Fcomments&post=632"}],"wp:featuredmedia":[{"embeddable":true,"href":"https:\/\/gambinieditore.studiozerocinque.it\/index.php?rest_route=\/wp\/v2\/media\/631"}],"wp:attachment":[{"href":"https:\/\/gambinieditore.studiozerocinque.it\/index.php?rest_route=%2Fwp%2Fv2%2Fmedia&parent=632"}],"wp:term":[{"taxonomy":"product_brand","embeddable":true,"href":"https:\/\/gambinieditore.studiozerocinque.it\/index.php?rest_route=%2Fwp%2Fv2%2Fproduct_brand&post=632"},{"taxonomy":"product_cat","embeddable":true,"href":"https:\/\/gambinieditore.studiozerocinque.it\/index.php?rest_route=%2Fwp%2Fv2%2Fproduct_cat&post=632"},{"taxonomy":"product_tag","embeddable":true,"href":"https:\/\/gambinieditore.studiozerocinque.it\/index.php?rest_route=%2Fwp%2Fv2%2Fproduct_tag&post=632"}],"curies":[{"name":"wp","href":"https:\/\/api.w.org\/{rel}","templated":true}]}}