{"id":64,"date":"2021-12-13T16:05:43","date_gmt":"2021-12-13T15:05:43","guid":{"rendered":"https:\/\/gambinieditore.studiozerocinque.it\/prodotto\/dante-e-l-economia-civile\/"},"modified":"2024-07-14T19:58:05","modified_gmt":"2024-07-14T17:58:05","slug":"dante-e-l-economia-civile","status":"publish","type":"product","link":"https:\/\/gambinieditore.studiozerocinque.it\/?product=dante-e-l-economia-civile","title":{"rendered":"Dante e l&#8217;Economia Civile"},"content":{"rendered":"<p>In occasione delle celebrazioni dei settecento anni dalla morte di Dante Alighieri (1265-1321) la lezione anche economica che si desume dalla condanna dell\u2019usura, nei Canti XI e XVII della Commedia, rimane valida sia per la recrudescenza del fenomeno causata dalla crisi economica indotta dalla pandemia sia per le caratteristiche del capitalismo finanziario contemporaneo connotato, come l\u2019usura medievale, dalla dissociazione tra guadagno stratosferico di ricchezza e attivit\u00e0 lavorativa. L\u2019incontro di Dante con gli usurai, nel VII Cerchio dell\u2019Inferno, viene da Cristina Montesi incastonato in una breve storia dell\u2019usura nel corso dei secoli fino ai giorni del Covid-19. La condanna da parte di Dante non solo dell\u2019usura, ma anche della normale attivit\u00e0 creditizia praticata dai mercanti-banchieri del tempo, \u00e8 inappellabile non riuscendo il sommo poeta ad accettare, per la sua mentalit\u00e0 ancorata al mondo cavalleresco, il profondo mutamento economico e sociale in atto a Firenze, un cambiamento sui generis, perch\u00e9 avvenuto nel segno dell\u2019Economia Civile che rendeva la citt\u00e0 uno dei centri pi\u00f9 ricchi d\u2019Europa, non disgiungendo mercato e comunit\u00e0, socialit\u00e0 e profitto, economia ed etica.<\/p>\n","protected":false},"excerpt":{"rendered":"<p>&#8220;Dante e l&#8217;Economia Civile. Dal Medioevo all&#8217;era del Covid-19: una breve storia dell&#8217;usura&#8221; di Cristina Montesi<\/p>\n","protected":false},"featured_media":63,"comment_status":"open","ping_status":"closed","template":"","meta":[],"product_brand":[],"product_cat":[17,22,18,19],"product_tag":[],"class_list":{"0":"post-64","1":"product","2":"type-product","3":"status-publish","4":"has-post-thumbnail","6":"product_cat-catalogo","7":"product_cat-collane","8":"product_cat-libri","9":"product_cat-universita","11":"first","12":"instock","13":"shipping-taxable","14":"purchasable","15":"product-type-simple"},"yoast_head":"<!-- This site is optimized with the Yoast SEO plugin v25.9 - https:\/\/yoast.com\/wordpress\/plugins\/seo\/ -->\n<title>Dante e l&#039;Economia Civile - Gambini Editore<\/title>\n<meta name=\"robots\" content=\"noindex, follow, max-snippet:-1, max-image-preview:large, max-video-preview:-1\" \/>\n<meta property=\"og:locale\" content=\"it_IT\" \/>\n<meta property=\"og:type\" content=\"article\" \/>\n<meta property=\"og:title\" content=\"Dante e l&#039;Economia Civile - Gambini Editore\" \/>\n<meta property=\"og:description\" content=\"&quot;Dante e l&#039;Economia Civile. Dal Medioevo all&#039;era del Covid-19: una breve storia dell&#039;usura&quot; di Cristina Montesi\" \/>\n<meta property=\"og:url\" content=\"https:\/\/gambinieditore.studiozerocinque.it\/?product=dante-e-l-economia-civile\" \/>\n<meta property=\"og:site_name\" content=\"Gambini Editore\" \/>\n<meta property=\"article:modified_time\" content=\"2024-07-14T17:58:05+00:00\" \/>\n<meta property=\"og:image\" content=\"https:\/\/gambinieditore.studiozerocinque.it\/wp-content\/uploads\/2021\/12\/40-Dante-e-lEconomia-Civile.jpg\" \/>\n\t<meta property=\"og:image:width\" content=\"857\" \/>\n\t<meta property=\"og:image:height\" content=\"1211\" \/>\n\t<meta property=\"og:image:type\" content=\"image\/jpeg\" \/>\n<meta name=\"twitter:card\" content=\"summary_large_image\" \/>\n<meta name=\"twitter:label1\" content=\"Tempo di lettura stimato\" \/>\n\t<meta name=\"twitter:data1\" content=\"1 minuto\" \/>\n<script type=\"application\/ld+json\" class=\"yoast-schema-graph\">{\"@context\":\"https:\/\/schema.org\",\"@graph\":[{\"@type\":\"WebPage\",\"@id\":\"https:\/\/gambinieditore.studiozerocinque.it\/?product=dante-e-l-economia-civile\",\"url\":\"https:\/\/gambinieditore.studiozerocinque.it\/?product=dante-e-l-economia-civile\",\"name\":\"Dante e l'Economia Civile - Gambini Editore\",\"isPartOf\":{\"@id\":\"https:\/\/gambinieditore.studiozerocinque.it\/#website\"},\"primaryImageOfPage\":{\"@id\":\"https:\/\/gambinieditore.studiozerocinque.it\/?product=dante-e-l-economia-civile#primaryimage\"},\"image\":{\"@id\":\"https:\/\/gambinieditore.studiozerocinque.it\/?product=dante-e-l-economia-civile#primaryimage\"},\"thumbnailUrl\":\"https:\/\/gambinieditore.studiozerocinque.it\/wp-content\/uploads\/2021\/12\/40-Dante-e-lEconomia-Civile.jpg\",\"datePublished\":\"2021-12-13T15:05:43+00:00\",\"dateModified\":\"2024-07-14T17:58:05+00:00\",\"breadcrumb\":{\"@id\":\"https:\/\/gambinieditore.studiozerocinque.it\/?product=dante-e-l-economia-civile#breadcrumb\"},\"inLanguage\":\"it-IT\",\"potentialAction\":[{\"@type\":\"ReadAction\",\"target\":[\"https:\/\/gambinieditore.studiozerocinque.it\/?product=dante-e-l-economia-civile\"]}]},{\"@type\":\"ImageObject\",\"inLanguage\":\"it-IT\",\"@id\":\"https:\/\/gambinieditore.studiozerocinque.it\/?product=dante-e-l-economia-civile#primaryimage\",\"url\":\"https:\/\/gambinieditore.studiozerocinque.it\/wp-content\/uploads\/2021\/12\/40-Dante-e-lEconomia-Civile.jpg\",\"contentUrl\":\"https:\/\/gambinieditore.studiozerocinque.it\/wp-content\/uploads\/2021\/12\/40-Dante-e-lEconomia-Civile.jpg\",\"width\":857,\"height\":1211,\"caption\":\"Dante e l'Economia Civile\"},{\"@type\":\"BreadcrumbList\",\"@id\":\"https:\/\/gambinieditore.studiozerocinque.it\/?product=dante-e-l-economia-civile#breadcrumb\",\"itemListElement\":[{\"@type\":\"ListItem\",\"position\":1,\"name\":\"Home\",\"item\":\"https:\/\/gambinieditore.studiozerocinque.it\/\"},{\"@type\":\"ListItem\",\"position\":2,\"name\":\"Catalogo\",\"item\":\"https:\/\/gambinieditore.studiozerocinque.it\/?page_id=7\"},{\"@type\":\"ListItem\",\"position\":3,\"name\":\"Dante e l&#8217;Economia Civile\"}]},{\"@type\":\"WebSite\",\"@id\":\"https:\/\/gambinieditore.studiozerocinque.it\/#website\",\"url\":\"https:\/\/gambinieditore.studiozerocinque.it\/\",\"name\":\"Gambini Editore\",\"description\":\"\",\"potentialAction\":[{\"@type\":\"SearchAction\",\"target\":{\"@type\":\"EntryPoint\",\"urlTemplate\":\"https:\/\/gambinieditore.studiozerocinque.it\/?s={search_term_string}\"},\"query-input\":{\"@type\":\"PropertyValueSpecification\",\"valueRequired\":true,\"valueName\":\"search_term_string\"}}],\"inLanguage\":\"it-IT\"}]}<\/script>\n<!-- \/ Yoast SEO plugin. -->","yoast_head_json":{"title":"Dante e l'Economia Civile - Gambini Editore","robots":{"index":"noindex","follow":"follow","max-snippet":"max-snippet:-1","max-image-preview":"max-image-preview:large","max-video-preview":"max-video-preview:-1"},"og_locale":"it_IT","og_type":"article","og_title":"Dante e l'Economia Civile - Gambini Editore","og_description":"\"Dante e l'Economia Civile. Dal Medioevo all'era del Covid-19: una breve storia dell'usura\" di Cristina Montesi","og_url":"https:\/\/gambinieditore.studiozerocinque.it\/?product=dante-e-l-economia-civile","og_site_name":"Gambini Editore","article_modified_time":"2024-07-14T17:58:05+00:00","og_image":[{"width":857,"height":1211,"url":"https:\/\/gambinieditore.studiozerocinque.it\/wp-content\/uploads\/2021\/12\/40-Dante-e-lEconomia-Civile.jpg","type":"image\/jpeg"}],"twitter_card":"summary_large_image","twitter_misc":{"Tempo di lettura stimato":"1 minuto"},"schema":{"@context":"https:\/\/schema.org","@graph":[{"@type":"WebPage","@id":"https:\/\/gambinieditore.studiozerocinque.it\/?product=dante-e-l-economia-civile","url":"https:\/\/gambinieditore.studiozerocinque.it\/?product=dante-e-l-economia-civile","name":"Dante e l'Economia Civile - Gambini Editore","isPartOf":{"@id":"https:\/\/gambinieditore.studiozerocinque.it\/#website"},"primaryImageOfPage":{"@id":"https:\/\/gambinieditore.studiozerocinque.it\/?product=dante-e-l-economia-civile#primaryimage"},"image":{"@id":"https:\/\/gambinieditore.studiozerocinque.it\/?product=dante-e-l-economia-civile#primaryimage"},"thumbnailUrl":"https:\/\/gambinieditore.studiozerocinque.it\/wp-content\/uploads\/2021\/12\/40-Dante-e-lEconomia-Civile.jpg","datePublished":"2021-12-13T15:05:43+00:00","dateModified":"2024-07-14T17:58:05+00:00","breadcrumb":{"@id":"https:\/\/gambinieditore.studiozerocinque.it\/?product=dante-e-l-economia-civile#breadcrumb"},"inLanguage":"it-IT","potentialAction":[{"@type":"ReadAction","target":["https:\/\/gambinieditore.studiozerocinque.it\/?product=dante-e-l-economia-civile"]}]},{"@type":"ImageObject","inLanguage":"it-IT","@id":"https:\/\/gambinieditore.studiozerocinque.it\/?product=dante-e-l-economia-civile#primaryimage","url":"https:\/\/gambinieditore.studiozerocinque.it\/wp-content\/uploads\/2021\/12\/40-Dante-e-lEconomia-Civile.jpg","contentUrl":"https:\/\/gambinieditore.studiozerocinque.it\/wp-content\/uploads\/2021\/12\/40-Dante-e-lEconomia-Civile.jpg","width":857,"height":1211,"caption":"Dante e l'Economia Civile"},{"@type":"BreadcrumbList","@id":"https:\/\/gambinieditore.studiozerocinque.it\/?product=dante-e-l-economia-civile#breadcrumb","itemListElement":[{"@type":"ListItem","position":1,"name":"Home","item":"https:\/\/gambinieditore.studiozerocinque.it\/"},{"@type":"ListItem","position":2,"name":"Catalogo","item":"https:\/\/gambinieditore.studiozerocinque.it\/?page_id=7"},{"@type":"ListItem","position":3,"name":"Dante e l&#8217;Economia Civile"}]},{"@type":"WebSite","@id":"https:\/\/gambinieditore.studiozerocinque.it\/#website","url":"https:\/\/gambinieditore.studiozerocinque.it\/","name":"Gambini Editore","description":"","potentialAction":[{"@type":"SearchAction","target":{"@type":"EntryPoint","urlTemplate":"https:\/\/gambinieditore.studiozerocinque.it\/?s={search_term_string}"},"query-input":{"@type":"PropertyValueSpecification","valueRequired":true,"valueName":"search_term_string"}}],"inLanguage":"it-IT"}]}},"_links":{"self":[{"href":"https:\/\/gambinieditore.studiozerocinque.it\/index.php?rest_route=\/wp\/v2\/product\/64","targetHints":{"allow":["GET"]}}],"collection":[{"href":"https:\/\/gambinieditore.studiozerocinque.it\/index.php?rest_route=\/wp\/v2\/product"}],"about":[{"href":"https:\/\/gambinieditore.studiozerocinque.it\/index.php?rest_route=\/wp\/v2\/types\/product"}],"replies":[{"embeddable":true,"href":"https:\/\/gambinieditore.studiozerocinque.it\/index.php?rest_route=%2Fwp%2Fv2%2Fcomments&post=64"}],"wp:featuredmedia":[{"embeddable":true,"href":"https:\/\/gambinieditore.studiozerocinque.it\/index.php?rest_route=\/wp\/v2\/media\/63"}],"wp:attachment":[{"href":"https:\/\/gambinieditore.studiozerocinque.it\/index.php?rest_route=%2Fwp%2Fv2%2Fmedia&parent=64"}],"wp:term":[{"taxonomy":"product_brand","embeddable":true,"href":"https:\/\/gambinieditore.studiozerocinque.it\/index.php?rest_route=%2Fwp%2Fv2%2Fproduct_brand&post=64"},{"taxonomy":"product_cat","embeddable":true,"href":"https:\/\/gambinieditore.studiozerocinque.it\/index.php?rest_route=%2Fwp%2Fv2%2Fproduct_cat&post=64"},{"taxonomy":"product_tag","embeddable":true,"href":"https:\/\/gambinieditore.studiozerocinque.it\/index.php?rest_route=%2Fwp%2Fv2%2Fproduct_tag&post=64"}],"curies":[{"name":"wp","href":"https:\/\/api.w.org\/{rel}","templated":true}]}}