{"id":710,"date":"2023-05-19T07:06:45","date_gmt":"2023-05-19T05:06:45","guid":{"rendered":"https:\/\/gambinieditore.studiozerocinque.it\/prodotto\/umbrie-luoghi-personaggi-storie-e-leggende\/"},"modified":"2025-09-11T10:00:46","modified_gmt":"2025-09-11T08:00:46","slug":"umbrie-luoghi-personaggi-storie-e-leggende","status":"publish","type":"product","link":"https:\/\/gambinieditore.studiozerocinque.it\/?product=umbrie-luoghi-personaggi-storie-e-leggende","title":{"rendered":"UMBRIE. Luoghi, personaggi, storie e leggende"},"content":{"rendered":"<p>Il rapporto tra Danta Alighieri e l\u2019Umbria, attraverso gli affreschi del Duomo di Orvieto e la prima immagine iconografica del Purgatorio, scoperta a Todi negli Anni Ottanta del Novecento. Le imprese calcistiche del Tavernelle di Angelo Moratti, prima tappa della nascita a Milano della Grande Inter di Helenio Herrera. La liberazione degli ebrei da Isola Maggiore. La storia della piccola comunit\u00e0 di Polino, che dopo cinquecento anni mantiene intatte le proprie tradizioni pugliesi. Sono alcuni dei capitoli di \u201cUmbrie. Luoghi, personaggi, storie e leggende\u201d, il volume scritto da Mino Lorusso. Si tratta di un viaggio nel tempo, alla scoperta dell\u2019unicit\u00e0 dell\u2019Umbria: anzi, delle tante Umbrie che si sono sovrapposte nel tempo e nello spazio. La pluralit\u00e0 dell\u2019Umbria si snoda attraverso i luoghi, caratterizzati dal &#8211; la presenza di personaggi che hanno segnato la storia della regione o che, passivamente, l\u2019hanno vissuta o subita. Tra i primi, Matteo d\u2019Acquasparta, cardinale al servizio di Bonifacio VIII; padre Massimiliano Kolbe, ospite di Amelia nel nell\u2019estate del 1918; Mario Soares, futuro presidente del Portogallo, in esilio a Piediluco nel 1970. Pi\u00f9 di recente, figure umbre come quella dello storico e giornalista marscianese Luigi Salvatorelli e del giornalista spoletino Walter Tobagi, ucciso dai terroristi nel 1980, hanno dato alla regione una dimensione pi\u00f9 ampia, partecipe delle vicende nazionali e internazionali. \u00c8 una realt\u00e0 aperta, nonostante l\u2019identit\u00e0 smarrita e sbiadita dietro un\u2019abusata immagine \u201cverde\u201d.<\/p>\n","protected":false},"excerpt":{"rendered":"<p>Il rapporto tra Danta Alighieri e l\u2019Umbria, attraverso gli affreschi del Duomo di Orvieto e la prima immagine iconografica del Purgatorio, scoperta a Todi negli Anni Ottanta del Novecento. Le imprese calcistiche del Tavernelle di Angelo Moratti, prima tappa della nascita a Milano della Grande Inter di Helenio Herrera. La liberazione degli ebrei da Isola [&hellip;]<\/p>\n","protected":false},"featured_media":709,"comment_status":"open","ping_status":"closed","template":"","meta":[],"product_brand":[],"product_cat":[17,18,24],"product_tag":[],"class_list":{"0":"post-710","1":"product","2":"type-product","3":"status-publish","4":"has-post-thumbnail","6":"product_cat-catalogo","7":"product_cat-libri","8":"product_cat-novita","10":"first","11":"instock","12":"shipping-taxable","13":"purchasable","14":"product-type-simple"},"yoast_head":"<!-- This site is optimized with the Yoast SEO plugin v25.9 - https:\/\/yoast.com\/wordpress\/plugins\/seo\/ -->\n<title>UMBRIE. Luoghi, personaggi, storie e leggende - Gambini Editore<\/title>\n<meta name=\"robots\" content=\"noindex, follow, max-snippet:-1, max-image-preview:large, max-video-preview:-1\" \/>\n<meta property=\"og:locale\" content=\"it_IT\" \/>\n<meta property=\"og:type\" content=\"article\" \/>\n<meta property=\"og:title\" content=\"UMBRIE. Luoghi, personaggi, storie e leggende - Gambini Editore\" \/>\n<meta property=\"og:description\" content=\"Il rapporto tra Danta Alighieri e l\u2019Umbria, attraverso gli affreschi del Duomo di Orvieto e la prima immagine iconografica del Purgatorio, scoperta a Todi negli Anni Ottanta del Novecento. Le imprese calcistiche del Tavernelle di Angelo Moratti, prima tappa della nascita a Milano della Grande Inter di Helenio Herrera. La liberazione degli ebrei da Isola [&hellip;]\" \/>\n<meta property=\"og:url\" content=\"https:\/\/gambinieditore.studiozerocinque.it\/?product=umbrie-luoghi-personaggi-storie-e-leggende\" \/>\n<meta property=\"og:site_name\" content=\"Gambini Editore\" \/>\n<meta property=\"article:modified_time\" content=\"2025-09-11T08:00:46+00:00\" \/>\n<meta property=\"og:image\" content=\"https:\/\/gambinieditore.studiozerocinque.it\/wp-content\/uploads\/2023\/05\/389-UMBRIE.-Luoghi-personaggi-storie-e-leggende.jpg\" \/>\n\t<meta property=\"og:image:width\" content=\"733\" \/>\n\t<meta property=\"og:image:height\" content=\"1024\" \/>\n\t<meta property=\"og:image:type\" content=\"image\/jpeg\" \/>\n<meta name=\"twitter:card\" content=\"summary_large_image\" \/>\n<meta name=\"twitter:label1\" content=\"Tempo di lettura stimato\" \/>\n\t<meta name=\"twitter:data1\" content=\"1 minuto\" \/>\n<script type=\"application\/ld+json\" class=\"yoast-schema-graph\">{\"@context\":\"https:\/\/schema.org\",\"@graph\":[{\"@type\":\"WebPage\",\"@id\":\"https:\/\/gambinieditore.studiozerocinque.it\/?product=umbrie-luoghi-personaggi-storie-e-leggende\",\"url\":\"https:\/\/gambinieditore.studiozerocinque.it\/?product=umbrie-luoghi-personaggi-storie-e-leggende\",\"name\":\"UMBRIE. Luoghi, personaggi, storie e leggende - Gambini Editore\",\"isPartOf\":{\"@id\":\"https:\/\/gambinieditore.studiozerocinque.it\/#website\"},\"primaryImageOfPage\":{\"@id\":\"https:\/\/gambinieditore.studiozerocinque.it\/?product=umbrie-luoghi-personaggi-storie-e-leggende#primaryimage\"},\"image\":{\"@id\":\"https:\/\/gambinieditore.studiozerocinque.it\/?product=umbrie-luoghi-personaggi-storie-e-leggende#primaryimage\"},\"thumbnailUrl\":\"https:\/\/gambinieditore.studiozerocinque.it\/wp-content\/uploads\/2023\/05\/389-UMBRIE.-Luoghi-personaggi-storie-e-leggende.jpg\",\"datePublished\":\"2023-05-19T05:06:45+00:00\",\"dateModified\":\"2025-09-11T08:00:46+00:00\",\"breadcrumb\":{\"@id\":\"https:\/\/gambinieditore.studiozerocinque.it\/?product=umbrie-luoghi-personaggi-storie-e-leggende#breadcrumb\"},\"inLanguage\":\"it-IT\",\"potentialAction\":[{\"@type\":\"ReadAction\",\"target\":[\"https:\/\/gambinieditore.studiozerocinque.it\/?product=umbrie-luoghi-personaggi-storie-e-leggende\"]}]},{\"@type\":\"ImageObject\",\"inLanguage\":\"it-IT\",\"@id\":\"https:\/\/gambinieditore.studiozerocinque.it\/?product=umbrie-luoghi-personaggi-storie-e-leggende#primaryimage\",\"url\":\"https:\/\/gambinieditore.studiozerocinque.it\/wp-content\/uploads\/2023\/05\/389-UMBRIE.-Luoghi-personaggi-storie-e-leggende.jpg\",\"contentUrl\":\"https:\/\/gambinieditore.studiozerocinque.it\/wp-content\/uploads\/2023\/05\/389-UMBRIE.-Luoghi-personaggi-storie-e-leggende.jpg\",\"width\":733,\"height\":1024,\"caption\":\"UMBRIE. Luoghi, personaggi, storie e leggende\"},{\"@type\":\"BreadcrumbList\",\"@id\":\"https:\/\/gambinieditore.studiozerocinque.it\/?product=umbrie-luoghi-personaggi-storie-e-leggende#breadcrumb\",\"itemListElement\":[{\"@type\":\"ListItem\",\"position\":1,\"name\":\"Home\",\"item\":\"https:\/\/gambinieditore.studiozerocinque.it\/\"},{\"@type\":\"ListItem\",\"position\":2,\"name\":\"Catalogo\",\"item\":\"https:\/\/gambinieditore.studiozerocinque.it\/?page_id=7\"},{\"@type\":\"ListItem\",\"position\":3,\"name\":\"UMBRIE. Luoghi, personaggi, storie e leggende\"}]},{\"@type\":\"WebSite\",\"@id\":\"https:\/\/gambinieditore.studiozerocinque.it\/#website\",\"url\":\"https:\/\/gambinieditore.studiozerocinque.it\/\",\"name\":\"Gambini Editore\",\"description\":\"\",\"potentialAction\":[{\"@type\":\"SearchAction\",\"target\":{\"@type\":\"EntryPoint\",\"urlTemplate\":\"https:\/\/gambinieditore.studiozerocinque.it\/?s={search_term_string}\"},\"query-input\":{\"@type\":\"PropertyValueSpecification\",\"valueRequired\":true,\"valueName\":\"search_term_string\"}}],\"inLanguage\":\"it-IT\"}]}<\/script>\n<!-- \/ Yoast SEO plugin. -->","yoast_head_json":{"title":"UMBRIE. Luoghi, personaggi, storie e leggende - Gambini Editore","robots":{"index":"noindex","follow":"follow","max-snippet":"max-snippet:-1","max-image-preview":"max-image-preview:large","max-video-preview":"max-video-preview:-1"},"og_locale":"it_IT","og_type":"article","og_title":"UMBRIE. Luoghi, personaggi, storie e leggende - Gambini Editore","og_description":"Il rapporto tra Danta Alighieri e l\u2019Umbria, attraverso gli affreschi del Duomo di Orvieto e la prima immagine iconografica del Purgatorio, scoperta a Todi negli Anni Ottanta del Novecento. Le imprese calcistiche del Tavernelle di Angelo Moratti, prima tappa della nascita a Milano della Grande Inter di Helenio Herrera. La liberazione degli ebrei da Isola [&hellip;]","og_url":"https:\/\/gambinieditore.studiozerocinque.it\/?product=umbrie-luoghi-personaggi-storie-e-leggende","og_site_name":"Gambini Editore","article_modified_time":"2025-09-11T08:00:46+00:00","og_image":[{"width":733,"height":1024,"url":"https:\/\/gambinieditore.studiozerocinque.it\/wp-content\/uploads\/2023\/05\/389-UMBRIE.-Luoghi-personaggi-storie-e-leggende.jpg","type":"image\/jpeg"}],"twitter_card":"summary_large_image","twitter_misc":{"Tempo di lettura stimato":"1 minuto"},"schema":{"@context":"https:\/\/schema.org","@graph":[{"@type":"WebPage","@id":"https:\/\/gambinieditore.studiozerocinque.it\/?product=umbrie-luoghi-personaggi-storie-e-leggende","url":"https:\/\/gambinieditore.studiozerocinque.it\/?product=umbrie-luoghi-personaggi-storie-e-leggende","name":"UMBRIE. Luoghi, personaggi, storie e leggende - Gambini Editore","isPartOf":{"@id":"https:\/\/gambinieditore.studiozerocinque.it\/#website"},"primaryImageOfPage":{"@id":"https:\/\/gambinieditore.studiozerocinque.it\/?product=umbrie-luoghi-personaggi-storie-e-leggende#primaryimage"},"image":{"@id":"https:\/\/gambinieditore.studiozerocinque.it\/?product=umbrie-luoghi-personaggi-storie-e-leggende#primaryimage"},"thumbnailUrl":"https:\/\/gambinieditore.studiozerocinque.it\/wp-content\/uploads\/2023\/05\/389-UMBRIE.-Luoghi-personaggi-storie-e-leggende.jpg","datePublished":"2023-05-19T05:06:45+00:00","dateModified":"2025-09-11T08:00:46+00:00","breadcrumb":{"@id":"https:\/\/gambinieditore.studiozerocinque.it\/?product=umbrie-luoghi-personaggi-storie-e-leggende#breadcrumb"},"inLanguage":"it-IT","potentialAction":[{"@type":"ReadAction","target":["https:\/\/gambinieditore.studiozerocinque.it\/?product=umbrie-luoghi-personaggi-storie-e-leggende"]}]},{"@type":"ImageObject","inLanguage":"it-IT","@id":"https:\/\/gambinieditore.studiozerocinque.it\/?product=umbrie-luoghi-personaggi-storie-e-leggende#primaryimage","url":"https:\/\/gambinieditore.studiozerocinque.it\/wp-content\/uploads\/2023\/05\/389-UMBRIE.-Luoghi-personaggi-storie-e-leggende.jpg","contentUrl":"https:\/\/gambinieditore.studiozerocinque.it\/wp-content\/uploads\/2023\/05\/389-UMBRIE.-Luoghi-personaggi-storie-e-leggende.jpg","width":733,"height":1024,"caption":"UMBRIE. Luoghi, personaggi, storie e leggende"},{"@type":"BreadcrumbList","@id":"https:\/\/gambinieditore.studiozerocinque.it\/?product=umbrie-luoghi-personaggi-storie-e-leggende#breadcrumb","itemListElement":[{"@type":"ListItem","position":1,"name":"Home","item":"https:\/\/gambinieditore.studiozerocinque.it\/"},{"@type":"ListItem","position":2,"name":"Catalogo","item":"https:\/\/gambinieditore.studiozerocinque.it\/?page_id=7"},{"@type":"ListItem","position":3,"name":"UMBRIE. Luoghi, personaggi, storie e leggende"}]},{"@type":"WebSite","@id":"https:\/\/gambinieditore.studiozerocinque.it\/#website","url":"https:\/\/gambinieditore.studiozerocinque.it\/","name":"Gambini Editore","description":"","potentialAction":[{"@type":"SearchAction","target":{"@type":"EntryPoint","urlTemplate":"https:\/\/gambinieditore.studiozerocinque.it\/?s={search_term_string}"},"query-input":{"@type":"PropertyValueSpecification","valueRequired":true,"valueName":"search_term_string"}}],"inLanguage":"it-IT"}]}},"_links":{"self":[{"href":"https:\/\/gambinieditore.studiozerocinque.it\/index.php?rest_route=\/wp\/v2\/product\/710","targetHints":{"allow":["GET"]}}],"collection":[{"href":"https:\/\/gambinieditore.studiozerocinque.it\/index.php?rest_route=\/wp\/v2\/product"}],"about":[{"href":"https:\/\/gambinieditore.studiozerocinque.it\/index.php?rest_route=\/wp\/v2\/types\/product"}],"replies":[{"embeddable":true,"href":"https:\/\/gambinieditore.studiozerocinque.it\/index.php?rest_route=%2Fwp%2Fv2%2Fcomments&post=710"}],"wp:featuredmedia":[{"embeddable":true,"href":"https:\/\/gambinieditore.studiozerocinque.it\/index.php?rest_route=\/wp\/v2\/media\/709"}],"wp:attachment":[{"href":"https:\/\/gambinieditore.studiozerocinque.it\/index.php?rest_route=%2Fwp%2Fv2%2Fmedia&parent=710"}],"wp:term":[{"taxonomy":"product_brand","embeddable":true,"href":"https:\/\/gambinieditore.studiozerocinque.it\/index.php?rest_route=%2Fwp%2Fv2%2Fproduct_brand&post=710"},{"taxonomy":"product_cat","embeddable":true,"href":"https:\/\/gambinieditore.studiozerocinque.it\/index.php?rest_route=%2Fwp%2Fv2%2Fproduct_cat&post=710"},{"taxonomy":"product_tag","embeddable":true,"href":"https:\/\/gambinieditore.studiozerocinque.it\/index.php?rest_route=%2Fwp%2Fv2%2Fproduct_tag&post=710"}],"curies":[{"name":"wp","href":"https:\/\/api.w.org\/{rel}","templated":true}]}}