{"id":94,"date":"2022-02-11T18:41:03","date_gmt":"2022-02-11T17:41:03","guid":{"rendered":"https:\/\/gambinieditore.studiozerocinque.it\/prodotto\/nel-pensiero-di-una-madre\/"},"modified":"2022-02-11T18:41:03","modified_gmt":"2022-02-11T17:41:03","slug":"nel-pensiero-di-una-madre","status":"publish","type":"product","link":"https:\/\/gambinieditore.studiozerocinque.it\/?product=nel-pensiero-di-una-madre","title":{"rendered":"Nel pensiero di una madre"},"content":{"rendered":"<p>L&#8217;amore di una madre va oltre le barriere del tempo, sfida ogni legge umana, supera le ipocrisie degli uomini, mantiene quei legami d&#8217;affetto che niente e nessuno pu\u00f2 spezzare. Quello di una madre \u00e8 un pensiero che ci portiamo sem\u00adpre dietro, ci scalda il cuore, ci fa sentire a casa nostra, ci riporta sereni insieme a lei, protetti dalle sue premure, felici al suo incontro.<\/p>\n<p>Le difficolt\u00e0 di ogni epoca mostrano i sacrifici che nostra madre ha saputo compiere pensando a noi, a quei figli a cui ha sperato di dare un futuro migliore, a cui fino all&#8217;ultimo ha nascosto le sue ansie, il suo pianto soffocato tra un sorriso e una carezza per tutta la famiglia. La sua immagine ancora oggi ci fa crescere, ci d\u00e0 la forza di andare avanti, ci fa ritrovare la purezza della nostra infanzia, ci d\u00e0 il calore del\u00adl&#8217;amore. Sono questi i sentimenti profondi di cui ho voluto permeare il mio romanzo che \u00e8 la storia di una madre che come tale ha realizzato quanto le era possibile tra le avversit\u00e0 della guerra, tra il disagio di un mondo contadino e dei pregiudizi di una societ\u00e0 non ancora emancipata.<\/p>\n<p>\u00c8 il successo di una donna che ha provato ad emergere da un mondo femminile non alla pari, da una fa\u00admiglia patriarcale, da una scuola classista, da una campagna padronale, per di\u00adventare il simbolo di un&#8217;era nuova, di una donna di tutti i tempi per cui tutti noi possiamo dire con fierezza, &#8220;questa donna era mia madre&#8221;.<\/p>\n","protected":false},"excerpt":{"rendered":"<p>L&#8217;amore di una madre va oltre le barriere del tempo, sfida ogni legge umana, supera le ipocrisie degli uomini, mantiene quei legami d&#8217;affetto che niente e nessuno pu\u00f2 spezzare.<\/p>\n","protected":false},"featured_media":93,"comment_status":"open","ping_status":"closed","template":"","meta":[],"product_brand":[],"product_cat":[25],"product_tag":[],"class_list":{"0":"post-94","1":"product","2":"type-product","3":"status-publish","4":"has-post-thumbnail","6":"product_cat-narrativa-italiana","8":"first","9":"instock","10":"shipping-taxable","11":"purchasable","12":"product-type-simple"},"yoast_head":"<!-- This site is optimized with the Yoast SEO plugin v25.9 - https:\/\/yoast.com\/wordpress\/plugins\/seo\/ -->\n<title>Nel pensiero di una madre - Gambini Editore<\/title>\n<meta name=\"robots\" content=\"noindex, follow, max-snippet:-1, max-image-preview:large, max-video-preview:-1\" \/>\n<meta property=\"og:locale\" content=\"it_IT\" \/>\n<meta property=\"og:type\" content=\"article\" \/>\n<meta property=\"og:title\" content=\"Nel pensiero di una madre - Gambini Editore\" \/>\n<meta property=\"og:description\" content=\"L&#039;amore di una madre va oltre le barriere del tempo, sfida ogni legge umana, supera le ipocrisie degli uomini, mantiene quei legami d&#039;affetto che niente e nessuno pu\u00f2 spezzare.\" \/>\n<meta property=\"og:url\" content=\"https:\/\/gambinieditore.studiozerocinque.it\/?product=nel-pensiero-di-una-madre\" \/>\n<meta property=\"og:site_name\" content=\"Gambini Editore\" \/>\n<meta property=\"og:image\" content=\"https:\/\/gambinieditore.studiozerocinque.it\/wp-content\/uploads\/2022\/02\/56-Nel-pensiero-di-una-madre.jpg\" \/>\n\t<meta property=\"og:image:width\" content=\"240\" \/>\n\t<meta property=\"og:image:height\" content=\"237\" \/>\n\t<meta property=\"og:image:type\" content=\"image\/jpeg\" \/>\n<meta name=\"twitter:card\" content=\"summary_large_image\" \/>\n<meta name=\"twitter:label1\" content=\"Tempo di lettura stimato\" \/>\n\t<meta name=\"twitter:data1\" content=\"1 minuto\" \/>\n<script type=\"application\/ld+json\" class=\"yoast-schema-graph\">{\"@context\":\"https:\/\/schema.org\",\"@graph\":[{\"@type\":\"WebPage\",\"@id\":\"https:\/\/gambinieditore.studiozerocinque.it\/?product=nel-pensiero-di-una-madre\",\"url\":\"https:\/\/gambinieditore.studiozerocinque.it\/?product=nel-pensiero-di-una-madre\",\"name\":\"Nel pensiero di una madre - Gambini Editore\",\"isPartOf\":{\"@id\":\"https:\/\/gambinieditore.studiozerocinque.it\/#website\"},\"primaryImageOfPage\":{\"@id\":\"https:\/\/gambinieditore.studiozerocinque.it\/?product=nel-pensiero-di-una-madre#primaryimage\"},\"image\":{\"@id\":\"https:\/\/gambinieditore.studiozerocinque.it\/?product=nel-pensiero-di-una-madre#primaryimage\"},\"thumbnailUrl\":\"https:\/\/gambinieditore.studiozerocinque.it\/wp-content\/uploads\/2022\/02\/56-Nel-pensiero-di-una-madre.jpg\",\"datePublished\":\"2022-02-11T17:41:03+00:00\",\"breadcrumb\":{\"@id\":\"https:\/\/gambinieditore.studiozerocinque.it\/?product=nel-pensiero-di-una-madre#breadcrumb\"},\"inLanguage\":\"it-IT\",\"potentialAction\":[{\"@type\":\"ReadAction\",\"target\":[\"https:\/\/gambinieditore.studiozerocinque.it\/?product=nel-pensiero-di-una-madre\"]}]},{\"@type\":\"ImageObject\",\"inLanguage\":\"it-IT\",\"@id\":\"https:\/\/gambinieditore.studiozerocinque.it\/?product=nel-pensiero-di-una-madre#primaryimage\",\"url\":\"https:\/\/gambinieditore.studiozerocinque.it\/wp-content\/uploads\/2022\/02\/56-Nel-pensiero-di-una-madre.jpg\",\"contentUrl\":\"https:\/\/gambinieditore.studiozerocinque.it\/wp-content\/uploads\/2022\/02\/56-Nel-pensiero-di-una-madre.jpg\",\"width\":240,\"height\":237,\"caption\":\"Nel pensiero di una madre\"},{\"@type\":\"BreadcrumbList\",\"@id\":\"https:\/\/gambinieditore.studiozerocinque.it\/?product=nel-pensiero-di-una-madre#breadcrumb\",\"itemListElement\":[{\"@type\":\"ListItem\",\"position\":1,\"name\":\"Home\",\"item\":\"https:\/\/gambinieditore.studiozerocinque.it\/\"},{\"@type\":\"ListItem\",\"position\":2,\"name\":\"Catalogo\",\"item\":\"https:\/\/gambinieditore.studiozerocinque.it\/?page_id=7\"},{\"@type\":\"ListItem\",\"position\":3,\"name\":\"Nel pensiero di una madre\"}]},{\"@type\":\"WebSite\",\"@id\":\"https:\/\/gambinieditore.studiozerocinque.it\/#website\",\"url\":\"https:\/\/gambinieditore.studiozerocinque.it\/\",\"name\":\"Gambini Editore\",\"description\":\"\",\"potentialAction\":[{\"@type\":\"SearchAction\",\"target\":{\"@type\":\"EntryPoint\",\"urlTemplate\":\"https:\/\/gambinieditore.studiozerocinque.it\/?s={search_term_string}\"},\"query-input\":{\"@type\":\"PropertyValueSpecification\",\"valueRequired\":true,\"valueName\":\"search_term_string\"}}],\"inLanguage\":\"it-IT\"}]}<\/script>\n<!-- \/ Yoast SEO plugin. -->","yoast_head_json":{"title":"Nel pensiero di una madre - Gambini Editore","robots":{"index":"noindex","follow":"follow","max-snippet":"max-snippet:-1","max-image-preview":"max-image-preview:large","max-video-preview":"max-video-preview:-1"},"og_locale":"it_IT","og_type":"article","og_title":"Nel pensiero di una madre - Gambini Editore","og_description":"L'amore di una madre va oltre le barriere del tempo, sfida ogni legge umana, supera le ipocrisie degli uomini, mantiene quei legami d'affetto che niente e nessuno pu\u00f2 spezzare.","og_url":"https:\/\/gambinieditore.studiozerocinque.it\/?product=nel-pensiero-di-una-madre","og_site_name":"Gambini Editore","og_image":[{"width":240,"height":237,"url":"https:\/\/gambinieditore.studiozerocinque.it\/wp-content\/uploads\/2022\/02\/56-Nel-pensiero-di-una-madre.jpg","type":"image\/jpeg"}],"twitter_card":"summary_large_image","twitter_misc":{"Tempo di lettura stimato":"1 minuto"},"schema":{"@context":"https:\/\/schema.org","@graph":[{"@type":"WebPage","@id":"https:\/\/gambinieditore.studiozerocinque.it\/?product=nel-pensiero-di-una-madre","url":"https:\/\/gambinieditore.studiozerocinque.it\/?product=nel-pensiero-di-una-madre","name":"Nel pensiero di una madre - Gambini Editore","isPartOf":{"@id":"https:\/\/gambinieditore.studiozerocinque.it\/#website"},"primaryImageOfPage":{"@id":"https:\/\/gambinieditore.studiozerocinque.it\/?product=nel-pensiero-di-una-madre#primaryimage"},"image":{"@id":"https:\/\/gambinieditore.studiozerocinque.it\/?product=nel-pensiero-di-una-madre#primaryimage"},"thumbnailUrl":"https:\/\/gambinieditore.studiozerocinque.it\/wp-content\/uploads\/2022\/02\/56-Nel-pensiero-di-una-madre.jpg","datePublished":"2022-02-11T17:41:03+00:00","breadcrumb":{"@id":"https:\/\/gambinieditore.studiozerocinque.it\/?product=nel-pensiero-di-una-madre#breadcrumb"},"inLanguage":"it-IT","potentialAction":[{"@type":"ReadAction","target":["https:\/\/gambinieditore.studiozerocinque.it\/?product=nel-pensiero-di-una-madre"]}]},{"@type":"ImageObject","inLanguage":"it-IT","@id":"https:\/\/gambinieditore.studiozerocinque.it\/?product=nel-pensiero-di-una-madre#primaryimage","url":"https:\/\/gambinieditore.studiozerocinque.it\/wp-content\/uploads\/2022\/02\/56-Nel-pensiero-di-una-madre.jpg","contentUrl":"https:\/\/gambinieditore.studiozerocinque.it\/wp-content\/uploads\/2022\/02\/56-Nel-pensiero-di-una-madre.jpg","width":240,"height":237,"caption":"Nel pensiero di una madre"},{"@type":"BreadcrumbList","@id":"https:\/\/gambinieditore.studiozerocinque.it\/?product=nel-pensiero-di-una-madre#breadcrumb","itemListElement":[{"@type":"ListItem","position":1,"name":"Home","item":"https:\/\/gambinieditore.studiozerocinque.it\/"},{"@type":"ListItem","position":2,"name":"Catalogo","item":"https:\/\/gambinieditore.studiozerocinque.it\/?page_id=7"},{"@type":"ListItem","position":3,"name":"Nel pensiero di una madre"}]},{"@type":"WebSite","@id":"https:\/\/gambinieditore.studiozerocinque.it\/#website","url":"https:\/\/gambinieditore.studiozerocinque.it\/","name":"Gambini Editore","description":"","potentialAction":[{"@type":"SearchAction","target":{"@type":"EntryPoint","urlTemplate":"https:\/\/gambinieditore.studiozerocinque.it\/?s={search_term_string}"},"query-input":{"@type":"PropertyValueSpecification","valueRequired":true,"valueName":"search_term_string"}}],"inLanguage":"it-IT"}]}},"_links":{"self":[{"href":"https:\/\/gambinieditore.studiozerocinque.it\/index.php?rest_route=\/wp\/v2\/product\/94","targetHints":{"allow":["GET"]}}],"collection":[{"href":"https:\/\/gambinieditore.studiozerocinque.it\/index.php?rest_route=\/wp\/v2\/product"}],"about":[{"href":"https:\/\/gambinieditore.studiozerocinque.it\/index.php?rest_route=\/wp\/v2\/types\/product"}],"replies":[{"embeddable":true,"href":"https:\/\/gambinieditore.studiozerocinque.it\/index.php?rest_route=%2Fwp%2Fv2%2Fcomments&post=94"}],"wp:featuredmedia":[{"embeddable":true,"href":"https:\/\/gambinieditore.studiozerocinque.it\/index.php?rest_route=\/wp\/v2\/media\/93"}],"wp:attachment":[{"href":"https:\/\/gambinieditore.studiozerocinque.it\/index.php?rest_route=%2Fwp%2Fv2%2Fmedia&parent=94"}],"wp:term":[{"taxonomy":"product_brand","embeddable":true,"href":"https:\/\/gambinieditore.studiozerocinque.it\/index.php?rest_route=%2Fwp%2Fv2%2Fproduct_brand&post=94"},{"taxonomy":"product_cat","embeddable":true,"href":"https:\/\/gambinieditore.studiozerocinque.it\/index.php?rest_route=%2Fwp%2Fv2%2Fproduct_cat&post=94"},{"taxonomy":"product_tag","embeddable":true,"href":"https:\/\/gambinieditore.studiozerocinque.it\/index.php?rest_route=%2Fwp%2Fv2%2Fproduct_tag&post=94"}],"curies":[{"name":"wp","href":"https:\/\/api.w.org\/{rel}","templated":true}]}}